{"id":87535,"date":"2025-10-24T15:40:34","date_gmt":"2025-10-24T18:40:34","guid":{"rendered":"https:\/\/treina.online\/?product=curso-de-como-se-aposentar-sem-depender-do-inss"},"modified":"2025-10-24T15:40:34","modified_gmt":"2025-10-24T18:40:34","slug":"curso-de-como-se-aposentar-sem-depender-do-inss","status":"publish","type":"product","link":"https:\/\/treina.online\/?product=curso-de-como-se-aposentar-sem-depender-do-inss","title":{"rendered":"Curso de Como se Aposentar sem Depender do INSS"},"content":{"rendered":"<p>Voc\u00ea aprender\u00e1 como funciona a previd\u00eancia p\u00fablica no Brasil, alternativas de aposentadoria sem depender do INSS, como calcular a demanda financeira futura, gerenciar gastos, construir patrim\u00f4nio, tipos de investimentos, previd\u00eancia privada, im\u00f3veis como investimento, carteira diversificada, defini\u00e7\u00e3o de metas e prazos, prote\u00e7\u00e3o do patrim\u00f4nio e muito mais. Curtiu esse curso? Ent\u00e3o aproveite e veja tamb\u00e9m o Curso de Como Cobrar Inadimplentes,, Criptomoedas, e Introdu\u00e7\u00e3o \u00e0 Matem\u00e1tica Financeira com Excel,.<\/p>\n<p>Sobre a carga hor\u00e1ria:<br \/>\nO curso possui 80 horas de carga hor\u00e1ria. Por\u00e9m, se for conclu\u00eddo antes de 5 dias, passa a ter 10 horas de carga hor\u00e1ria. Conforme nosso contrato e termos de uso.<\/p>\n","protected":false},"excerpt":{"rendered":"<p>Voc\u00ea aprender\u00e1 como funciona a previd\u00eancia p\u00fablica no Brasil, alternativas de aposentadoria sem depender do INSS, como calcular a demanda financeira futura, gerenciar gastos, construir patrim\u00f4nio, tipos de investimentos, previd\u00eancia privada, im\u00f3veis como investimento, carteira diversificada, defini\u00e7\u00e3o de metas e prazos, prote\u00e7\u00e3o do patrim\u00f4nio e muito mais. Curtiu esse curso? Ent\u00e3o aproveite e veja tamb\u00e9m o Curso de Como Cobrar [&hellip;]<\/p>\n","protected":false},"featured_media":0,"comment_status":"open","ping_status":"closed","template":"","meta":[],"product_brand":[],"product_cat":[220],"product_tag":[],"class_list":{"0":"post-87535","1":"product","2":"type-product","3":"status-publish","5":"product_cat-financas","6":"post","8":"first","9":"instock","10":"virtual","11":"sold-individually","12":"product-type-simple"},"_links":{"self":[{"href":"https:\/\/treina.online\/index.php?rest_route=\/wp\/v2\/product\/87535","targetHints":{"allow":["GET"]}}],"collection":[{"href":"https:\/\/treina.online\/index.php?rest_route=\/wp\/v2\/product"}],"about":[{"href":"https:\/\/treina.online\/index.php?rest_route=\/wp\/v2\/types\/product"}],"replies":[{"embeddable":true,"href":"https:\/\/treina.online\/index.php?rest_route=%2Fwp%2Fv2%2Fcomments&post=87535"}],"version-history":[{"count":0,"href":"https:\/\/treina.online\/index.php?rest_route=\/wp\/v2\/product\/87535\/revisions"}],"wp:attachment":[{"href":"https:\/\/treina.online\/index.php?rest_route=%2Fwp%2Fv2%2Fmedia&parent=87535"}],"wp:term":[{"taxonomy":"product_brand","embeddable":true,"href":"https:\/\/treina.online\/index.php?rest_route=%2Fwp%2Fv2%2Fproduct_brand&post=87535"},{"taxonomy":"product_cat","embeddable":true,"href":"https:\/\/treina.online\/index.php?rest_route=%2Fwp%2Fv2%2Fproduct_cat&post=87535"},{"taxonomy":"product_tag","embeddable":true,"href":"https:\/\/treina.online\/index.php?rest_route=%2Fwp%2Fv2%2Fproduct_tag&post=87535"}],"curies":[{"name":"wp","href":"https:\/\/api.w.org\/{rel}","templated":true}]}}