{"id":87532,"date":"2025-10-24T15:40:09","date_gmt":"2025-10-24T18:40:09","guid":{"rendered":"https:\/\/treina.online\/?product=curso-de-autogestao-do-inicio-ao-sucesso"},"modified":"2025-10-24T15:40:09","modified_gmt":"2025-10-24T18:40:09","slug":"curso-de-autogestao-do-inicio-ao-sucesso","status":"publish","type":"product","link":"https:\/\/treina.online\/?product=curso-de-autogestao-do-inicio-ao-sucesso","title":{"rendered":"Curso de Autogest\u00e3o &#8211; do In\u00edcio ao Sucesso"},"content":{"rendered":"<p>Voc\u00ea aprender\u00e1 como administrar seu tempo di\u00e1rio, mapear objetivos, como desenvolver automotiva\u00e7\u00e3o e autorresponsabilidade, ferramentas de organiza\u00e7\u00e3o, intelig\u00eancia emocional, desafio de impor limites, equilibrar perfeccionismo e press\u00e3o, tipos de sabotadores, import\u00e2ncia da boa comunica\u00e7\u00e3o e muito mais. Quem viu esse curso tamb\u00e9m gostou do Curso de Introdu\u00e7\u00e3o ao Marketing na Gest\u00e3o Empresarial,, Introdu\u00e7\u00e3o \u00e0 Gest\u00e3o de Compras, e Gest\u00e3o de Equipes,.<\/p>\n<p>Sobre a carga hor\u00e1ria:<br \/>\nO curso possui 80 horas de carga hor\u00e1ria. Por\u00e9m, se for conclu\u00eddo antes de 5 dias, passa a ter 10 horas de carga hor\u00e1ria. Conforme nosso contrato e termos de uso.<\/p>\n","protected":false},"excerpt":{"rendered":"<p>Voc\u00ea aprender\u00e1 como administrar seu tempo di\u00e1rio, mapear objetivos, como desenvolver automotiva\u00e7\u00e3o e autorresponsabilidade, ferramentas de organiza\u00e7\u00e3o, intelig\u00eancia emocional, desafio de impor limites, equilibrar perfeccionismo e press\u00e3o, tipos de sabotadores, import\u00e2ncia da boa comunica\u00e7\u00e3o e muito mais. Quem viu esse curso tamb\u00e9m gostou do Curso de Introdu\u00e7\u00e3o ao Marketing na Gest\u00e3o Empresarial,, Introdu\u00e7\u00e3o \u00e0 Gest\u00e3o de Compras, e Gest\u00e3o de [&hellip;]<\/p>\n","protected":false},"featured_media":0,"comment_status":"open","ping_status":"closed","template":"","meta":[],"product_brand":[],"product_cat":[223],"product_tag":[],"class_list":{"0":"post-87532","1":"product","2":"type-product","3":"status-publish","5":"product_cat-gestao-e-lideranca","6":"post","8":"first","9":"instock","10":"virtual","11":"sold-individually","12":"product-type-simple"},"_links":{"self":[{"href":"https:\/\/treina.online\/index.php?rest_route=\/wp\/v2\/product\/87532","targetHints":{"allow":["GET"]}}],"collection":[{"href":"https:\/\/treina.online\/index.php?rest_route=\/wp\/v2\/product"}],"about":[{"href":"https:\/\/treina.online\/index.php?rest_route=\/wp\/v2\/types\/product"}],"replies":[{"embeddable":true,"href":"https:\/\/treina.online\/index.php?rest_route=%2Fwp%2Fv2%2Fcomments&post=87532"}],"version-history":[{"count":0,"href":"https:\/\/treina.online\/index.php?rest_route=\/wp\/v2\/product\/87532\/revisions"}],"wp:attachment":[{"href":"https:\/\/treina.online\/index.php?rest_route=%2Fwp%2Fv2%2Fmedia&parent=87532"}],"wp:term":[{"taxonomy":"product_brand","embeddable":true,"href":"https:\/\/treina.online\/index.php?rest_route=%2Fwp%2Fv2%2Fproduct_brand&post=87532"},{"taxonomy":"product_cat","embeddable":true,"href":"https:\/\/treina.online\/index.php?rest_route=%2Fwp%2Fv2%2Fproduct_cat&post=87532"},{"taxonomy":"product_tag","embeddable":true,"href":"https:\/\/treina.online\/index.php?rest_route=%2Fwp%2Fv2%2Fproduct_tag&post=87532"}],"curies":[{"name":"wp","href":"https:\/\/api.w.org\/{rel}","templated":true}]}}

Curso de Autogestão &#8211; do Início ao Sucesso

<p>Você aprenderá como administrar seu tempo diário, mapear objetivos, como desenvolver automotivação e autorresponsabilidade, ferramentas de organização, inteligência emocional, desafio de impor limites, equilibrar perfeccionismo e pressão, tipos de sabotadores, importância da boa comunicação e muito mais. Quem viu esse curso também gostou do Curso de Introdução ao Marketing na Gestão Empresarial,, Introdução à Gestão de Compras, e Gestão de Equipes,.</p>
<p>Sobre a carga horária:<br />
O curso possui 80 horas de carga horária. Porém, se for concluído antes de 5 dias, passa a ter 10 horas de carga horária. Conforme nosso contrato e termos de uso.</p>

<p>Você aprenderá como administrar seu tempo diário, mapear objetivos, como desenvolver automotivação e autorresponsabilidade, ferramentas de organização, inteligência emocional, desafio de impor limites, equilibrar perfeccionismo e pressão, tipos de sabotadores, importância da boa comunicação e muito mais. Quem viu esse curso também gostou do Curso de Introdução ao Marketing na Gestão Empresarial,, Introdução à Gestão de Compras, e Gestão de [&hellip;]</p>
