{"id":87529,"date":"2025-10-24T15:40:00","date_gmt":"2025-10-24T18:40:00","guid":{"rendered":"https:\/\/treina.online\/?product=curso-de-alongamento-de-unhas-e-unhas-em-gel"},"modified":"2025-10-24T15:40:00","modified_gmt":"2025-10-24T18:40:00","slug":"curso-de-alongamento-de-unhas-e-unhas-em-gel","status":"publish","type":"product","link":"https:\/\/treina.online\/?product=curso-de-alongamento-de-unhas-e-unhas-em-gel","title":{"rendered":"Curso de Alongamento de Unhas e Unhas em Gel"},"content":{"rendered":"<p>Voc\u00ea aprender\u00e1 diversas t\u00e9cnicas para alongamento e embelezamento das unhas, como fibra de vidro, soft gel, gel moldado, gel em tip, acr\u00edlico, banho de gel, blindagem e esmalta\u00e7\u00e3o em gel, tamb\u00e9m aprender\u00e1 como deve ser o atendimento ao cliente, ficha de anamnese, materiais e equipamentos necess\u00e1rios para aplica\u00e7\u00e3o das t\u00e9cnicas e muito mais. Curtiu esse curso? Ent\u00e3o aproveite e veja tamb\u00e9m o Curso de Pr\u00e1ticas de Pedicure,, Penteados para Noivas e Festas: Tran\u00e7as, Coques e Moicanos, e Colorimetria Capilar,.<\/p>\n<p>Sobre a carga hor\u00e1ria:<br \/>\nO curso possui 80 horas de carga hor\u00e1ria. Por\u00e9m, se for conclu\u00eddo antes de 5 dias, passa a ter 10 horas de carga hor\u00e1ria. Conforme nosso contrato e termos de uso.<\/p>\n","protected":false},"excerpt":{"rendered":"<p>Voc\u00ea aprender\u00e1 diversas t\u00e9cnicas para alongamento e embelezamento das unhas, como fibra de vidro, soft gel, gel moldado, gel em tip, acr\u00edlico, banho de gel, blindagem e esmalta\u00e7\u00e3o em gel, tamb\u00e9m aprender\u00e1 como deve ser o atendimento ao cliente, ficha de anamnese, materiais e equipamentos necess\u00e1rios para aplica\u00e7\u00e3o das t\u00e9cnicas e muito mais. Curtiu esse curso? Ent\u00e3o aproveite e veja [&hellip;]<\/p>\n","protected":false},"featured_media":0,"comment_status":"open","ping_status":"closed","template":"","meta":[],"product_brand":[],"product_cat":[217],"product_tag":[],"class_list":{"0":"post-87529","1":"product","2":"type-product","3":"status-publish","5":"product_cat-estetica-e-beleza","6":"post","8":"first","9":"instock","10":"virtual","11":"sold-individually","12":"product-type-simple"},"_links":{"self":[{"href":"https:\/\/treina.online\/index.php?rest_route=\/wp\/v2\/product\/87529","targetHints":{"allow":["GET"]}}],"collection":[{"href":"https:\/\/treina.online\/index.php?rest_route=\/wp\/v2\/product"}],"about":[{"href":"https:\/\/treina.online\/index.php?rest_route=\/wp\/v2\/types\/product"}],"replies":[{"embeddable":true,"href":"https:\/\/treina.online\/index.php?rest_route=%2Fwp%2Fv2%2Fcomments&post=87529"}],"version-history":[{"count":0,"href":"https:\/\/treina.online\/index.php?rest_route=\/wp\/v2\/product\/87529\/revisions"}],"wp:attachment":[{"href":"https:\/\/treina.online\/index.php?rest_route=%2Fwp%2Fv2%2Fmedia&parent=87529"}],"wp:term":[{"taxonomy":"product_brand","embeddable":true,"href":"https:\/\/treina.online\/index.php?rest_route=%2Fwp%2Fv2%2Fproduct_brand&post=87529"},{"taxonomy":"product_cat","embeddable":true,"href":"https:\/\/treina.online\/index.php?rest_route=%2Fwp%2Fv2%2Fproduct_cat&post=87529"},{"taxonomy":"product_tag","embeddable":true,"href":"https:\/\/treina.online\/index.php?rest_route=%2Fwp%2Fv2%2Fproduct_tag&post=87529"}],"curies":[{"name":"wp","href":"https:\/\/api.w.org\/{rel}","templated":true}]}}

<p>Você aprenderá diversas técnicas para alongamento e embelezamento das unhas, como fibra de vidro, soft gel, gel moldado, gel em tip, acrílico, banho de gel, blindagem e esmaltação em gel, também aprenderá como deve ser o atendimento ao cliente, ficha de anamnese, materiais e equipamentos necessários para aplicação das técnicas e muito mais. Curtiu esse curso? Então aproveite e veja também o Curso de Práticas de Pedicure,, Penteados para Noivas e Festas: Tranças, Coques e Moicanos, e Colorimetria Capilar,.</p>
<p>Sobre a carga horária:<br />
O curso possui 80 horas de carga horária. Porém, se for concluído antes de 5 dias, passa a ter 10 horas de carga horária. Conforme nosso contrato e termos de uso.</p>

<p>Você aprenderá diversas técnicas para alongamento e embelezamento das unhas, como fibra de vidro, soft gel, gel moldado, gel em tip, acrílico, banho de gel, blindagem e esmaltação em gel, também aprenderá como deve ser o atendimento ao cliente, ficha de anamnese, materiais e equipamentos necessários para aplicação das técnicas e muito mais. Curtiu esse curso? Então aproveite e veja [&hellip;]</p>
