{"id":87511,"date":"2025-04-27T12:16:56","date_gmt":"2025-04-27T15:16:56","guid":{"rendered":"https:\/\/ecursos.showdepremiosbendicasa.com.br\/?product=curso-de-redes-equipamentos-cisco-2"},"modified":"2025-04-27T12:16:56","modified_gmt":"2025-04-27T15:16:56","slug":"curso-de-redes-equipamentos-cisco-2","status":"publish","type":"product","link":"https:\/\/treina.online\/?product=curso-de-redes-equipamentos-cisco-2","title":{"rendered":"Curso de Redes &#8211; Equipamentos CISCO"},"content":{"rendered":"<p>Voc\u00ea aprender\u00e1 como usar o Packt Tracer, adicionar equipamentos, tipos de conex\u00f5es, planejamento de rede, configura\u00e7\u00e3o de switch, roteador, servidor e Wi-Fi, protocolos de roteamento e muito mais. Al\u00e9m disso temos tamb\u00e9m o Curso de Introdu\u00e7\u00e3o \u00e0 Seguran\u00e7a na Internet,, Seguran\u00e7a na Internet, e Java,.<\/p>\n<p>Sobre a carga hor\u00e1ria:<br \/>\nO curso possui 80 horas de carga hor\u00e1ria. Por\u00e9m, se for conclu\u00eddo antes de 5 dias, passa a ter 10 horas de carga hor\u00e1ria. Conforme nosso contrato e termos de uso.<\/p>\n","protected":false},"excerpt":{"rendered":"<p>Voc\u00ea aprender\u00e1 como usar o Packt Tracer, adicionar equipamentos, tipos de conex\u00f5es, planejamento de rede, configura\u00e7\u00e3o de switch, roteador, servidor e Wi-Fi, protocolos de roteamento e muito mais. Al\u00e9m disso temos tamb\u00e9m o Curso de Introdu\u00e7\u00e3o \u00e0 Seguran\u00e7a na Internet,, Seguran\u00e7a na Internet, e Java,. Sobre a carga hor\u00e1ria: O curso possui 80 horas de carga hor\u00e1ria. Por\u00e9m, se for [&hellip;]<\/p>\n","protected":false},"featured_media":0,"comment_status":"open","ping_status":"closed","template":"","meta":[],"product_brand":[],"product_cat":[225],"product_tag":[],"class_list":{"0":"post-87511","1":"product","2":"type-product","3":"status-publish","5":"product_cat-informatica","6":"post","8":"first","9":"instock","10":"shipping-taxable","11":"product-type-simple"},"_links":{"self":[{"href":"https:\/\/treina.online\/index.php?rest_route=\/wp\/v2\/product\/87511","targetHints":{"allow":["GET"]}}],"collection":[{"href":"https:\/\/treina.online\/index.php?rest_route=\/wp\/v2\/product"}],"about":[{"href":"https:\/\/treina.online\/index.php?rest_route=\/wp\/v2\/types\/product"}],"replies":[{"embeddable":true,"href":"https:\/\/treina.online\/index.php?rest_route=%2Fwp%2Fv2%2Fcomments&post=87511"}],"version-history":[{"count":0,"href":"https:\/\/treina.online\/index.php?rest_route=\/wp\/v2\/product\/87511\/revisions"}],"wp:attachment":[{"href":"https:\/\/treina.online\/index.php?rest_route=%2Fwp%2Fv2%2Fmedia&parent=87511"}],"wp:term":[{"taxonomy":"product_brand","embeddable":true,"href":"https:\/\/treina.online\/index.php?rest_route=%2Fwp%2Fv2%2Fproduct_brand&post=87511"},{"taxonomy":"product_cat","embeddable":true,"href":"https:\/\/treina.online\/index.php?rest_route=%2Fwp%2Fv2%2Fproduct_cat&post=87511"},{"taxonomy":"product_tag","embeddable":true,"href":"https:\/\/treina.online\/index.php?rest_route=%2Fwp%2Fv2%2Fproduct_tag&post=87511"}],"curies":[{"name":"wp","href":"https:\/\/api.w.org\/{rel}","templated":true}]}}