{"id":87499,"date":"2025-04-27T12:15:27","date_gmt":"2025-04-27T15:15:27","guid":{"rendered":"https:\/\/ecursos.showdepremiosbendicasa.com.br\/?product=curso-de-gestao-patrimonial"},"modified":"2025-04-27T12:15:27","modified_gmt":"2025-04-27T15:15:27","slug":"curso-de-gestao-patrimonial","status":"publish","type":"product","link":"https:\/\/treina.online\/?product=curso-de-gestao-patrimonial","title":{"rendered":"Curso de Gest\u00e3o Patrimonial"},"content":{"rendered":"<p>Voc\u00ea ver\u00e1 como classificar os bens, do que \u00e9 composto o patrim\u00f4nio, individualidade dos bens, \u00f3rg\u00e3os de controle patrimonial, formas de aquisi\u00e7\u00e3o, tombamento, aliena\u00e7\u00e3o, diferen\u00e7a entre bens p\u00fablicos e privados, invent\u00e1rio patrimonial e muito mais. Gostou desse curso? Ent\u00e3o veja tamb\u00e9m o Curso de Estatuto da Crian\u00e7a e do Adolescente: Conselho Tutelar,, Direito Processual do Trabalho: Princ\u00edpios do Processo do Trabalho, e Direito Processual do Trabalho,.<\/p>\n<p>Sobre a carga hor\u00e1ria:<br \/>\nO curso possui 80 horas de carga hor\u00e1ria. Por\u00e9m, se for conclu\u00eddo antes de 5 dias, passa a ter 10 horas de carga hor\u00e1ria. Conforme nosso contrato e termos de uso.<\/p>\n","protected":false},"excerpt":{"rendered":"<p>Voc\u00ea ver\u00e1 como classificar os bens, do que \u00e9 composto o patrim\u00f4nio, individualidade dos bens, \u00f3rg\u00e3os de controle patrimonial, formas de aquisi\u00e7\u00e3o, tombamento, aliena\u00e7\u00e3o, diferen\u00e7a entre bens p\u00fablicos e privados, invent\u00e1rio patrimonial e muito mais. Gostou desse curso? Ent\u00e3o veja tamb\u00e9m o Curso de Estatuto da Crian\u00e7a e do Adolescente: Conselho Tutelar,, Direito Processual do Trabalho: Princ\u00edpios do Processo do [&hellip;]<\/p>\n","protected":false},"featured_media":0,"comment_status":"open","ping_status":"closed","template":"","meta":[],"product_brand":[],"product_cat":[211],"product_tag":[],"class_list":{"0":"post-87499","1":"product","2":"type-product","3":"status-publish","5":"product_cat-direito","6":"post","8":"first","9":"instock","10":"shipping-taxable","11":"product-type-simple"},"_links":{"self":[{"href":"https:\/\/treina.online\/index.php?rest_route=\/wp\/v2\/product\/87499","targetHints":{"allow":["GET"]}}],"collection":[{"href":"https:\/\/treina.online\/index.php?rest_route=\/wp\/v2\/product"}],"about":[{"href":"https:\/\/treina.online\/index.php?rest_route=\/wp\/v2\/types\/product"}],"replies":[{"embeddable":true,"href":"https:\/\/treina.online\/index.php?rest_route=%2Fwp%2Fv2%2Fcomments&post=87499"}],"version-history":[{"count":0,"href":"https:\/\/treina.online\/index.php?rest_route=\/wp\/v2\/product\/87499\/revisions"}],"wp:attachment":[{"href":"https:\/\/treina.online\/index.php?rest_route=%2Fwp%2Fv2%2Fmedia&parent=87499"}],"wp:term":[{"taxonomy":"product_brand","embeddable":true,"href":"https:\/\/treina.online\/index.php?rest_route=%2Fwp%2Fv2%2Fproduct_brand&post=87499"},{"taxonomy":"product_cat","embeddable":true,"href":"https:\/\/treina.online\/index.php?rest_route=%2Fwp%2Fv2%2Fproduct_cat&post=87499"},{"taxonomy":"product_tag","embeddable":true,"href":"https:\/\/treina.online\/index.php?rest_route=%2Fwp%2Fv2%2Fproduct_tag&post=87499"}],"curies":[{"name":"wp","href":"https:\/\/api.w.org\/{rel}","templated":true}]}}