{"id":87496,"date":"2025-04-27T12:14:16","date_gmt":"2025-04-27T15:14:16","guid":{"rendered":"https:\/\/ecursos.showdepremiosbendicasa.com.br\/?product=curso-de-coloracao-pessoal"},"modified":"2025-04-27T12:14:16","modified_gmt":"2025-04-27T15:14:16","slug":"curso-de-coloracao-pessoal","status":"publish","type":"product","link":"https:\/\/treina.online\/?product=curso-de-coloracao-pessoal","title":{"rendered":"Curso de Colora\u00e7\u00e3o Pessoal"},"content":{"rendered":"<p>Voc\u00ea aprender\u00e1 sobre a harmonia, percep\u00e7\u00e3o e comunica\u00e7\u00e3o das cores, quais s\u00e3o os materiais necess\u00e1rios para a an\u00e1lise de colora\u00e7\u00e3o pessoal, t\u00e9cnicas para encontrar o TIP (Temperatura, Intensidade e Profundidade) de cada pessoa, an\u00e1lises em clientes reais, m\u00e9todos das 4 esta\u00e7\u00f5es, resultados pr\u00e1ticos de cada cartela e muito mais. Geralmente quem gosta desse curso gostam tamb\u00e9m do Curso de Alongamento de C\u00edlios,, Est\u00e9tica Natural, e Introdu\u00e7\u00e3o \u00e0 Est\u00e9tica Facial,.<\/p>\n<p>Sobre a carga hor\u00e1ria:<br \/>\nO curso possui 80 horas de carga hor\u00e1ria. Por\u00e9m, se for conclu\u00eddo antes de 5 dias, passa a ter 10 horas de carga hor\u00e1ria. Conforme nosso contrato e termos de uso.<\/p>\n","protected":false},"excerpt":{"rendered":"<p>Voc\u00ea aprender\u00e1 sobre a harmonia, percep\u00e7\u00e3o e comunica\u00e7\u00e3o das cores, quais s\u00e3o os materiais necess\u00e1rios para a an\u00e1lise de colora\u00e7\u00e3o pessoal, t\u00e9cnicas para encontrar o TIP (Temperatura, Intensidade e Profundidade) de cada pessoa, an\u00e1lises em clientes reais, m\u00e9todos das 4 esta\u00e7\u00f5es, resultados pr\u00e1ticos de cada cartela e muito mais. Geralmente quem gosta desse curso gostam tamb\u00e9m do Curso de Alongamento [&hellip;]<\/p>\n","protected":false},"featured_media":0,"comment_status":"open","ping_status":"closed","template":"","meta":[],"product_brand":[],"product_cat":[217],"product_tag":[],"class_list":{"0":"post-87496","1":"product","2":"type-product","3":"status-publish","5":"product_cat-estetica-e-beleza","6":"post","8":"first","9":"instock","10":"shipping-taxable","11":"product-type-simple"},"_links":{"self":[{"href":"https:\/\/treina.online\/index.php?rest_route=\/wp\/v2\/product\/87496","targetHints":{"allow":["GET"]}}],"collection":[{"href":"https:\/\/treina.online\/index.php?rest_route=\/wp\/v2\/product"}],"about":[{"href":"https:\/\/treina.online\/index.php?rest_route=\/wp\/v2\/types\/product"}],"replies":[{"embeddable":true,"href":"https:\/\/treina.online\/index.php?rest_route=%2Fwp%2Fv2%2Fcomments&post=87496"}],"version-history":[{"count":0,"href":"https:\/\/treina.online\/index.php?rest_route=\/wp\/v2\/product\/87496\/revisions"}],"wp:attachment":[{"href":"https:\/\/treina.online\/index.php?rest_route=%2Fwp%2Fv2%2Fmedia&parent=87496"}],"wp:term":[{"taxonomy":"product_brand","embeddable":true,"href":"https:\/\/treina.online\/index.php?rest_route=%2Fwp%2Fv2%2Fproduct_brand&post=87496"},{"taxonomy":"product_cat","embeddable":true,"href":"https:\/\/treina.online\/index.php?rest_route=%2Fwp%2Fv2%2Fproduct_cat&post=87496"},{"taxonomy":"product_tag","embeddable":true,"href":"https:\/\/treina.online\/index.php?rest_route=%2Fwp%2Fv2%2Fproduct_tag&post=87496"}],"curies":[{"name":"wp","href":"https:\/\/api.w.org\/{rel}","templated":true}]}}