{"id":87493,"date":"2025-04-27T12:13:59","date_gmt":"2025-04-27T15:13:59","guid":{"rendered":"https:\/\/ecursos.showdepremiosbendicasa.com.br\/?product=curso-de-atencao-farmaceutica-2"},"modified":"2025-04-27T12:13:59","modified_gmt":"2025-04-27T15:13:59","slug":"curso-de-atencao-farmaceutica-2","status":"publish","type":"product","link":"https:\/\/treina.online\/?product=curso-de-atencao-farmaceutica-2","title":{"rendered":"Curso de Aten\u00e7\u00e3o Farmac\u00eautica"},"content":{"rendered":"<p>Voc\u00ea conhecer\u00e1 os aspectos regulat\u00f3rios para aten\u00e7\u00e3o farmac\u00eautica, como funciona o acesso aos medicamentos no SUS, Programa Nacional de Seguran\u00e7a do Paciente (PNSP), uso do perfil epidemiol\u00f3gico, declara\u00e7\u00e3o de servi\u00e7o farmac\u00eautico e muito mais. Quem viu esse curso tamb\u00e9m gostou do Curso de Introdu\u00e7\u00e3o ao Cargo de Balconista de Farm\u00e1cia,, Farmacologia Aplicada \u00e0 Odontologia, e Introdu\u00e7\u00e3o a Farmacologia Aplicada \u00e0 Odontologia,.<\/p>\n<p>Sobre a carga hor\u00e1ria:<br \/>\nO curso possui 80 horas de carga hor\u00e1ria. Por\u00e9m, se for conclu\u00eddo antes de 5 dias, passa a ter 10 horas de carga hor\u00e1ria. Conforme nosso contrato e termos de uso.<\/p>\n","protected":false},"excerpt":{"rendered":"<p>Voc\u00ea conhecer\u00e1 os aspectos regulat\u00f3rios para aten\u00e7\u00e3o farmac\u00eautica, como funciona o acesso aos medicamentos no SUS, Programa Nacional de Seguran\u00e7a do Paciente (PNSP), uso do perfil epidemiol\u00f3gico, declara\u00e7\u00e3o de servi\u00e7o farmac\u00eautico e muito mais. Quem viu esse curso tamb\u00e9m gostou do Curso de Introdu\u00e7\u00e3o ao Cargo de Balconista de Farm\u00e1cia,, Farmacologia Aplicada \u00e0 Odontologia, e Introdu\u00e7\u00e3o a Farmacologia Aplicada \u00e0 [&hellip;]<\/p>\n","protected":false},"featured_media":0,"comment_status":"open","ping_status":"closed","template":"","meta":[],"product_brand":[],"product_cat":[219],"product_tag":[],"class_list":{"0":"post-87493","1":"product","2":"type-product","3":"status-publish","5":"product_cat-farmacia","6":"post","8":"first","9":"instock","10":"shipping-taxable","11":"product-type-simple"},"_links":{"self":[{"href":"https:\/\/treina.online\/index.php?rest_route=\/wp\/v2\/product\/87493","targetHints":{"allow":["GET"]}}],"collection":[{"href":"https:\/\/treina.online\/index.php?rest_route=\/wp\/v2\/product"}],"about":[{"href":"https:\/\/treina.online\/index.php?rest_route=\/wp\/v2\/types\/product"}],"replies":[{"embeddable":true,"href":"https:\/\/treina.online\/index.php?rest_route=%2Fwp%2Fv2%2Fcomments&post=87493"}],"version-history":[{"count":0,"href":"https:\/\/treina.online\/index.php?rest_route=\/wp\/v2\/product\/87493\/revisions"}],"wp:attachment":[{"href":"https:\/\/treina.online\/index.php?rest_route=%2Fwp%2Fv2%2Fmedia&parent=87493"}],"wp:term":[{"taxonomy":"product_brand","embeddable":true,"href":"https:\/\/treina.online\/index.php?rest_route=%2Fwp%2Fv2%2Fproduct_brand&post=87493"},{"taxonomy":"product_cat","embeddable":true,"href":"https:\/\/treina.online\/index.php?rest_route=%2Fwp%2Fv2%2Fproduct_cat&post=87493"},{"taxonomy":"product_tag","embeddable":true,"href":"https:\/\/treina.online\/index.php?rest_route=%2Fwp%2Fv2%2Fproduct_tag&post=87493"}],"curies":[{"name":"wp","href":"https:\/\/api.w.org\/{rel}","templated":true}]}}

Curso de Atenção Farmacêutica

<p>Você conhecerá os aspectos regulatórios para atenção farmacêutica, como funciona o acesso aos medicamentos no SUS, Programa Nacional de Segurança do Paciente (PNSP), uso do perfil epidemiológico, declaração de serviço farmacêutico e muito mais. Quem viu esse curso também gostou do Curso de Introdução ao Cargo de Balconista de Farmácia,, Farmacologia Aplicada à Odontologia, e Introdução a Farmacologia Aplicada à Odontologia,.</p>
<p>Sobre a carga horária:<br />
O curso possui 80 horas de carga horária. Porém, se for concluído antes de 5 dias, passa a ter 10 horas de carga horária. Conforme nosso contrato e termos de uso.</p>

<p>Você conhecerá os aspectos regulatórios para atenção farmacêutica, como funciona o acesso aos medicamentos no SUS, Programa Nacional de Segurança do Paciente (PNSP), uso do perfil epidemiológico, declaração de serviço farmacêutico e muito mais. Quem viu esse curso também gostou do Curso de Introdução ao Cargo de Balconista de Farmácia,, Farmacologia Aplicada à Odontologia, e Introdução a Farmacologia Aplicada à [&hellip;]</p>
