{"id":87492,"date":"2025-04-27T12:13:54","date_gmt":"2025-04-27T15:13:54","guid":{"rendered":"https:\/\/ecursos.showdepremiosbendicasa.com.br\/?product=curso-de-antirracismo"},"modified":"2025-04-27T12:13:54","modified_gmt":"2025-04-27T15:13:54","slug":"curso-de-antirracismo","status":"publish","type":"product","link":"https:\/\/treina.online\/?product=curso-de-antirracismo","title":{"rendered":"Curso de Antirracismo"},"content":{"rendered":"<p>Voc\u00ea aprender\u00e1 a import\u00e2ncia do antirracismo, quais s\u00e3o os avan\u00e7os hist\u00f3ricos e os desafios a serem superados, a relev\u00e2ncia das pol\u00edticas e a\u00e7\u00f5es no combate \u00e0 viol\u00eancia racial, o que \u00e9 racismo estrutural, valoriza\u00e7\u00e3o das produ\u00e7\u00f5es negras, cotas, diversidade e inclus\u00e3o, al\u00e9m da reflex\u00e3o sobre apropria\u00e7\u00e3o cultural e muito mais. Curtiu esse curso? Ent\u00e3o aproveite e veja tamb\u00e9m o Curso de Introdu\u00e7\u00e3o \u00e0 Intelig\u00eancia Emocional,, Como Conquistar sua Independ\u00eancia Financeira, e Introdu\u00e7\u00e3o para Como Falar em P\u00fablico,.<\/p>\n<p>Sobre a carga hor\u00e1ria:<br \/>\nO curso possui 80 horas de carga hor\u00e1ria. Por\u00e9m, se for conclu\u00eddo antes de 5 dias, passa a ter 10 horas de carga hor\u00e1ria. Conforme nosso contrato e termos de uso.<\/p>\n","protected":false},"excerpt":{"rendered":"<p>Voc\u00ea aprender\u00e1 a import\u00e2ncia do antirracismo, quais s\u00e3o os avan\u00e7os hist\u00f3ricos e os desafios a serem superados, a relev\u00e2ncia das pol\u00edticas e a\u00e7\u00f5es no combate \u00e0 viol\u00eancia racial, o que \u00e9 racismo estrutural, valoriza\u00e7\u00e3o das produ\u00e7\u00f5es negras, cotas, diversidade e inclus\u00e3o, al\u00e9m da reflex\u00e3o sobre apropria\u00e7\u00e3o cultural e muito mais. Curtiu esse curso? Ent\u00e3o aproveite e veja tamb\u00e9m o Curso [&hellip;]<\/p>\n","protected":false},"featured_media":0,"comment_status":"open","ping_status":"closed","template":"","meta":[],"product_brand":[],"product_cat":[207],"product_tag":[],"class_list":{"0":"post-87492","1":"product","2":"type-product","3":"status-publish","5":"product_cat-cotidiano","6":"post","8":"first","9":"instock","10":"shipping-taxable","11":"product-type-simple"},"_links":{"self":[{"href":"https:\/\/treina.online\/index.php?rest_route=\/wp\/v2\/product\/87492","targetHints":{"allow":["GET"]}}],"collection":[{"href":"https:\/\/treina.online\/index.php?rest_route=\/wp\/v2\/product"}],"about":[{"href":"https:\/\/treina.online\/index.php?rest_route=\/wp\/v2\/types\/product"}],"replies":[{"embeddable":true,"href":"https:\/\/treina.online\/index.php?rest_route=%2Fwp%2Fv2%2Fcomments&post=87492"}],"version-history":[{"count":0,"href":"https:\/\/treina.online\/index.php?rest_route=\/wp\/v2\/product\/87492\/revisions"}],"wp:attachment":[{"href":"https:\/\/treina.online\/index.php?rest_route=%2Fwp%2Fv2%2Fmedia&parent=87492"}],"wp:term":[{"taxonomy":"product_brand","embeddable":true,"href":"https:\/\/treina.online\/index.php?rest_route=%2Fwp%2Fv2%2Fproduct_brand&post=87492"},{"taxonomy":"product_cat","embeddable":true,"href":"https:\/\/treina.online\/index.php?rest_route=%2Fwp%2Fv2%2Fproduct_cat&post=87492"},{"taxonomy":"product_tag","embeddable":true,"href":"https:\/\/treina.online\/index.php?rest_route=%2Fwp%2Fv2%2Fproduct_tag&post=87492"}],"curies":[{"name":"wp","href":"https:\/\/api.w.org\/{rel}","templated":true}]}}

<p>Você aprenderá a importância do antirracismo, quais são os avanços históricos e os desafios a serem superados, a relevância das políticas e ações no combate à violência racial, o que é racismo estrutural, valorização das produções negras, cotas, diversidade e inclusão, além da reflexão sobre apropriação cultural e muito mais. Curtiu esse curso? Então aproveite e veja também o Curso de Introdução à Inteligência Emocional,, Como Conquistar sua Independência Financeira, e Introdução para Como Falar em Público,.</p>
<p>Sobre a carga horária:<br />
O curso possui 80 horas de carga horária. Porém, se for concluído antes de 5 dias, passa a ter 10 horas de carga horária. Conforme nosso contrato e termos de uso.</p>

<p>Você aprenderá a importância do antirracismo, quais são os avanços históricos e os desafios a serem superados, a relevância das políticas e ações no combate à violência racial, o que é racismo estrutural, valorização das produções negras, cotas, diversidade e inclusão, além da reflexão sobre apropriação cultural e muito mais. Curtiu esse curso? Então aproveite e veja também o Curso [&hellip;]</p>
