{"id":86763,"date":"2024-10-22T16:56:30","date_gmt":"2024-10-22T19:56:30","guid":{"rendered":"https:\/\/ecursostreinaonline.com.br\/produto\/curso-de-whatsapp-business\/"},"modified":"2024-10-22T16:56:30","modified_gmt":"2024-10-22T19:56:30","slug":"curso-de-whatsapp-business","status":"publish","type":"product","link":"https:\/\/treina.online\/?product=curso-de-whatsapp-business","title":{"rendered":"Curso de WhatsApp Business"},"content":{"rendered":"<p>Voc\u00ea aprender\u00e1 como configurar seu WhatsApp Business, organizar contatos e conversas, programar respostas autom\u00e1ticas, fazer um cat\u00e1logo de produtos, gerenciar pedidos e pagamentos, m\u00e9todos de seguran\u00e7a da conta, dicas de atendimento eficaz e muito mais. Outros cursos que podem ser interessante: Curso de Vendas B2B,, Marketing Multin\u00edvel, e Planejamento e Gest\u00e3o de Vendas,.<\/p>\n<p>Sobre a carga hor\u00e1ria:<br \/>\nO curso possui 80 horas de carga hor\u00e1ria. Por\u00e9m, se for conclu\u00eddo antes de 5 dias, passa a ter 10 horas de carga hor\u00e1ria. Conforme nosso contrato e termos de uso.<\/p>\n","protected":false},"excerpt":{"rendered":"<p>Voc\u00ea aprender\u00e1 como configurar seu WhatsApp Business, organizar contatos e conversas, programar respostas autom\u00e1ticas, fazer um cat\u00e1logo de produtos, gerenciar pedidos e pagamentos, m\u00e9todos de seguran\u00e7a da conta, dicas de atendimento eficaz e muito mais. Outros cursos que podem ser interessante: Curso de Vendas B2B,, Marketing Multin\u00edvel, e Planejamento e Gest\u00e3o de Vendas,. Sobre a carga hor\u00e1ria: O curso possui [&hellip;]<\/p>\n","protected":false},"featured_media":0,"comment_status":"open","ping_status":"closed","template":"","meta":[],"product_brand":[],"product_cat":[237],"product_tag":[],"class_list":{"0":"post-86763","1":"product","2":"type-product","3":"status-publish","5":"product_cat-vendas","6":"post","8":"first","9":"instock","10":"virtual","11":"sold-individually","12":"product-type-simple"},"_links":{"self":[{"href":"https:\/\/treina.online\/index.php?rest_route=\/wp\/v2\/product\/86763","targetHints":{"allow":["GET"]}}],"collection":[{"href":"https:\/\/treina.online\/index.php?rest_route=\/wp\/v2\/product"}],"about":[{"href":"https:\/\/treina.online\/index.php?rest_route=\/wp\/v2\/types\/product"}],"replies":[{"embeddable":true,"href":"https:\/\/treina.online\/index.php?rest_route=%2Fwp%2Fv2%2Fcomments&post=86763"}],"version-history":[{"count":0,"href":"https:\/\/treina.online\/index.php?rest_route=\/wp\/v2\/product\/86763\/revisions"}],"wp:attachment":[{"href":"https:\/\/treina.online\/index.php?rest_route=%2Fwp%2Fv2%2Fmedia&parent=86763"}],"wp:term":[{"taxonomy":"product_brand","embeddable":true,"href":"https:\/\/treina.online\/index.php?rest_route=%2Fwp%2Fv2%2Fproduct_brand&post=86763"},{"taxonomy":"product_cat","embeddable":true,"href":"https:\/\/treina.online\/index.php?rest_route=%2Fwp%2Fv2%2Fproduct_cat&post=86763"},{"taxonomy":"product_tag","embeddable":true,"href":"https:\/\/treina.online\/index.php?rest_route=%2Fwp%2Fv2%2Fproduct_tag&post=86763"}],"curies":[{"name":"wp","href":"https:\/\/api.w.org\/{rel}","templated":true}]}}