{"id":86761,"date":"2024-10-22T16:48:35","date_gmt":"2024-10-22T19:48:35","guid":{"rendered":"https:\/\/ecursostreinaonline.com.br\/produto\/curso-de-excel-2\/"},"modified":"2024-10-22T16:48:35","modified_gmt":"2024-10-22T19:48:35","slug":"curso-de-excel-2","status":"publish","type":"product","link":"https:\/\/treina.online\/?product=curso-de-excel-2","title":{"rendered":"Curso de Excel"},"content":{"rendered":"<p>Voc\u00ea aprender\u00e1 como formatar planilhas, usar f\u00f3rmulas, adicionar gr\u00e1ficos, inserir objetos, formatar tabela, configura\u00e7\u00f5es para impress\u00e3o e exporta\u00e7\u00e3o em PDF, principais fun\u00e7\u00f5es como SOMA, M\u00c9DIA, SE, PROCV, M\u00c9DIASE, CONT.SE, M\u00c1XIMO, M\u00cdNIMO, SOMASES e muito mais. Se voc\u00ea se interessou por esse, vai gostar tamb\u00e9m do Curso de Excel: Fun\u00e7\u00e3o SE,, Excel: Formata\u00e7\u00e3o Condicional, e Introdu\u00e7\u00e3o ao Excel,.<\/p>\n<p>Sobre a carga hor\u00e1ria:<br \/>\nO curso possui 80 horas de carga hor\u00e1ria. Por\u00e9m, se for conclu\u00eddo antes de 5 dias, passa a ter 10 horas de carga hor\u00e1ria. Conforme nosso contrato e termos de uso.<\/p>\n","protected":false},"excerpt":{"rendered":"<p>Voc\u00ea aprender\u00e1 como formatar planilhas, usar f\u00f3rmulas, adicionar gr\u00e1ficos, inserir objetos, formatar tabela, configura\u00e7\u00f5es para impress\u00e3o e exporta\u00e7\u00e3o em PDF, principais fun\u00e7\u00f5es como SOMA, M\u00c9DIA, SE, PROCV, M\u00c9DIASE, CONT.SE, M\u00c1XIMO, M\u00cdNIMO, SOMASES e muito mais. Se voc\u00ea se interessou por esse, vai gostar tamb\u00e9m do Curso de Excel: Fun\u00e7\u00e3o SE,, Excel: Formata\u00e7\u00e3o Condicional, e Introdu\u00e7\u00e3o ao Excel,. Sobre a carga [&hellip;]<\/p>\n","protected":false},"featured_media":0,"comment_status":"open","ping_status":"closed","template":"","meta":[],"product_brand":[],"product_cat":[225],"product_tag":[],"class_list":{"0":"post-86761","1":"product","2":"type-product","3":"status-publish","5":"product_cat-informatica","6":"post","8":"first","9":"instock","10":"virtual","11":"sold-individually","12":"product-type-simple"},"_links":{"self":[{"href":"https:\/\/treina.online\/index.php?rest_route=\/wp\/v2\/product\/86761","targetHints":{"allow":["GET"]}}],"collection":[{"href":"https:\/\/treina.online\/index.php?rest_route=\/wp\/v2\/product"}],"about":[{"href":"https:\/\/treina.online\/index.php?rest_route=\/wp\/v2\/types\/product"}],"replies":[{"embeddable":true,"href":"https:\/\/treina.online\/index.php?rest_route=%2Fwp%2Fv2%2Fcomments&post=86761"}],"version-history":[{"count":0,"href":"https:\/\/treina.online\/index.php?rest_route=\/wp\/v2\/product\/86761\/revisions"}],"wp:attachment":[{"href":"https:\/\/treina.online\/index.php?rest_route=%2Fwp%2Fv2%2Fmedia&parent=86761"}],"wp:term":[{"taxonomy":"product_brand","embeddable":true,"href":"https:\/\/treina.online\/index.php?rest_route=%2Fwp%2Fv2%2Fproduct_brand&post=86761"},{"taxonomy":"product_cat","embeddable":true,"href":"https:\/\/treina.online\/index.php?rest_route=%2Fwp%2Fv2%2Fproduct_cat&post=86761"},{"taxonomy":"product_tag","embeddable":true,"href":"https:\/\/treina.online\/index.php?rest_route=%2Fwp%2Fv2%2Fproduct_tag&post=86761"}],"curies":[{"name":"wp","href":"https:\/\/api.w.org\/{rel}","templated":true}]}}