{"id":86710,"date":"2024-09-04T16:16:48","date_gmt":"2024-09-04T19:16:48","guid":{"rendered":"https:\/\/ecursostreinaonline.com.br\/produto\/curso-do-maker-na-educacao\/"},"modified":"2024-09-04T16:16:48","modified_gmt":"2024-09-04T19:16:48","slug":"curso-do-maker-na-educacao","status":"publish","type":"product","link":"https:\/\/treina.online\/?product=curso-do-maker-na-educacao","title":{"rendered":"Curso do Maker na Educa\u00e7\u00e3o"},"content":{"rendered":"<p>Voc\u00ea aprender\u00e1 sobre a cultura maker dentro de organiza\u00e7\u00f5es, dentro da educa\u00e7\u00e3o e dentro da sa\u00fade, entender\u00e1 sobre os benef\u00edcios da cultura maker para a educa\u00e7\u00e3o b\u00e1sica e receber\u00e1 dicas e ideias de atividades para aplica\u00e7\u00e3o em diversos n\u00edveis da educa\u00e7\u00e3o. Se voc\u00ea gostou desse curso vai gostar tamb\u00e9m do Curso de Dist\u00farbio de Aprendizagem,, Supervis\u00e3o Pedag\u00f3gica, e Alfabetiza\u00e7\u00e3o e Letramento,.<\/p>\n<p>Sobre a carga hor\u00e1ria:<br \/>\nO curso possui 80 horas de carga hor\u00e1ria. Por\u00e9m, se for conclu\u00eddo antes de 5 dias, passa a ter 10 horas de carga hor\u00e1ria. Conforme nosso contrato e termos de uso.<\/p>\n","protected":false},"excerpt":{"rendered":"<p>Voc\u00ea aprender\u00e1 sobre a cultura maker dentro de organiza\u00e7\u00f5es, dentro da educa\u00e7\u00e3o e dentro da sa\u00fade, entender\u00e1 sobre os benef\u00edcios da cultura maker para a educa\u00e7\u00e3o b\u00e1sica e receber\u00e1 dicas e ideias de atividades para aplica\u00e7\u00e3o em diversos n\u00edveis da educa\u00e7\u00e3o. Se voc\u00ea gostou desse curso vai gostar tamb\u00e9m do Curso de Dist\u00farbio de Aprendizagem,, Supervis\u00e3o Pedag\u00f3gica, e Alfabetiza\u00e7\u00e3o e [&hellip;]<\/p>\n","protected":false},"featured_media":0,"comment_status":"open","ping_status":"closed","template":"","meta":[],"product_brand":[],"product_cat":[213],"product_tag":[],"class_list":{"0":"post-86710","1":"product","2":"type-product","3":"status-publish","5":"product_cat-educacao-e-pedagogia","6":"post","8":"first","9":"instock","10":"virtual","11":"sold-individually","12":"product-type-simple"},"_links":{"self":[{"href":"https:\/\/treina.online\/index.php?rest_route=\/wp\/v2\/product\/86710","targetHints":{"allow":["GET"]}}],"collection":[{"href":"https:\/\/treina.online\/index.php?rest_route=\/wp\/v2\/product"}],"about":[{"href":"https:\/\/treina.online\/index.php?rest_route=\/wp\/v2\/types\/product"}],"replies":[{"embeddable":true,"href":"https:\/\/treina.online\/index.php?rest_route=%2Fwp%2Fv2%2Fcomments&post=86710"}],"version-history":[{"count":0,"href":"https:\/\/treina.online\/index.php?rest_route=\/wp\/v2\/product\/86710\/revisions"}],"wp:attachment":[{"href":"https:\/\/treina.online\/index.php?rest_route=%2Fwp%2Fv2%2Fmedia&parent=86710"}],"wp:term":[{"taxonomy":"product_brand","embeddable":true,"href":"https:\/\/treina.online\/index.php?rest_route=%2Fwp%2Fv2%2Fproduct_brand&post=86710"},{"taxonomy":"product_cat","embeddable":true,"href":"https:\/\/treina.online\/index.php?rest_route=%2Fwp%2Fv2%2Fproduct_cat&post=86710"},{"taxonomy":"product_tag","embeddable":true,"href":"https:\/\/treina.online\/index.php?rest_route=%2Fwp%2Fv2%2Fproduct_tag&post=86710"}],"curies":[{"name":"wp","href":"https:\/\/api.w.org\/{rel}","templated":true}]}}