{"id":86700,"date":"2024-09-04T16:16:41","date_gmt":"2024-09-04T19:16:41","guid":{"rendered":"https:\/\/ecursostreinaonline.com.br\/produto\/curso-de-tendencias-pedagogicas-contemporaneas\/"},"modified":"2024-09-04T16:16:41","modified_gmt":"2024-09-04T19:16:41","slug":"curso-de-tendencias-pedagogicas-contemporaneas","status":"publish","type":"product","link":"https:\/\/treina.online\/?product=curso-de-tendencias-pedagogicas-contemporaneas","title":{"rendered":"Curso de Tend\u00eancias Pedag\u00f3gicas Contempor\u00e2neas"},"content":{"rendered":"<p>Voc\u00ea conhecer\u00e1 a tend\u00eancia liberal e a progressista, diversos m\u00e9todos de aprendizagem como m\u00e9todo Waldorf, Reggio Emilia, Pikler e Montessori, movimento sociointeracionista, metodologias ativas, media\u00e7\u00e3o cognitiva e muito mais. Curtiu esse curso? Ent\u00e3o aproveite e veja tamb\u00e9m o Curso de Bullying e Cyberbullying: Preven\u00e7\u00e3o e Prote\u00e7\u00e3o,, Introdu\u00e7\u00e3o ao Storytelling, e Introdu\u00e7\u00e3o ao Dist\u00farbio de Aprendizagem,.<\/p>\n<p>Sobre a carga hor\u00e1ria:<br \/>\nO curso possui 80 horas de carga hor\u00e1ria. Por\u00e9m, se for conclu\u00eddo antes de 5 dias, passa a ter 10 horas de carga hor\u00e1ria. Conforme nosso contrato e termos de uso.<\/p>\n","protected":false},"excerpt":{"rendered":"<p>Voc\u00ea conhecer\u00e1 a tend\u00eancia liberal e a progressista, diversos m\u00e9todos de aprendizagem como m\u00e9todo Waldorf, Reggio Emilia, Pikler e Montessori, movimento sociointeracionista, metodologias ativas, media\u00e7\u00e3o cognitiva e muito mais. Curtiu esse curso? Ent\u00e3o aproveite e veja tamb\u00e9m o Curso de Bullying e Cyberbullying: Preven\u00e7\u00e3o e Prote\u00e7\u00e3o,, Introdu\u00e7\u00e3o ao Storytelling, e Introdu\u00e7\u00e3o ao Dist\u00farbio de Aprendizagem,. Sobre a carga hor\u00e1ria: O [&hellip;]<\/p>\n","protected":false},"featured_media":0,"comment_status":"open","ping_status":"closed","template":"","meta":[],"product_brand":[],"product_cat":[213],"product_tag":[],"class_list":{"0":"post-86700","1":"product","2":"type-product","3":"status-publish","5":"product_cat-educacao-e-pedagogia","6":"post","8":"first","9":"instock","10":"virtual","11":"sold-individually","12":"product-type-simple"},"_links":{"self":[{"href":"https:\/\/treina.online\/index.php?rest_route=\/wp\/v2\/product\/86700","targetHints":{"allow":["GET"]}}],"collection":[{"href":"https:\/\/treina.online\/index.php?rest_route=\/wp\/v2\/product"}],"about":[{"href":"https:\/\/treina.online\/index.php?rest_route=\/wp\/v2\/types\/product"}],"replies":[{"embeddable":true,"href":"https:\/\/treina.online\/index.php?rest_route=%2Fwp%2Fv2%2Fcomments&post=86700"}],"version-history":[{"count":0,"href":"https:\/\/treina.online\/index.php?rest_route=\/wp\/v2\/product\/86700\/revisions"}],"wp:attachment":[{"href":"https:\/\/treina.online\/index.php?rest_route=%2Fwp%2Fv2%2Fmedia&parent=86700"}],"wp:term":[{"taxonomy":"product_brand","embeddable":true,"href":"https:\/\/treina.online\/index.php?rest_route=%2Fwp%2Fv2%2Fproduct_brand&post=86700"},{"taxonomy":"product_cat","embeddable":true,"href":"https:\/\/treina.online\/index.php?rest_route=%2Fwp%2Fv2%2Fproduct_cat&post=86700"},{"taxonomy":"product_tag","embeddable":true,"href":"https:\/\/treina.online\/index.php?rest_route=%2Fwp%2Fv2%2Fproduct_tag&post=86700"}],"curies":[{"name":"wp","href":"https:\/\/api.w.org\/{rel}","templated":true}]}}

Curso de Tendências Pedagógicas Contemporâneas

<p>Você conhecerá a tendência liberal e a progressista, diversos métodos de aprendizagem como método Waldorf, Reggio Emilia, Pikler e Montessori, movimento sociointeracionista, metodologias ativas, mediação cognitiva e muito mais. Curtiu esse curso? Então aproveite e veja também o Curso de Bullying e Cyberbullying: Prevenção e Proteção,, Introdução ao Storytelling, e Introdução ao Distúrbio de Aprendizagem,.</p>
<p>Sobre a carga horária:<br />
O curso possui 80 horas de carga horária. Porém, se for concluído antes de 5 dias, passa a ter 10 horas de carga horária. Conforme nosso contrato e termos de uso.</p>

<p>Você conhecerá a tendência liberal e a progressista, diversos métodos de aprendizagem como método Waldorf, Reggio Emilia, Pikler e Montessori, movimento sociointeracionista, metodologias ativas, mediação cognitiva e muito mais. Curtiu esse curso? Então aproveite e veja também o Curso de Bullying e Cyberbullying: Prevenção e Proteção,, Introdução ao Storytelling, e Introdução ao Distúrbio de Aprendizagem,. Sobre a carga horária: O [&hellip;]</p>
