{"id":86687,"date":"2024-09-04T16:16:26","date_gmt":"2024-09-04T19:16:26","guid":{"rendered":"https:\/\/ecursostreinaonline.com.br\/produto\/curso-de-praticas-de-sustentabilidade-2\/"},"modified":"2024-09-04T16:16:26","modified_gmt":"2024-09-04T19:16:26","slug":"curso-de-praticas-de-sustentabilidade-2","status":"publish","type":"product","link":"https:\/\/treina.online\/?product=curso-de-praticas-de-sustentabilidade-2","title":{"rendered":"Curso de Pr\u00e1ticas de Sustentabilidade"},"content":{"rendered":"<p>Voc\u00ea aprender\u00e1 qual o conceito de sustentabilidade e sustentabilidade empresarial, crit\u00e9rios ASG, o que \u00e9 economia circular, fontes de energia renov\u00e1vel, gest\u00e3o de res\u00edduos s\u00f3lidos, constru\u00e7\u00f5es sustent\u00e1veis, mercado de cr\u00e9dito de carbono, \u00edndices verdes na bolsa de valores e muito mais. Gostou desse curso? Ent\u00e3o veja tamb\u00e9m o Curso de Licenciamento Ambiental na Pr\u00e1tica,, Agropecu\u00e1ria: Gest\u00e3o Eficiente e Sustent\u00e1vel, e Gest\u00e3o Ambiental,.<\/p>\n<p>Sobre a carga hor\u00e1ria:<br \/>\nO curso possui 80 horas de carga hor\u00e1ria. Por\u00e9m, se for conclu\u00eddo antes de 5 dias, passa a ter 10 horas de carga hor\u00e1ria. Conforme nosso contrato e termos de uso.<\/p>\n","protected":false},"excerpt":{"rendered":"<p>Voc\u00ea aprender\u00e1 qual o conceito de sustentabilidade e sustentabilidade empresarial, crit\u00e9rios ASG, o que \u00e9 economia circular, fontes de energia renov\u00e1vel, gest\u00e3o de res\u00edduos s\u00f3lidos, constru\u00e7\u00f5es sustent\u00e1veis, mercado de cr\u00e9dito de carbono, \u00edndices verdes na bolsa de valores e muito mais. Gostou desse curso? Ent\u00e3o veja tamb\u00e9m o Curso de Licenciamento Ambiental na Pr\u00e1tica,, Agropecu\u00e1ria: Gest\u00e3o Eficiente e Sustent\u00e1vel, e [&hellip;]<\/p>\n","protected":false},"featured_media":0,"comment_status":"open","ping_status":"closed","template":"","meta":[],"product_brand":[],"product_cat":[200],"product_tag":[],"class_list":{"0":"post-86687","1":"product","2":"type-product","3":"status-publish","5":"product_cat-ambiental","6":"post","8":"first","9":"instock","10":"virtual","11":"sold-individually","12":"product-type-simple"},"_links":{"self":[{"href":"https:\/\/treina.online\/index.php?rest_route=\/wp\/v2\/product\/86687","targetHints":{"allow":["GET"]}}],"collection":[{"href":"https:\/\/treina.online\/index.php?rest_route=\/wp\/v2\/product"}],"about":[{"href":"https:\/\/treina.online\/index.php?rest_route=\/wp\/v2\/types\/product"}],"replies":[{"embeddable":true,"href":"https:\/\/treina.online\/index.php?rest_route=%2Fwp%2Fv2%2Fcomments&post=86687"}],"version-history":[{"count":0,"href":"https:\/\/treina.online\/index.php?rest_route=\/wp\/v2\/product\/86687\/revisions"}],"wp:attachment":[{"href":"https:\/\/treina.online\/index.php?rest_route=%2Fwp%2Fv2%2Fmedia&parent=86687"}],"wp:term":[{"taxonomy":"product_brand","embeddable":true,"href":"https:\/\/treina.online\/index.php?rest_route=%2Fwp%2Fv2%2Fproduct_brand&post=86687"},{"taxonomy":"product_cat","embeddable":true,"href":"https:\/\/treina.online\/index.php?rest_route=%2Fwp%2Fv2%2Fproduct_cat&post=86687"},{"taxonomy":"product_tag","embeddable":true,"href":"https:\/\/treina.online\/index.php?rest_route=%2Fwp%2Fv2%2Fproduct_tag&post=86687"}],"curies":[{"name":"wp","href":"https:\/\/api.w.org\/{rel}","templated":true}]}}