{"id":86681,"date":"2024-09-04T16:16:22","date_gmt":"2024-09-04T19:16:22","guid":{"rendered":"https:\/\/ecursostreinaonline.com.br\/produto\/curso-de-palestras-apresentacoes-e-reunioes-de-impacto\/"},"modified":"2024-09-04T16:16:22","modified_gmt":"2024-09-04T19:16:22","slug":"curso-de-palestras-apresentacoes-e-reunioes-de-impacto","status":"publish","type":"product","link":"https:\/\/treina.online\/?product=curso-de-palestras-apresentacoes-e-reunioes-de-impacto","title":{"rendered":"Curso de Palestras, Apresenta\u00e7\u00f5es e Reuni\u00f5es de Impacto"},"content":{"rendered":"<p>Voc\u00ea ver\u00e1 o que \u00e9 comunica\u00e7\u00e3o disruptiva, como elaborar a mensagem ideal, recursos de apoio para apresenta\u00e7\u00f5es, como potencializar a comunica\u00e7\u00e3o, como controlar o tempo e a ansiedade, dicas para lidar com perguntas, como criar intera\u00e7\u00e3o, finalizar reuni\u00f5es, comunica\u00e7\u00e3o no ambiente digital e muito mais. Curtiu esse curso? Ent\u00e3o aproveite e veja tamb\u00e9m o Curso de Introdu\u00e7\u00e3o ao Marketing na Gest\u00e3o Empresarial,, Introdu\u00e7\u00e3o \u00e0 Gest\u00e3o de Qualidade, e Introdu\u00e7\u00e3o \u00e0 Lideran\u00e7a,.<\/p>\n<p>Sobre a carga hor\u00e1ria:<br \/>\nO curso possui 80 horas de carga hor\u00e1ria. Por\u00e9m, se for conclu\u00eddo antes de 5 dias, passa a ter 10 horas de carga hor\u00e1ria. Conforme nosso contrato e termos de uso.<\/p>\n","protected":false},"excerpt":{"rendered":"<p>Voc\u00ea ver\u00e1 o que \u00e9 comunica\u00e7\u00e3o disruptiva, como elaborar a mensagem ideal, recursos de apoio para apresenta\u00e7\u00f5es, como potencializar a comunica\u00e7\u00e3o, como controlar o tempo e a ansiedade, dicas para lidar com perguntas, como criar intera\u00e7\u00e3o, finalizar reuni\u00f5es, comunica\u00e7\u00e3o no ambiente digital e muito mais. Curtiu esse curso? Ent\u00e3o aproveite e veja tamb\u00e9m o Curso de Introdu\u00e7\u00e3o ao Marketing na [&hellip;]<\/p>\n","protected":false},"featured_media":0,"comment_status":"open","ping_status":"closed","template":"","meta":[],"product_brand":[],"product_cat":[223],"product_tag":[],"class_list":{"0":"post-86681","1":"product","2":"type-product","3":"status-publish","5":"product_cat-gestao-e-lideranca","6":"post","8":"first","9":"instock","10":"virtual","11":"sold-individually","12":"product-type-simple"},"_links":{"self":[{"href":"https:\/\/treina.online\/index.php?rest_route=\/wp\/v2\/product\/86681","targetHints":{"allow":["GET"]}}],"collection":[{"href":"https:\/\/treina.online\/index.php?rest_route=\/wp\/v2\/product"}],"about":[{"href":"https:\/\/treina.online\/index.php?rest_route=\/wp\/v2\/types\/product"}],"replies":[{"embeddable":true,"href":"https:\/\/treina.online\/index.php?rest_route=%2Fwp%2Fv2%2Fcomments&post=86681"}],"version-history":[{"count":0,"href":"https:\/\/treina.online\/index.php?rest_route=\/wp\/v2\/product\/86681\/revisions"}],"wp:attachment":[{"href":"https:\/\/treina.online\/index.php?rest_route=%2Fwp%2Fv2%2Fmedia&parent=86681"}],"wp:term":[{"taxonomy":"product_brand","embeddable":true,"href":"https:\/\/treina.online\/index.php?rest_route=%2Fwp%2Fv2%2Fproduct_brand&post=86681"},{"taxonomy":"product_cat","embeddable":true,"href":"https:\/\/treina.online\/index.php?rest_route=%2Fwp%2Fv2%2Fproduct_cat&post=86681"},{"taxonomy":"product_tag","embeddable":true,"href":"https:\/\/treina.online\/index.php?rest_route=%2Fwp%2Fv2%2Fproduct_tag&post=86681"}],"curies":[{"name":"wp","href":"https:\/\/api.w.org\/{rel}","templated":true}]}}

Curso de Palestras, Apresentações e Reuniões de Impacto

<p>Você verá o que é comunicação disruptiva, como elaborar a mensagem ideal, recursos de apoio para apresentações, como potencializar a comunicação, como controlar o tempo e a ansiedade, dicas para lidar com perguntas, como criar interação, finalizar reuniões, comunicação no ambiente digital e muito mais. Curtiu esse curso? Então aproveite e veja também o Curso de Introdução ao Marketing na Gestão Empresarial,, Introdução à Gestão de Qualidade, e Introdução à Liderança,.</p>
<p>Sobre a carga horária:<br />
O curso possui 80 horas de carga horária. Porém, se for concluído antes de 5 dias, passa a ter 10 horas de carga horária. Conforme nosso contrato e termos de uso.</p>

<p>Você verá o que é comunicação disruptiva, como elaborar a mensagem ideal, recursos de apoio para apresentações, como potencializar a comunicação, como controlar o tempo e a ansiedade, dicas para lidar com perguntas, como criar interação, finalizar reuniões, comunicação no ambiente digital e muito mais. Curtiu esse curso? Então aproveite e veja também o Curso de Introdução ao Marketing na [&hellip;]</p>
