{"id":86677,"date":"2024-09-04T16:16:19","date_gmt":"2024-09-04T19:16:19","guid":{"rendered":"https:\/\/ecursostreinaonline.com.br\/produto\/curso-de-obesidade-e-atividade-fisica-2\/"},"modified":"2024-09-04T16:16:19","modified_gmt":"2024-09-04T19:16:19","slug":"curso-de-obesidade-e-atividade-fisica-2","status":"publish","type":"product","link":"https:\/\/treina.online\/?product=curso-de-obesidade-e-atividade-fisica-2","title":{"rendered":"Curso de Obesidade e Atividade F\u00edsica"},"content":{"rendered":"<p>Voc\u00ea ver\u00e1 quais s\u00e3o os riscos da obesidade, os cuidados que a pessoa obesa deve ter ao praticar atividades f\u00edsicas, dicas para treinar em casa e na academia, tipos de exerc\u00edcios, como usar os equipamentos e muito mais. Se voc\u00ea gostou desse curso vai gostar tamb\u00e9m do Curso de Atividade F\u00edsica no Envelhecimento: Sele\u00e7\u00e3o de Exerc\u00edcios,, Muscula\u00e7\u00e3o, e Yoga B\u00e1sico,.<\/p>\n<p>Sobre a carga hor\u00e1ria:<br \/>\nO curso possui 80 horas de carga hor\u00e1ria. Por\u00e9m, se for conclu\u00eddo antes de 5 dias, passa a ter 10 horas de carga hor\u00e1ria. Conforme nosso contrato e termos de uso.<\/p>\n","protected":false},"excerpt":{"rendered":"<p>Voc\u00ea ver\u00e1 quais s\u00e3o os riscos da obesidade, os cuidados que a pessoa obesa deve ter ao praticar atividades f\u00edsicas, dicas para treinar em casa e na academia, tipos de exerc\u00edcios, como usar os equipamentos e muito mais. Se voc\u00ea gostou desse curso vai gostar tamb\u00e9m do Curso de Atividade F\u00edsica no Envelhecimento: Sele\u00e7\u00e3o de Exerc\u00edcios,, Muscula\u00e7\u00e3o, e Yoga B\u00e1sico,. [&hellip;]<\/p>\n","protected":false},"featured_media":0,"comment_status":"open","ping_status":"closed","template":"","meta":[],"product_brand":[],"product_cat":[214],"product_tag":[],"class_list":{"0":"post-86677","1":"product","2":"type-product","3":"status-publish","5":"product_cat-educacao-fisica-e-esporte","6":"post","8":"first","9":"instock","10":"virtual","11":"sold-individually","12":"product-type-simple"},"_links":{"self":[{"href":"https:\/\/treina.online\/index.php?rest_route=\/wp\/v2\/product\/86677","targetHints":{"allow":["GET"]}}],"collection":[{"href":"https:\/\/treina.online\/index.php?rest_route=\/wp\/v2\/product"}],"about":[{"href":"https:\/\/treina.online\/index.php?rest_route=\/wp\/v2\/types\/product"}],"replies":[{"embeddable":true,"href":"https:\/\/treina.online\/index.php?rest_route=%2Fwp%2Fv2%2Fcomments&post=86677"}],"version-history":[{"count":0,"href":"https:\/\/treina.online\/index.php?rest_route=\/wp\/v2\/product\/86677\/revisions"}],"wp:attachment":[{"href":"https:\/\/treina.online\/index.php?rest_route=%2Fwp%2Fv2%2Fmedia&parent=86677"}],"wp:term":[{"taxonomy":"product_brand","embeddable":true,"href":"https:\/\/treina.online\/index.php?rest_route=%2Fwp%2Fv2%2Fproduct_brand&post=86677"},{"taxonomy":"product_cat","embeddable":true,"href":"https:\/\/treina.online\/index.php?rest_route=%2Fwp%2Fv2%2Fproduct_cat&post=86677"},{"taxonomy":"product_tag","embeddable":true,"href":"https:\/\/treina.online\/index.php?rest_route=%2Fwp%2Fv2%2Fproduct_tag&post=86677"}],"curies":[{"name":"wp","href":"https:\/\/api.w.org\/{rel}","templated":true}]}}