{"id":86661,"date":"2024-09-04T16:16:11","date_gmt":"2024-09-04T19:16:11","guid":{"rendered":"https:\/\/ecursostreinaonline.com.br\/produto\/curso-de-mecanica-industrial\/"},"modified":"2024-09-04T16:16:11","modified_gmt":"2024-09-04T19:16:11","slug":"curso-de-mecanica-industrial","status":"publish","type":"product","link":"https:\/\/treina.online\/?product=curso-de-mecanica-industrial","title":{"rendered":"Curso de Mec\u00e2nica Industrial"},"content":{"rendered":"<p>Voc\u00ea aprender\u00e1 o que \u00e9 TPM, hidr\u00e1ulica industrial, processo de soldagem, pneum\u00e1tica, sistemas de acionamento, elementos de veda\u00e7\u00e3o, tipos de lubrificantes, alinhamento geom\u00e9trico e muito mais. Quem gosta desse curso tamb\u00e9m gosta do Curso de Mestre de Obras,, SketchUp para Design de Interiores, e Introdu\u00e7\u00e3o \u00e0 Acessibilidade Arquitet\u00f4nica,.<\/p>\n<p>Sobre a carga hor\u00e1ria:<br \/>\nO curso possui 80 horas de carga hor\u00e1ria. Por\u00e9m, se for conclu\u00eddo antes de 5 dias, passa a ter 10 horas de carga hor\u00e1ria. Conforme nosso contrato e termos de uso.<\/p>\n","protected":false},"excerpt":{"rendered":"<p>Voc\u00ea aprender\u00e1 o que \u00e9 TPM, hidr\u00e1ulica industrial, processo de soldagem, pneum\u00e1tica, sistemas de acionamento, elementos de veda\u00e7\u00e3o, tipos de lubrificantes, alinhamento geom\u00e9trico e muito mais. Quem gosta desse curso tamb\u00e9m gosta do Curso de Mestre de Obras,, SketchUp para Design de Interiores, e Introdu\u00e7\u00e3o \u00e0 Acessibilidade Arquitet\u00f4nica,. Sobre a carga hor\u00e1ria: O curso possui 80 horas de carga hor\u00e1ria. [&hellip;]<\/p>\n","protected":false},"featured_media":0,"comment_status":"open","ping_status":"closed","template":"","meta":[],"product_brand":[],"product_cat":[202],"product_tag":[],"class_list":{"0":"post-86661","1":"product","2":"type-product","3":"status-publish","5":"product_cat-arquitetura-e-engenharia","6":"post","8":"first","9":"instock","10":"virtual","11":"sold-individually","12":"product-type-simple"},"_links":{"self":[{"href":"https:\/\/treina.online\/index.php?rest_route=\/wp\/v2\/product\/86661","targetHints":{"allow":["GET"]}}],"collection":[{"href":"https:\/\/treina.online\/index.php?rest_route=\/wp\/v2\/product"}],"about":[{"href":"https:\/\/treina.online\/index.php?rest_route=\/wp\/v2\/types\/product"}],"replies":[{"embeddable":true,"href":"https:\/\/treina.online\/index.php?rest_route=%2Fwp%2Fv2%2Fcomments&post=86661"}],"version-history":[{"count":0,"href":"https:\/\/treina.online\/index.php?rest_route=\/wp\/v2\/product\/86661\/revisions"}],"wp:attachment":[{"href":"https:\/\/treina.online\/index.php?rest_route=%2Fwp%2Fv2%2Fmedia&parent=86661"}],"wp:term":[{"taxonomy":"product_brand","embeddable":true,"href":"https:\/\/treina.online\/index.php?rest_route=%2Fwp%2Fv2%2Fproduct_brand&post=86661"},{"taxonomy":"product_cat","embeddable":true,"href":"https:\/\/treina.online\/index.php?rest_route=%2Fwp%2Fv2%2Fproduct_cat&post=86661"},{"taxonomy":"product_tag","embeddable":true,"href":"https:\/\/treina.online\/index.php?rest_route=%2Fwp%2Fv2%2Fproduct_tag&post=86661"}],"curies":[{"name":"wp","href":"https:\/\/api.w.org\/{rel}","templated":true}]}}