{"id":86658,"date":"2024-09-04T16:16:11","date_gmt":"2024-09-04T19:16:11","guid":{"rendered":"https:\/\/ecursostreinaonline.com.br\/produto\/curso-de-marketing-multinivel\/"},"modified":"2024-09-04T16:16:11","modified_gmt":"2024-09-04T19:16:11","slug":"curso-de-marketing-multinivel","status":"publish","type":"product","link":"https:\/\/treina.online\/?product=curso-de-marketing-multinivel","title":{"rendered":"Curso de Marketing Multin\u00edvel"},"content":{"rendered":"<p>Voc\u00ea conhecer\u00e1 as diferen\u00e7as entre pir\u00e2mide financeira e Marketing Multin\u00edvel, aprender\u00e1 estrat\u00e9gias para implementar o MMN em seu neg\u00f3cio, saber\u00e1 quais tipos de segmentos e produtos s\u00e3o mais trabalhados neste modelo e muito mais. Aproveitamos para indicar tamb\u00e9m: Curso de T\u00e9cnicas de Persuas\u00e3o,, Satisfa\u00e7\u00e3o de Clientes, e T\u00e9cnicas de Vendas: Comunica\u00e7\u00e3o,.<\/p>\n<p>Sobre a carga hor\u00e1ria:<br \/>\nO curso possui 80 horas de carga hor\u00e1ria. Por\u00e9m, se for conclu\u00eddo antes de 5 dias, passa a ter 10 horas de carga hor\u00e1ria. Conforme nosso contrato e termos de uso.<\/p>\n","protected":false},"excerpt":{"rendered":"<p>Voc\u00ea conhecer\u00e1 as diferen\u00e7as entre pir\u00e2mide financeira e Marketing Multin\u00edvel, aprender\u00e1 estrat\u00e9gias para implementar o MMN em seu neg\u00f3cio, saber\u00e1 quais tipos de segmentos e produtos s\u00e3o mais trabalhados neste modelo e muito mais. Aproveitamos para indicar tamb\u00e9m: Curso de T\u00e9cnicas de Persuas\u00e3o,, Satisfa\u00e7\u00e3o de Clientes, e T\u00e9cnicas de Vendas: Comunica\u00e7\u00e3o,. Sobre a carga hor\u00e1ria: O curso possui 80 horas [&hellip;]<\/p>\n","protected":false},"featured_media":0,"comment_status":"open","ping_status":"closed","template":"","meta":[],"product_brand":[],"product_cat":[237],"product_tag":[],"class_list":{"0":"post-86658","1":"product","2":"type-product","3":"status-publish","5":"product_cat-vendas","6":"post","8":"first","9":"instock","10":"virtual","11":"sold-individually","12":"product-type-simple"},"_links":{"self":[{"href":"https:\/\/treina.online\/index.php?rest_route=\/wp\/v2\/product\/86658","targetHints":{"allow":["GET"]}}],"collection":[{"href":"https:\/\/treina.online\/index.php?rest_route=\/wp\/v2\/product"}],"about":[{"href":"https:\/\/treina.online\/index.php?rest_route=\/wp\/v2\/types\/product"}],"replies":[{"embeddable":true,"href":"https:\/\/treina.online\/index.php?rest_route=%2Fwp%2Fv2%2Fcomments&post=86658"}],"version-history":[{"count":0,"href":"https:\/\/treina.online\/index.php?rest_route=\/wp\/v2\/product\/86658\/revisions"}],"wp:attachment":[{"href":"https:\/\/treina.online\/index.php?rest_route=%2Fwp%2Fv2%2Fmedia&parent=86658"}],"wp:term":[{"taxonomy":"product_brand","embeddable":true,"href":"https:\/\/treina.online\/index.php?rest_route=%2Fwp%2Fv2%2Fproduct_brand&post=86658"},{"taxonomy":"product_cat","embeddable":true,"href":"https:\/\/treina.online\/index.php?rest_route=%2Fwp%2Fv2%2Fproduct_cat&post=86658"},{"taxonomy":"product_tag","embeddable":true,"href":"https:\/\/treina.online\/index.php?rest_route=%2Fwp%2Fv2%2Fproduct_tag&post=86658"}],"curies":[{"name":"wp","href":"https:\/\/api.w.org\/{rel}","templated":true}]}}