{"id":86654,"date":"2024-09-04T16:16:06","date_gmt":"2024-09-04T19:16:06","guid":{"rendered":"https:\/\/ecursostreinaonline.com.br\/produto\/curso-de-libras-intermediario\/"},"modified":"2024-09-04T16:16:06","modified_gmt":"2024-09-04T19:16:06","slug":"curso-de-libras-intermediario","status":"publish","type":"product","link":"https:\/\/treina.online\/?product=curso-de-libras-intermediario","title":{"rendered":"Curso de Libras Intermedi\u00e1rio"},"content":{"rendered":"<p>Voc\u00ea conhecer\u00e1 as fun\u00e7\u00f5es m\u00faltiplas dos sinais, deriva\u00e7\u00e3o na pr\u00e1tica, composi\u00e7\u00e3o e flex\u00e3o de sinais, unidades e pares m\u00ednimos, similaridades, flex\u00f5es verbais, modula\u00e7\u00e3o de sinais, quantifica\u00e7\u00e3o, intensidade, sinais locativos, classificadores de manuseio e muito mais. Se voc\u00ea se interessou por esse, vai gostar tamb\u00e9m do Curso de Storytelling,, Introdu\u00e7\u00e3o ao Storytelling, e Alfabetiza\u00e7\u00e3o e Letramento,.<\/p>\n<p>Sobre a carga hor\u00e1ria:<br \/>\nO curso possui 80 horas de carga hor\u00e1ria. Por\u00e9m, se for conclu\u00eddo antes de 5 dias, passa a ter 10 horas de carga hor\u00e1ria. Conforme nosso contrato e termos de uso.<\/p>\n","protected":false},"excerpt":{"rendered":"<p>Voc\u00ea conhecer\u00e1 as fun\u00e7\u00f5es m\u00faltiplas dos sinais, deriva\u00e7\u00e3o na pr\u00e1tica, composi\u00e7\u00e3o e flex\u00e3o de sinais, unidades e pares m\u00ednimos, similaridades, flex\u00f5es verbais, modula\u00e7\u00e3o de sinais, quantifica\u00e7\u00e3o, intensidade, sinais locativos, classificadores de manuseio e muito mais. Se voc\u00ea se interessou por esse, vai gostar tamb\u00e9m do Curso de Storytelling,, Introdu\u00e7\u00e3o ao Storytelling, e Alfabetiza\u00e7\u00e3o e Letramento,. Sobre a carga hor\u00e1ria: O [&hellip;]<\/p>\n","protected":false},"featured_media":0,"comment_status":"open","ping_status":"closed","template":"","meta":[],"product_brand":[],"product_cat":[213],"product_tag":[],"class_list":{"0":"post-86654","1":"product","2":"type-product","3":"status-publish","5":"product_cat-educacao-e-pedagogia","6":"post","8":"first","9":"instock","10":"virtual","11":"sold-individually","12":"product-type-simple"},"_links":{"self":[{"href":"https:\/\/treina.online\/index.php?rest_route=\/wp\/v2\/product\/86654","targetHints":{"allow":["GET"]}}],"collection":[{"href":"https:\/\/treina.online\/index.php?rest_route=\/wp\/v2\/product"}],"about":[{"href":"https:\/\/treina.online\/index.php?rest_route=\/wp\/v2\/types\/product"}],"replies":[{"embeddable":true,"href":"https:\/\/treina.online\/index.php?rest_route=%2Fwp%2Fv2%2Fcomments&post=86654"}],"version-history":[{"count":0,"href":"https:\/\/treina.online\/index.php?rest_route=\/wp\/v2\/product\/86654\/revisions"}],"wp:attachment":[{"href":"https:\/\/treina.online\/index.php?rest_route=%2Fwp%2Fv2%2Fmedia&parent=86654"}],"wp:term":[{"taxonomy":"product_brand","embeddable":true,"href":"https:\/\/treina.online\/index.php?rest_route=%2Fwp%2Fv2%2Fproduct_brand&post=86654"},{"taxonomy":"product_cat","embeddable":true,"href":"https:\/\/treina.online\/index.php?rest_route=%2Fwp%2Fv2%2Fproduct_cat&post=86654"},{"taxonomy":"product_tag","embeddable":true,"href":"https:\/\/treina.online\/index.php?rest_route=%2Fwp%2Fv2%2Fproduct_tag&post=86654"}],"curies":[{"name":"wp","href":"https:\/\/api.w.org\/{rel}","templated":true}]}}