{"id":86638,"date":"2024-09-04T16:15:42","date_gmt":"2024-09-04T19:15:42","guid":{"rendered":"https:\/\/ecursostreinaonline.com.br\/produto\/curso-de-growth-hacking\/"},"modified":"2024-09-04T16:15:42","modified_gmt":"2024-09-04T19:15:42","slug":"curso-de-growth-hacking","status":"publish","type":"product","link":"https:\/\/treina.online\/?product=curso-de-growth-hacking","title":{"rendered":"Curso de Growth Hacking"},"content":{"rendered":"<p>Voc\u00ea estudar\u00e1 o conceito e as metodologias de Growth Hacking, conhecer\u00e1 as etapas de processos, roteiros, testagens e prototipa\u00e7\u00e3o, aprender\u00e1 sobre as principais caracter\u00edsticas de um profissional growth hacker e muito mais. Aproveitamos para indicar tamb\u00e9m: Curso de Introdu\u00e7\u00e3o \u00e0 Cultura de Mudan\u00e7a e Inova\u00e7\u00e3o,, Entendendo o Novo Consumidor, e Introdu\u00e7\u00e3o ao Design de Servi\u00e7o: A Experi\u00eancia do Cliente,.<\/p>\n<p>Sobre a carga hor\u00e1ria:<br \/>\nO curso possui 80 horas de carga hor\u00e1ria. Por\u00e9m, se for conclu\u00eddo antes de 5 dias, passa a ter 10 horas de carga hor\u00e1ria. Conforme nosso contrato e termos de uso.<\/p>\n","protected":false},"excerpt":{"rendered":"<p>Voc\u00ea estudar\u00e1 o conceito e as metodologias de Growth Hacking, conhecer\u00e1 as etapas de processos, roteiros, testagens e prototipa\u00e7\u00e3o, aprender\u00e1 sobre as principais caracter\u00edsticas de um profissional growth hacker e muito mais. Aproveitamos para indicar tamb\u00e9m: Curso de Introdu\u00e7\u00e3o \u00e0 Cultura de Mudan\u00e7a e Inova\u00e7\u00e3o,, Entendendo o Novo Consumidor, e Introdu\u00e7\u00e3o ao Design de Servi\u00e7o: A Experi\u00eancia do Cliente,. Sobre [&hellip;]<\/p>\n","protected":false},"featured_media":0,"comment_status":"open","ping_status":"closed","template":"","meta":[],"product_brand":[],"product_cat":[235],"product_tag":[],"class_list":{"0":"post-86638","1":"product","2":"type-product","3":"status-publish","5":"product_cat-publicidade-e-marketing","6":"post","8":"first","9":"instock","10":"virtual","11":"sold-individually","12":"product-type-simple"},"_links":{"self":[{"href":"https:\/\/treina.online\/index.php?rest_route=\/wp\/v2\/product\/86638","targetHints":{"allow":["GET"]}}],"collection":[{"href":"https:\/\/treina.online\/index.php?rest_route=\/wp\/v2\/product"}],"about":[{"href":"https:\/\/treina.online\/index.php?rest_route=\/wp\/v2\/types\/product"}],"replies":[{"embeddable":true,"href":"https:\/\/treina.online\/index.php?rest_route=%2Fwp%2Fv2%2Fcomments&post=86638"}],"version-history":[{"count":0,"href":"https:\/\/treina.online\/index.php?rest_route=\/wp\/v2\/product\/86638\/revisions"}],"wp:attachment":[{"href":"https:\/\/treina.online\/index.php?rest_route=%2Fwp%2Fv2%2Fmedia&parent=86638"}],"wp:term":[{"taxonomy":"product_brand","embeddable":true,"href":"https:\/\/treina.online\/index.php?rest_route=%2Fwp%2Fv2%2Fproduct_brand&post=86638"},{"taxonomy":"product_cat","embeddable":true,"href":"https:\/\/treina.online\/index.php?rest_route=%2Fwp%2Fv2%2Fproduct_cat&post=86638"},{"taxonomy":"product_tag","embeddable":true,"href":"https:\/\/treina.online\/index.php?rest_route=%2Fwp%2Fv2%2Fproduct_tag&post=86638"}],"curies":[{"name":"wp","href":"https:\/\/api.w.org\/{rel}","templated":true}]}}