{"id":86630,"date":"2024-09-04T16:15:37","date_gmt":"2024-09-04T19:15:37","guid":{"rendered":"https:\/\/ecursostreinaonline.com.br\/produto\/curso-de-gestao-ambiental\/"},"modified":"2024-09-04T16:15:37","modified_gmt":"2024-09-04T19:15:37","slug":"curso-de-gestao-ambiental","status":"publish","type":"product","link":"https:\/\/treina.online\/?product=curso-de-gestao-ambiental","title":{"rendered":"Curso de Gest\u00e3o Ambiental"},"content":{"rendered":"<p>Voc\u00ea conhecer\u00e1 as especifica\u00e7\u00f5es da ISO 14000, o processo de gerenciamento de res\u00edduos s\u00f3lidos, controle de efluentes, aprender\u00e1 sobre recursos tecnol\u00f3gicos, imagens de sat\u00e9lites e drones para auxiliar nos procedimentos de Gest\u00e3o Ambiental e muito mais. Curtiu esse curso? Ent\u00e3o aproveite e veja tamb\u00e9m o Curso de Introdu\u00e7\u00e3o ao Licenciamento Ambiental,, Introdu\u00e7\u00e3o \u00e0 Gest\u00e3o Ambiental e Recursos H\u00eddricos, e Licenciamento Ambiental na Pr\u00e1tica,.<\/p>\n<p>Sobre a carga hor\u00e1ria:<br \/>\nO curso possui 80 horas de carga hor\u00e1ria. Por\u00e9m, se for conclu\u00eddo antes de 5 dias, passa a ter 10 horas de carga hor\u00e1ria. Conforme nosso contrato e termos de uso.<\/p>\n","protected":false},"excerpt":{"rendered":"<p>Voc\u00ea conhecer\u00e1 as especifica\u00e7\u00f5es da ISO 14000, o processo de gerenciamento de res\u00edduos s\u00f3lidos, controle de efluentes, aprender\u00e1 sobre recursos tecnol\u00f3gicos, imagens de sat\u00e9lites e drones para auxiliar nos procedimentos de Gest\u00e3o Ambiental e muito mais. Curtiu esse curso? Ent\u00e3o aproveite e veja tamb\u00e9m o Curso de Introdu\u00e7\u00e3o ao Licenciamento Ambiental,, Introdu\u00e7\u00e3o \u00e0 Gest\u00e3o Ambiental e Recursos H\u00eddricos, e Licenciamento [&hellip;]<\/p>\n","protected":false},"featured_media":0,"comment_status":"open","ping_status":"closed","template":"","meta":[],"product_brand":[],"product_cat":[200],"product_tag":[],"class_list":{"0":"post-86630","1":"product","2":"type-product","3":"status-publish","5":"product_cat-ambiental","6":"post","8":"first","9":"instock","10":"virtual","11":"sold-individually","12":"product-type-simple"},"_links":{"self":[{"href":"https:\/\/treina.online\/index.php?rest_route=\/wp\/v2\/product\/86630","targetHints":{"allow":["GET"]}}],"collection":[{"href":"https:\/\/treina.online\/index.php?rest_route=\/wp\/v2\/product"}],"about":[{"href":"https:\/\/treina.online\/index.php?rest_route=\/wp\/v2\/types\/product"}],"replies":[{"embeddable":true,"href":"https:\/\/treina.online\/index.php?rest_route=%2Fwp%2Fv2%2Fcomments&post=86630"}],"version-history":[{"count":0,"href":"https:\/\/treina.online\/index.php?rest_route=\/wp\/v2\/product\/86630\/revisions"}],"wp:attachment":[{"href":"https:\/\/treina.online\/index.php?rest_route=%2Fwp%2Fv2%2Fmedia&parent=86630"}],"wp:term":[{"taxonomy":"product_brand","embeddable":true,"href":"https:\/\/treina.online\/index.php?rest_route=%2Fwp%2Fv2%2Fproduct_brand&post=86630"},{"taxonomy":"product_cat","embeddable":true,"href":"https:\/\/treina.online\/index.php?rest_route=%2Fwp%2Fv2%2Fproduct_cat&post=86630"},{"taxonomy":"product_tag","embeddable":true,"href":"https:\/\/treina.online\/index.php?rest_route=%2Fwp%2Fv2%2Fproduct_tag&post=86630"}],"curies":[{"name":"wp","href":"https:\/\/api.w.org\/{rel}","templated":true}]}}

Curso de Gestão Ambiental

<p>Você conhecerá as especificações da ISO 14000, o processo de gerenciamento de resíduos sólidos, controle de efluentes, aprenderá sobre recursos tecnológicos, imagens de satélites e drones para auxiliar nos procedimentos de Gestão Ambiental e muito mais. Curtiu esse curso? Então aproveite e veja também o Curso de Introdução ao Licenciamento Ambiental,, Introdução à Gestão Ambiental e Recursos Hídricos, e Licenciamento Ambiental na Prática,.</p>
<p>Sobre a carga horária:<br />
O curso possui 80 horas de carga horária. Porém, se for concluído antes de 5 dias, passa a ter 10 horas de carga horária. Conforme nosso contrato e termos de uso.</p>

<p>Você conhecerá as especificações da ISO 14000, o processo de gerenciamento de resíduos sólidos, controle de efluentes, aprenderá sobre recursos tecnológicos, imagens de satélites e drones para auxiliar nos procedimentos de Gestão Ambiental e muito mais. Curtiu esse curso? Então aproveite e veja também o Curso de Introdução ao Licenciamento Ambiental,, Introdução à Gestão Ambiental e Recursos Hídricos, e Licenciamento [&hellip;]</p>
