{"id":86605,"date":"2024-09-04T16:15:15","date_gmt":"2024-09-04T19:15:15","guid":{"rendered":"https:\/\/ecursostreinaonline.com.br\/produto\/curso-de-deeplearning-ai-no-tensorflow\/"},"modified":"2024-09-04T16:15:15","modified_gmt":"2024-09-04T19:15:15","slug":"curso-de-deeplearning-ai-no-tensorflow","status":"publish","type":"product","link":"https:\/\/treina.online\/?product=curso-de-deeplearning-ai-no-tensorflow","title":{"rendered":"Curso de DeepLearning.AI no TensorFlow"},"content":{"rendered":"<p>Voc\u00ea ver\u00e1 como trabalhar com imagens, o que s\u00e3o convolu\u00e7\u00f5es, max pooling, image augmentation, dropout, Transfer Learning, NLP, tokeniza\u00e7\u00e3o, embeddings de palavras, RNNs, LSTMs e muito mais. Geralmente quem gosta desse curso gostam tamb\u00e9m do Curso de Dreamweaver CS6: Introdu\u00e7\u00e3o,, Introdu\u00e7\u00e3o ao .NET, e Business Analytics,.<\/p>\n<p>Sobre a carga hor\u00e1ria:<br \/>\nO curso possui 80 horas de carga hor\u00e1ria. Por\u00e9m, se for conclu\u00eddo antes de 5 dias, passa a ter 10 horas de carga hor\u00e1ria. Conforme nosso contrato e termos de uso.<\/p>\n","protected":false},"excerpt":{"rendered":"<p>Voc\u00ea ver\u00e1 como trabalhar com imagens, o que s\u00e3o convolu\u00e7\u00f5es, max pooling, image augmentation, dropout, Transfer Learning, NLP, tokeniza\u00e7\u00e3o, embeddings de palavras, RNNs, LSTMs e muito mais. Geralmente quem gosta desse curso gostam tamb\u00e9m do Curso de Dreamweaver CS6: Introdu\u00e7\u00e3o,, Introdu\u00e7\u00e3o ao .NET, e Business Analytics,. Sobre a carga hor\u00e1ria: O curso possui 80 horas de carga hor\u00e1ria. Por\u00e9m, se [&hellip;]<\/p>\n","protected":false},"featured_media":0,"comment_status":"open","ping_status":"closed","template":"","meta":[],"product_brand":[],"product_cat":[233],"product_tag":[],"class_list":{"0":"post-86605","1":"product","2":"type-product","3":"status-publish","5":"product_cat-programacao-e-desenvolvimento","6":"post","8":"first","9":"instock","10":"virtual","11":"sold-individually","12":"product-type-simple"},"_links":{"self":[{"href":"https:\/\/treina.online\/index.php?rest_route=\/wp\/v2\/product\/86605","targetHints":{"allow":["GET"]}}],"collection":[{"href":"https:\/\/treina.online\/index.php?rest_route=\/wp\/v2\/product"}],"about":[{"href":"https:\/\/treina.online\/index.php?rest_route=\/wp\/v2\/types\/product"}],"replies":[{"embeddable":true,"href":"https:\/\/treina.online\/index.php?rest_route=%2Fwp%2Fv2%2Fcomments&post=86605"}],"version-history":[{"count":0,"href":"https:\/\/treina.online\/index.php?rest_route=\/wp\/v2\/product\/86605\/revisions"}],"wp:attachment":[{"href":"https:\/\/treina.online\/index.php?rest_route=%2Fwp%2Fv2%2Fmedia&parent=86605"}],"wp:term":[{"taxonomy":"product_brand","embeddable":true,"href":"https:\/\/treina.online\/index.php?rest_route=%2Fwp%2Fv2%2Fproduct_brand&post=86605"},{"taxonomy":"product_cat","embeddable":true,"href":"https:\/\/treina.online\/index.php?rest_route=%2Fwp%2Fv2%2Fproduct_cat&post=86605"},{"taxonomy":"product_tag","embeddable":true,"href":"https:\/\/treina.online\/index.php?rest_route=%2Fwp%2Fv2%2Fproduct_tag&post=86605"}],"curies":[{"name":"wp","href":"https:\/\/api.w.org\/{rel}","templated":true}]}}