{"id":86589,"date":"2024-09-04T16:14:53","date_gmt":"2024-09-04T19:14:53","guid":{"rendered":"https:\/\/ecursostreinaonline.com.br\/produto\/curso-de-automacao-industrial\/"},"modified":"2024-09-04T16:14:53","modified_gmt":"2024-09-04T19:14:53","slug":"curso-de-automacao-industrial","status":"publish","type":"product","link":"https:\/\/treina.online\/?product=curso-de-automacao-industrial","title":{"rendered":"Curso de Automa\u00e7\u00e3o Industrial"},"content":{"rendered":"<p>Voc\u00ea ver\u00e1 conceitos de eletr\u00f4nica geral, digital e de pot\u00eancia, conhecer\u00e1 comandos e acionamentos el\u00e9tricos, o que \u00e9 rob\u00f3tica, quais s\u00e3o os tipos de manuten\u00e7\u00e3o, redes industriais, sistemas supervis\u00f3rios e muito mais. Se voc\u00ea se interessou por esse, vai gostar tamb\u00e9m do Curso de Introdu\u00e7\u00e3o \u00e0 Acessibilidade Arquitet\u00f4nica,, SketchUp para Arquitetura: Conceitos Fundamentais, e SketchUp para Arquitetura,.<\/p>\n<p>Sobre a carga hor\u00e1ria:<br \/>\nO curso possui 80 horas de carga hor\u00e1ria. Por\u00e9m, se for conclu\u00eddo antes de 5 dias, passa a ter 10 horas de carga hor\u00e1ria. Conforme nosso contrato e termos de uso.<\/p>\n","protected":false},"excerpt":{"rendered":"<p>Voc\u00ea ver\u00e1 conceitos de eletr\u00f4nica geral, digital e de pot\u00eancia, conhecer\u00e1 comandos e acionamentos el\u00e9tricos, o que \u00e9 rob\u00f3tica, quais s\u00e3o os tipos de manuten\u00e7\u00e3o, redes industriais, sistemas supervis\u00f3rios e muito mais. Se voc\u00ea se interessou por esse, vai gostar tamb\u00e9m do Curso de Introdu\u00e7\u00e3o \u00e0 Acessibilidade Arquitet\u00f4nica,, SketchUp para Arquitetura: Conceitos Fundamentais, e SketchUp para Arquitetura,. Sobre a carga [&hellip;]<\/p>\n","protected":false},"featured_media":0,"comment_status":"open","ping_status":"closed","template":"","meta":[],"product_brand":[],"product_cat":[202],"product_tag":[],"class_list":{"0":"post-86589","1":"product","2":"type-product","3":"status-publish","5":"product_cat-arquitetura-e-engenharia","6":"post","8":"first","9":"instock","10":"virtual","11":"sold-individually","12":"product-type-simple"},"_links":{"self":[{"href":"https:\/\/treina.online\/index.php?rest_route=\/wp\/v2\/product\/86589","targetHints":{"allow":["GET"]}}],"collection":[{"href":"https:\/\/treina.online\/index.php?rest_route=\/wp\/v2\/product"}],"about":[{"href":"https:\/\/treina.online\/index.php?rest_route=\/wp\/v2\/types\/product"}],"replies":[{"embeddable":true,"href":"https:\/\/treina.online\/index.php?rest_route=%2Fwp%2Fv2%2Fcomments&post=86589"}],"version-history":[{"count":0,"href":"https:\/\/treina.online\/index.php?rest_route=\/wp\/v2\/product\/86589\/revisions"}],"wp:attachment":[{"href":"https:\/\/treina.online\/index.php?rest_route=%2Fwp%2Fv2%2Fmedia&parent=86589"}],"wp:term":[{"taxonomy":"product_brand","embeddable":true,"href":"https:\/\/treina.online\/index.php?rest_route=%2Fwp%2Fv2%2Fproduct_brand&post=86589"},{"taxonomy":"product_cat","embeddable":true,"href":"https:\/\/treina.online\/index.php?rest_route=%2Fwp%2Fv2%2Fproduct_cat&post=86589"},{"taxonomy":"product_tag","embeddable":true,"href":"https:\/\/treina.online\/index.php?rest_route=%2Fwp%2Fv2%2Fproduct_tag&post=86589"}],"curies":[{"name":"wp","href":"https:\/\/api.w.org\/{rel}","templated":true}]}}