{"id":86587,"date":"2024-09-04T16:14:51","date_gmt":"2024-09-04T19:14:51","guid":{"rendered":"https:\/\/ecursostreinaonline.com.br\/produto\/curso-de-autismo-diagnostico-socializacao-e-aprendizagem\/"},"modified":"2024-09-04T16:14:51","modified_gmt":"2024-09-04T19:14:51","slug":"curso-de-autismo-diagnostico-socializacao-e-aprendizagem","status":"publish","type":"product","link":"https:\/\/treina.online\/?product=curso-de-autismo-diagnostico-socializacao-e-aprendizagem","title":{"rendered":"Curso de Autismo: Diagn\u00f3stico, Socializa\u00e7\u00e3o e Aprendizagem"},"content":{"rendered":"<p>Voc\u00ea ver\u00e1 o que \u00e9 o DSM-5, o que \u00e9 a CID 11, como \u00e9 feito o diagn\u00f3stico, primeiros sinais do autismo, inclus\u00e3o escolar, legisla\u00e7\u00e3o e muito mais. Quem viu esse curso tamb\u00e9m gostou do Curso de Atividades L\u00fadicas: Atividades Corporais,, Psicopedagogia, e TDAH,.<\/p>\n<p>Sobre a carga hor\u00e1ria:<br \/>\nO curso possui 80 horas de carga hor\u00e1ria. Por\u00e9m, se for conclu\u00eddo antes de 5 dias, passa a ter 10 horas de carga hor\u00e1ria. Conforme nosso contrato e termos de uso.<\/p>\n","protected":false},"excerpt":{"rendered":"<p>Voc\u00ea ver\u00e1 o que \u00e9 o DSM-5, o que \u00e9 a CID 11, como \u00e9 feito o diagn\u00f3stico, primeiros sinais do autismo, inclus\u00e3o escolar, legisla\u00e7\u00e3o e muito mais. Quem viu esse curso tamb\u00e9m gostou do Curso de Atividades L\u00fadicas: Atividades Corporais,, Psicopedagogia, e TDAH,. Sobre a carga hor\u00e1ria: O curso possui 80 horas de carga hor\u00e1ria. Por\u00e9m, se for conclu\u00eddo [&hellip;]<\/p>\n","protected":false},"featured_media":0,"comment_status":"open","ping_status":"closed","template":"","meta":[],"product_brand":[],"product_cat":[213],"product_tag":[],"class_list":{"0":"post-86587","1":"product","2":"type-product","3":"status-publish","5":"product_cat-educacao-e-pedagogia","6":"post","8":"first","9":"instock","10":"virtual","11":"sold-individually","12":"product-type-simple"},"_links":{"self":[{"href":"https:\/\/treina.online\/index.php?rest_route=\/wp\/v2\/product\/86587","targetHints":{"allow":["GET"]}}],"collection":[{"href":"https:\/\/treina.online\/index.php?rest_route=\/wp\/v2\/product"}],"about":[{"href":"https:\/\/treina.online\/index.php?rest_route=\/wp\/v2\/types\/product"}],"replies":[{"embeddable":true,"href":"https:\/\/treina.online\/index.php?rest_route=%2Fwp%2Fv2%2Fcomments&post=86587"}],"version-history":[{"count":0,"href":"https:\/\/treina.online\/index.php?rest_route=\/wp\/v2\/product\/86587\/revisions"}],"wp:attachment":[{"href":"https:\/\/treina.online\/index.php?rest_route=%2Fwp%2Fv2%2Fmedia&parent=86587"}],"wp:term":[{"taxonomy":"product_brand","embeddable":true,"href":"https:\/\/treina.online\/index.php?rest_route=%2Fwp%2Fv2%2Fproduct_brand&post=86587"},{"taxonomy":"product_cat","embeddable":true,"href":"https:\/\/treina.online\/index.php?rest_route=%2Fwp%2Fv2%2Fproduct_cat&post=86587"},{"taxonomy":"product_tag","embeddable":true,"href":"https:\/\/treina.online\/index.php?rest_route=%2Fwp%2Fv2%2Fproduct_tag&post=86587"}],"curies":[{"name":"wp","href":"https:\/\/api.w.org\/{rel}","templated":true}]}}