{"id":86584,"date":"2024-09-04T16:14:50","date_gmt":"2024-09-04T19:14:50","guid":{"rendered":"https:\/\/ecursostreinaonline.com.br\/produto\/curso-de-assedio-moral-e-comunicacao-nao-violenta\/"},"modified":"2024-09-04T16:14:50","modified_gmt":"2024-09-04T19:14:50","slug":"curso-de-assedio-moral-e-comunicacao-nao-violenta","status":"publish","type":"product","link":"https:\/\/treina.online\/?product=curso-de-assedio-moral-e-comunicacao-nao-violenta","title":{"rendered":"Curso de Ass\u00e9dio Moral e Comunica\u00e7\u00e3o N\u00e3o Violenta"},"content":{"rendered":"<p>Voc\u00ea conhecer\u00e1 quem s\u00e3o os envolvidos, legisla\u00e7\u00e3o, como agir, quais s\u00e3o as consequ\u00eancias em caso de ass\u00e9dio moral, aprender\u00e1 tamb\u00e9m sobre como usar a comunica\u00e7\u00e3o n\u00e3o violenta, como criar uma cultura de empatia na empresa e muito mais. Se voc\u00ea gostou desse curso vai gostar tamb\u00e9m do Curso de Como ser um Coach: Introdu\u00e7\u00e3o,, Avalia\u00e7\u00e3o de Desempenho: 90, 180 e 360 Graus, e Desenvolvimento Gerencial e Gest\u00e3o por Compet\u00eancias,.<\/p>\n<p>Sobre a carga hor\u00e1ria:<br \/>\nO curso possui 80 horas de carga hor\u00e1ria. Por\u00e9m, se for conclu\u00eddo antes de 5 dias, passa a ter 10 horas de carga hor\u00e1ria. Conforme nosso contrato e termos de uso.<\/p>\n","protected":false},"excerpt":{"rendered":"<p>Voc\u00ea conhecer\u00e1 quem s\u00e3o os envolvidos, legisla\u00e7\u00e3o, como agir, quais s\u00e3o as consequ\u00eancias em caso de ass\u00e9dio moral, aprender\u00e1 tamb\u00e9m sobre como usar a comunica\u00e7\u00e3o n\u00e3o violenta, como criar uma cultura de empatia na empresa e muito mais. Se voc\u00ea gostou desse curso vai gostar tamb\u00e9m do Curso de Como ser um Coach: Introdu\u00e7\u00e3o,, Avalia\u00e7\u00e3o de Desempenho: 90, 180 e [&hellip;]<\/p>\n","protected":false},"featured_media":0,"comment_status":"open","ping_status":"closed","template":"","meta":[],"product_brand":[],"product_cat":[236],"product_tag":[],"class_list":{"0":"post-86584","1":"product","2":"type-product","3":"status-publish","5":"product_cat-recursos-humanos","6":"post","8":"first","9":"instock","10":"virtual","11":"sold-individually","12":"product-type-simple"},"_links":{"self":[{"href":"https:\/\/treina.online\/index.php?rest_route=\/wp\/v2\/product\/86584","targetHints":{"allow":["GET"]}}],"collection":[{"href":"https:\/\/treina.online\/index.php?rest_route=\/wp\/v2\/product"}],"about":[{"href":"https:\/\/treina.online\/index.php?rest_route=\/wp\/v2\/types\/product"}],"replies":[{"embeddable":true,"href":"https:\/\/treina.online\/index.php?rest_route=%2Fwp%2Fv2%2Fcomments&post=86584"}],"version-history":[{"count":0,"href":"https:\/\/treina.online\/index.php?rest_route=\/wp\/v2\/product\/86584\/revisions"}],"wp:attachment":[{"href":"https:\/\/treina.online\/index.php?rest_route=%2Fwp%2Fv2%2Fmedia&parent=86584"}],"wp:term":[{"taxonomy":"product_brand","embeddable":true,"href":"https:\/\/treina.online\/index.php?rest_route=%2Fwp%2Fv2%2Fproduct_brand&post=86584"},{"taxonomy":"product_cat","embeddable":true,"href":"https:\/\/treina.online\/index.php?rest_route=%2Fwp%2Fv2%2Fproduct_cat&post=86584"},{"taxonomy":"product_tag","embeddable":true,"href":"https:\/\/treina.online\/index.php?rest_route=%2Fwp%2Fv2%2Fproduct_tag&post=86584"}],"curies":[{"name":"wp","href":"https:\/\/api.w.org\/{rel}","templated":true}]}}