{"id":17439,"date":"2021-01-24T18:14:37","date_gmt":"2021-01-24T20:14:37","guid":{"rendered":"http:\/\/ecursos.treinaonline.com\/produto\/curso-de-sketchup-para-arquitetura-conceitos-fundamentais\/"},"modified":"2021-01-24T18:14:37","modified_gmt":"2021-01-24T20:14:37","slug":"curso-de-sketchup-para-arquitetura-conceitos-fundamentais","status":"publish","type":"product","link":"https:\/\/treina.online\/?product=curso-de-sketchup-para-arquitetura-conceitos-fundamentais","title":{"rendered":"Curso de SketchUp para Arquitetura: Conceitos Fundamentais"},"content":{"rendered":"<p>Apresenta Baixando, instalando e configurando a \u00e1rea de trabalho  e Conceitos fundamentais: controle de c\u00e2mera, volume, tipos de sele\u00e7\u00e3o e apagar.<\/p>\n<p>Sobre a carga hor\u00e1ria:<br \/>\nO curso possui 2 horas de carga hor\u00e1ria.<\/p>\n","protected":false},"excerpt":{"rendered":"<p>Apresenta Baixando, instalando e configurando a \u00e1rea de trabalho e Conceitos fundamentais: controle de c\u00e2mera, volume, tipos de sele\u00e7\u00e3o e apagar. Sobre a carga hor\u00e1ria: O curso possui 2 horas de carga hor\u00e1ria.<\/p>\n","protected":false},"featured_media":0,"comment_status":"open","ping_status":"closed","template":"","meta":[],"product_brand":[],"product_cat":[202],"product_tag":[],"class_list":{"0":"post-17439","1":"product","2":"type-product","3":"status-publish","5":"product_cat-arquitetura-e-engenharia","6":"post","8":"first","9":"instock","10":"virtual","11":"sold-individually","12":"product-type-simple"},"_links":{"self":[{"href":"https:\/\/treina.online\/index.php?rest_route=\/wp\/v2\/product\/17439","targetHints":{"allow":["GET"]}}],"collection":[{"href":"https:\/\/treina.online\/index.php?rest_route=\/wp\/v2\/product"}],"about":[{"href":"https:\/\/treina.online\/index.php?rest_route=\/wp\/v2\/types\/product"}],"replies":[{"embeddable":true,"href":"https:\/\/treina.online\/index.php?rest_route=%2Fwp%2Fv2%2Fcomments&post=17439"}],"version-history":[{"count":0,"href":"https:\/\/treina.online\/index.php?rest_route=\/wp\/v2\/product\/17439\/revisions"}],"wp:attachment":[{"href":"https:\/\/treina.online\/index.php?rest_route=%2Fwp%2Fv2%2Fmedia&parent=17439"}],"wp:term":[{"taxonomy":"product_brand","embeddable":true,"href":"https:\/\/treina.online\/index.php?rest_route=%2Fwp%2Fv2%2Fproduct_brand&post=17439"},{"taxonomy":"product_cat","embeddable":true,"href":"https:\/\/treina.online\/index.php?rest_route=%2Fwp%2Fv2%2Fproduct_cat&post=17439"},{"taxonomy":"product_tag","embeddable":true,"href":"https:\/\/treina.online\/index.php?rest_route=%2Fwp%2Fv2%2Fproduct_tag&post=17439"}],"curies":[{"name":"wp","href":"https:\/\/api.w.org\/{rel}","templated":true}]}}