{"id":17428,"date":"2021-01-24T18:14:25","date_gmt":"2021-01-24T20:14:25","guid":{"rendered":"http:\/\/ecursos.treinaonline.com\/produto\/curso-de-scrapbook-mini-albuns\/"},"modified":"2021-01-24T18:14:25","modified_gmt":"2021-01-24T20:14:25","slug":"curso-de-scrapbook-mini-albuns","status":"publish","type":"product","link":"https:\/\/treina.online\/?product=curso-de-scrapbook-mini-albuns","title":{"rendered":"Curso de Scrapbook &#8211; Mini \u00c1lbuns"},"content":{"rendered":"<p>Aborda a fazer, atrav\u00e9s da t\u00e9cnica do scrapbook, tr\u00eas mini \u00e1lbuns com os temas: beb\u00ea, momentos e encanto. A professora ensinar\u00e1 as principais t\u00e9cnicas de scrapbook e como utilizar as principais ferramentas.<\/p>\n<p>Sobre a carga hor\u00e1ria:<br \/>\nO curso possui 80 horas de carga hor\u00e1ria. Por\u00e9m, se for conclu\u00eddo antes de 5 dias, passa a ter 10 horas de carga hor\u00e1ria. Conforme nosso contrato e termos de uso.<\/p>\n","protected":false},"excerpt":{"rendered":"<p>Aborda a fazer, atrav\u00e9s da t\u00e9cnica do scrapbook, tr\u00eas mini \u00e1lbuns com os temas: beb\u00ea, momentos e encanto. A professora ensinar\u00e1 as principais t\u00e9cnicas de scrapbook e como utilizar as principais ferramentas. Sobre a carga hor\u00e1ria: O curso possui 80 horas de carga hor\u00e1ria. Por\u00e9m, se for conclu\u00eddo antes de 5 dias, passa a ter 10 horas de carga hor\u00e1ria. [&hellip;]<\/p>\n","protected":false},"featured_media":0,"comment_status":"open","ping_status":"closed","template":"","meta":[],"product_brand":[],"product_cat":[203],"product_tag":[],"class_list":{"0":"post-17428","1":"product","2":"type-product","3":"status-publish","5":"product_cat-artesanato","6":"post","8":"first","9":"instock","10":"virtual","11":"sold-individually","12":"product-type-simple"},"_links":{"self":[{"href":"https:\/\/treina.online\/index.php?rest_route=\/wp\/v2\/product\/17428","targetHints":{"allow":["GET"]}}],"collection":[{"href":"https:\/\/treina.online\/index.php?rest_route=\/wp\/v2\/product"}],"about":[{"href":"https:\/\/treina.online\/index.php?rest_route=\/wp\/v2\/types\/product"}],"replies":[{"embeddable":true,"href":"https:\/\/treina.online\/index.php?rest_route=%2Fwp%2Fv2%2Fcomments&post=17428"}],"version-history":[{"count":0,"href":"https:\/\/treina.online\/index.php?rest_route=\/wp\/v2\/product\/17428\/revisions"}],"wp:attachment":[{"href":"https:\/\/treina.online\/index.php?rest_route=%2Fwp%2Fv2%2Fmedia&parent=17428"}],"wp:term":[{"taxonomy":"product_brand","embeddable":true,"href":"https:\/\/treina.online\/index.php?rest_route=%2Fwp%2Fv2%2Fproduct_brand&post=17428"},{"taxonomy":"product_cat","embeddable":true,"href":"https:\/\/treina.online\/index.php?rest_route=%2Fwp%2Fv2%2Fproduct_cat&post=17428"},{"taxonomy":"product_tag","embeddable":true,"href":"https:\/\/treina.online\/index.php?rest_route=%2Fwp%2Fv2%2Fproduct_tag&post=17428"}],"curies":[{"name":"wp","href":"https:\/\/api.w.org\/{rel}","templated":true}]}}