{"id":17425,"date":"2021-01-24T18:14:22","date_gmt":"2021-01-24T20:14:22","guid":{"rendered":"http:\/\/ecursos.treinaonline.com\/produto\/curso-de-saude-bucal-na-pratica\/"},"modified":"2021-01-24T18:14:22","modified_gmt":"2021-01-24T20:14:22","slug":"curso-de-saude-bucal-na-pratica","status":"publish","type":"product","link":"https:\/\/treina.online\/?product=curso-de-saude-bucal-na-pratica","title":{"rendered":"Curso de Sa\u00fade Bucal na Pr\u00e1tica"},"content":{"rendered":"<p>Ensina abordar temas como: as especialidades da odontologia, t\u00e9cnicas da higieniza\u00e7\u00e3o bucal, t\u00e9cnicas de escova\u00e7\u00e3o, principais doen\u00e7as que acometem a cavidade bucal e os poss\u00edveis tratamentos.<\/p>\n<p>Sobre a carga hor\u00e1ria:<br \/>\nO curso possui 80 horas de carga hor\u00e1ria. Por\u00e9m, se for conclu\u00eddo antes de 5 dias, passa a ter 10 horas de carga hor\u00e1ria. Conforme nosso contrato e termos de uso.<\/p>\n","protected":false},"excerpt":{"rendered":"<p>Ensina abordar temas como: as especialidades da odontologia, t\u00e9cnicas da higieniza\u00e7\u00e3o bucal, t\u00e9cnicas de escova\u00e7\u00e3o, principais doen\u00e7as que acometem a cavidade bucal e os poss\u00edveis tratamentos. Sobre a carga hor\u00e1ria: O curso possui 80 horas de carga hor\u00e1ria. Por\u00e9m, se for conclu\u00eddo antes de 5 dias, passa a ter 10 horas de carga hor\u00e1ria. Conforme nosso contrato e termos de [&hellip;]<\/p>\n","protected":false},"featured_media":0,"comment_status":"open","ping_status":"closed","template":"","meta":[],"product_brand":[],"product_cat":[232],"product_tag":[],"class_list":{"0":"post-17425","1":"product","2":"type-product","3":"status-publish","5":"product_cat-odontologia","6":"post","8":"first","9":"instock","10":"virtual","11":"sold-individually","12":"product-type-simple"},"_links":{"self":[{"href":"https:\/\/treina.online\/index.php?rest_route=\/wp\/v2\/product\/17425","targetHints":{"allow":["GET"]}}],"collection":[{"href":"https:\/\/treina.online\/index.php?rest_route=\/wp\/v2\/product"}],"about":[{"href":"https:\/\/treina.online\/index.php?rest_route=\/wp\/v2\/types\/product"}],"replies":[{"embeddable":true,"href":"https:\/\/treina.online\/index.php?rest_route=%2Fwp%2Fv2%2Fcomments&post=17425"}],"version-history":[{"count":0,"href":"https:\/\/treina.online\/index.php?rest_route=\/wp\/v2\/product\/17425\/revisions"}],"wp:attachment":[{"href":"https:\/\/treina.online\/index.php?rest_route=%2Fwp%2Fv2%2Fmedia&parent=17425"}],"wp:term":[{"taxonomy":"product_brand","embeddable":true,"href":"https:\/\/treina.online\/index.php?rest_route=%2Fwp%2Fv2%2Fproduct_brand&post=17425"},{"taxonomy":"product_cat","embeddable":true,"href":"https:\/\/treina.online\/index.php?rest_route=%2Fwp%2Fv2%2Fproduct_cat&post=17425"},{"taxonomy":"product_tag","embeddable":true,"href":"https:\/\/treina.online\/index.php?rest_route=%2Fwp%2Fv2%2Fproduct_tag&post=17425"}],"curies":[{"name":"wp","href":"https:\/\/api.w.org\/{rel}","templated":true}]}}