{"id":17417,"date":"2021-01-24T18:14:11","date_gmt":"2021-01-24T20:14:11","guid":{"rendered":"http:\/\/ecursos.treinaonline.com\/produto\/curso-de-saladas-e-molhos-especiais\/"},"modified":"2021-01-24T18:14:11","modified_gmt":"2021-01-24T20:14:11","slug":"curso-de-saladas-e-molhos-especiais","status":"publish","type":"product","link":"https:\/\/treina.online\/?product=curso-de-saladas-e-molhos-especiais","title":{"rendered":"Curso de Saladas e Molhos Especiais"},"content":{"rendered":"<p>Voc\u00ea aprende voc\u00ea fazer salada verde simples, molhos e higieniza\u00e7\u00e3o de folhas e legumes, Salada caprese e aromatiza\u00e7\u00e3o de azeites, Salada de gr\u00e3o de bico com bacalhau e pera, Panzanella, bruschettas e muito mais.<\/p>\n<p>Sobre a carga hor\u00e1ria:<br \/>\nO curso possui 80 horas de carga hor\u00e1ria. Por\u00e9m, se for conclu\u00eddo antes de 5 dias, passa a ter 10 horas de carga hor\u00e1ria. Conforme nosso contrato e termos de uso.<\/p>\n","protected":false},"excerpt":{"rendered":"<p>Voc\u00ea aprende voc\u00ea fazer salada verde simples, molhos e higieniza\u00e7\u00e3o de folhas e legumes, Salada caprese e aromatiza\u00e7\u00e3o de azeites, Salada de gr\u00e3o de bico com bacalhau e pera, Panzanella, bruschettas e muito mais. Sobre a carga hor\u00e1ria: O curso possui 80 horas de carga hor\u00e1ria. Por\u00e9m, se for conclu\u00eddo antes de 5 dias, passa a ter 10 horas de [&hellip;]<\/p>\n","protected":false},"featured_media":0,"comment_status":"open","ping_status":"closed","template":"","meta":[],"product_brand":[],"product_cat":[208],"product_tag":[],"class_list":{"0":"post-17417","1":"product","2":"type-product","3":"status-publish","5":"product_cat-culinaria-e-gastronomia","6":"post","8":"first","9":"instock","10":"virtual","11":"sold-individually","12":"product-type-simple"},"_links":{"self":[{"href":"https:\/\/treina.online\/index.php?rest_route=\/wp\/v2\/product\/17417","targetHints":{"allow":["GET"]}}],"collection":[{"href":"https:\/\/treina.online\/index.php?rest_route=\/wp\/v2\/product"}],"about":[{"href":"https:\/\/treina.online\/index.php?rest_route=\/wp\/v2\/types\/product"}],"replies":[{"embeddable":true,"href":"https:\/\/treina.online\/index.php?rest_route=%2Fwp%2Fv2%2Fcomments&post=17417"}],"version-history":[{"count":0,"href":"https:\/\/treina.online\/index.php?rest_route=\/wp\/v2\/product\/17417\/revisions"}],"wp:attachment":[{"href":"https:\/\/treina.online\/index.php?rest_route=%2Fwp%2Fv2%2Fmedia&parent=17417"}],"wp:term":[{"taxonomy":"product_brand","embeddable":true,"href":"https:\/\/treina.online\/index.php?rest_route=%2Fwp%2Fv2%2Fproduct_brand&post=17417"},{"taxonomy":"product_cat","embeddable":true,"href":"https:\/\/treina.online\/index.php?rest_route=%2Fwp%2Fv2%2Fproduct_cat&post=17417"},{"taxonomy":"product_tag","embeddable":true,"href":"https:\/\/treina.online\/index.php?rest_route=%2Fwp%2Fv2%2Fproduct_tag&post=17417"}],"curies":[{"name":"wp","href":"https:\/\/api.w.org\/{rel}","templated":true}]}}