{"id":17416,"date":"2021-01-24T18:14:11","date_gmt":"2021-01-24T20:14:11","guid":{"rendered":"http:\/\/ecursos.treinaonline.com\/produto\/curso-de-rpg-na-pratica\/"},"modified":"2021-01-24T18:14:11","modified_gmt":"2021-01-24T20:14:11","slug":"curso-de-rpg-na-pratica","status":"publish","type":"product","link":"https:\/\/treina.online\/?product=curso-de-rpg-na-pratica","title":{"rendered":"Curso de RPG na pr\u00e1tica"},"content":{"rendered":"<p>S\u00e3o mostradas diversas posturas, que possibilitam o reequil\u00edbrio muscular e a consci\u00eancia corporal. S\u00e3o apresentadas as indica\u00e7\u00f5es e contraindica\u00e7\u00f5es do m\u00e9todo, e como ele pode ser utilizado em pessoas de qualquer idade. Al\u00e9m disso, s\u00e3o ensinados recursos terap\u00eauticos e manobras de pompagens.<\/p>\n<p>Sobre a carga hor\u00e1ria:<br \/>\nO curso possui 80 horas de carga hor\u00e1ria. Por\u00e9m, se for conclu\u00eddo antes de 5 dias, passa a ter 10 horas de carga hor\u00e1ria. Conforme nosso contrato e termos de uso.<\/p>\n","protected":false},"excerpt":{"rendered":"<p>S\u00e3o mostradas diversas posturas, que possibilitam o reequil\u00edbrio muscular e a consci\u00eancia corporal. S\u00e3o apresentadas as indica\u00e7\u00f5es e contraindica\u00e7\u00f5es do m\u00e9todo, e como ele pode ser utilizado em pessoas de qualquer idade. Al\u00e9m disso, s\u00e3o ensinados recursos terap\u00eauticos e manobras de pompagens. Sobre a carga hor\u00e1ria: O curso possui 80 horas de carga hor\u00e1ria. Por\u00e9m, se for conclu\u00eddo antes de [&hellip;]<\/p>\n","protected":false},"featured_media":0,"comment_status":"open","ping_status":"closed","template":"","meta":[],"product_brand":[],"product_cat":[221],"product_tag":[],"class_list":{"0":"post-17416","1":"product","2":"type-product","3":"status-publish","5":"product_cat-fisioterapia","6":"post","8":"first","9":"instock","10":"virtual","11":"sold-individually","12":"product-type-simple"},"_links":{"self":[{"href":"https:\/\/treina.online\/index.php?rest_route=\/wp\/v2\/product\/17416","targetHints":{"allow":["GET"]}}],"collection":[{"href":"https:\/\/treina.online\/index.php?rest_route=\/wp\/v2\/product"}],"about":[{"href":"https:\/\/treina.online\/index.php?rest_route=\/wp\/v2\/types\/product"}],"replies":[{"embeddable":true,"href":"https:\/\/treina.online\/index.php?rest_route=%2Fwp%2Fv2%2Fcomments&post=17416"}],"version-history":[{"count":0,"href":"https:\/\/treina.online\/index.php?rest_route=\/wp\/v2\/product\/17416\/revisions"}],"wp:attachment":[{"href":"https:\/\/treina.online\/index.php?rest_route=%2Fwp%2Fv2%2Fmedia&parent=17416"}],"wp:term":[{"taxonomy":"product_brand","embeddable":true,"href":"https:\/\/treina.online\/index.php?rest_route=%2Fwp%2Fv2%2Fproduct_brand&post=17416"},{"taxonomy":"product_cat","embeddable":true,"href":"https:\/\/treina.online\/index.php?rest_route=%2Fwp%2Fv2%2Fproduct_cat&post=17416"},{"taxonomy":"product_tag","embeddable":true,"href":"https:\/\/treina.online\/index.php?rest_route=%2Fwp%2Fv2%2Fproduct_tag&post=17416"}],"curies":[{"name":"wp","href":"https:\/\/api.w.org\/{rel}","templated":true}]}}