{"id":17377,"date":"2021-01-24T18:13:27","date_gmt":"2021-01-24T20:13:27","guid":{"rendered":"http:\/\/ecursos.treinaonline.com\/produto\/curso-de-producao-de-musica-eletronica-estrutura-de-musica-eletronica\/"},"modified":"2021-01-24T18:13:27","modified_gmt":"2021-01-24T20:13:27","slug":"curso-de-producao-de-musica-eletronica-estrutura-de-musica-eletronica","status":"publish","type":"product","link":"https:\/\/treina.online\/?product=curso-de-producao-de-musica-eletronica-estrutura-de-musica-eletronica","title":{"rendered":"Curso de Produ\u00e7\u00e3o de M\u00fasica Eletr\u00f4nica: Estrutura de M\u00fasica Eletr\u00f4nica"},"content":{"rendered":"<p>Apresenta Apresenta\u00e7\u00e3o, Constru\u00e7\u00e3o da Bateria e Estrutura de M\u00fasica Eletr\u00f4nica.<\/p>\n<p>Sobre a carga hor\u00e1ria:<br \/>\nO curso possui 2 horas de carga hor\u00e1ria.<\/p>\n","protected":false},"excerpt":{"rendered":"<p>Apresenta Apresenta\u00e7\u00e3o, Constru\u00e7\u00e3o da Bateria e Estrutura de M\u00fasica Eletr\u00f4nica. Sobre a carga hor\u00e1ria: O curso possui 2 horas de carga hor\u00e1ria.<\/p>\n","protected":false},"featured_media":0,"comment_status":"open","ping_status":"closed","template":"","meta":[],"product_brand":[],"product_cat":[230],"product_tag":[],"class_list":{"0":"post-17377","1":"product","2":"type-product","3":"status-publish","5":"product_cat-musica-e-instrumentos","6":"post","8":"first","9":"instock","10":"virtual","11":"sold-individually","12":"product-type-simple"},"_links":{"self":[{"href":"https:\/\/treina.online\/index.php?rest_route=\/wp\/v2\/product\/17377","targetHints":{"allow":["GET"]}}],"collection":[{"href":"https:\/\/treina.online\/index.php?rest_route=\/wp\/v2\/product"}],"about":[{"href":"https:\/\/treina.online\/index.php?rest_route=\/wp\/v2\/types\/product"}],"replies":[{"embeddable":true,"href":"https:\/\/treina.online\/index.php?rest_route=%2Fwp%2Fv2%2Fcomments&post=17377"}],"version-history":[{"count":0,"href":"https:\/\/treina.online\/index.php?rest_route=\/wp\/v2\/product\/17377\/revisions"}],"wp:attachment":[{"href":"https:\/\/treina.online\/index.php?rest_route=%2Fwp%2Fv2%2Fmedia&parent=17377"}],"wp:term":[{"taxonomy":"product_brand","embeddable":true,"href":"https:\/\/treina.online\/index.php?rest_route=%2Fwp%2Fv2%2Fproduct_brand&post=17377"},{"taxonomy":"product_cat","embeddable":true,"href":"https:\/\/treina.online\/index.php?rest_route=%2Fwp%2Fv2%2Fproduct_cat&post=17377"},{"taxonomy":"product_tag","embeddable":true,"href":"https:\/\/treina.online\/index.php?rest_route=%2Fwp%2Fv2%2Fproduct_tag&post=17377"}],"curies":[{"name":"wp","href":"https:\/\/api.w.org\/{rel}","templated":true}]}}