{"id":17370,"date":"2021-01-24T18:13:20","date_gmt":"2021-01-24T20:13:20","guid":{"rendered":"http:\/\/ecursos.treinaonline.com\/produto\/curso-de-prevencao-a-fraudes-com-rg\/"},"modified":"2021-01-24T18:13:20","modified_gmt":"2021-01-24T20:13:20","slug":"curso-de-prevencao-a-fraudes-com-rg","status":"publish","type":"product","link":"https:\/\/treina.online\/?product=curso-de-prevencao-a-fraudes-com-rg","title":{"rendered":"Curso de Preven\u00e7\u00e3o a Fraudes com RG"},"content":{"rendered":"<p>Ensina Caracter\u00edsticas da Frente do RG , Outras Caracter\u00edsticas da Frente do RG, Mais Caracter\u00edsticas da Frente do RG, Caracter\u00edsticas do Verso do RG , Outras Caracter\u00edsticas do Verso do RG, Caracter\u00edstica do Modelo Escaneado ou CPF Novo, Fraudes Mais Comuns no RG &#8211; parte1, Fraudes Mais Comuns no RG \u0096 parte2 e Fraudes Mais Comuns no RG \u0096 parte 3.<\/p>\n<p>Sobre a carga hor\u00e1ria:<br \/>\nO curso possui 10 horas de carga hor\u00e1ria.<\/p>\n","protected":false},"excerpt":{"rendered":"<p>Ensina Caracter\u00edsticas da Frente do RG , Outras Caracter\u00edsticas da Frente do RG, Mais Caracter\u00edsticas da Frente do RG, Caracter\u00edsticas do Verso do RG , Outras Caracter\u00edsticas do Verso do RG, Caracter\u00edstica do Modelo Escaneado ou CPF Novo, Fraudes Mais Comuns no RG &#8211; parte1, Fraudes Mais Comuns no RG \u0096 parte2 e Fraudes Mais Comuns no RG \u0096 parte [&hellip;]<\/p>\n","protected":false},"featured_media":0,"comment_status":"open","ping_status":"closed","template":"","meta":[],"product_brand":[],"product_cat":[220],"product_tag":[],"class_list":{"0":"post-17370","1":"product","2":"type-product","3":"status-publish","5":"product_cat-financas","6":"post","8":"first","9":"instock","10":"virtual","11":"sold-individually","12":"product-type-simple"},"_links":{"self":[{"href":"https:\/\/treina.online\/index.php?rest_route=\/wp\/v2\/product\/17370","targetHints":{"allow":["GET"]}}],"collection":[{"href":"https:\/\/treina.online\/index.php?rest_route=\/wp\/v2\/product"}],"about":[{"href":"https:\/\/treina.online\/index.php?rest_route=\/wp\/v2\/types\/product"}],"replies":[{"embeddable":true,"href":"https:\/\/treina.online\/index.php?rest_route=%2Fwp%2Fv2%2Fcomments&post=17370"}],"version-history":[{"count":0,"href":"https:\/\/treina.online\/index.php?rest_route=\/wp\/v2\/product\/17370\/revisions"}],"wp:attachment":[{"href":"https:\/\/treina.online\/index.php?rest_route=%2Fwp%2Fv2%2Fmedia&parent=17370"}],"wp:term":[{"taxonomy":"product_brand","embeddable":true,"href":"https:\/\/treina.online\/index.php?rest_route=%2Fwp%2Fv2%2Fproduct_brand&post=17370"},{"taxonomy":"product_cat","embeddable":true,"href":"https:\/\/treina.online\/index.php?rest_route=%2Fwp%2Fv2%2Fproduct_cat&post=17370"},{"taxonomy":"product_tag","embeddable":true,"href":"https:\/\/treina.online\/index.php?rest_route=%2Fwp%2Fv2%2Fproduct_tag&post=17370"}],"curies":[{"name":"wp","href":"https:\/\/api.w.org\/{rel}","templated":true}]}}