{"id":17343,"date":"2021-01-24T18:12:50","date_gmt":"2021-01-24T20:12:50","guid":{"rendered":"http:\/\/ecursos.treinaonline.com\/produto\/curso-de-pilates-na-pratica\/"},"modified":"2021-01-24T18:12:50","modified_gmt":"2021-01-24T20:12:50","slug":"curso-de-pilates-na-pratica","status":"publish","type":"product","link":"https:\/\/treina.online\/?product=curso-de-pilates-na-pratica","title":{"rendered":"Curso de Pilates na Pr\u00e1tica"},"content":{"rendered":"<p>Aborda sobre os benef\u00edcios da pr\u00e1tica de Pilates, a hist\u00f3ria e seus conceitos, mostrar os equipamentos, problemas posturais e a coordena\u00e7\u00e3o motora, atrav\u00e9s de exerc\u00edcios b\u00e1sicos, intermedi\u00e1rios e avan\u00e7ados.<\/p>\n<p>Sobre a carga hor\u00e1ria:<br \/>\nO curso possui 80 horas de carga hor\u00e1ria. Por\u00e9m, se for conclu\u00eddo antes de 5 dias, passa a ter 10 horas de carga hor\u00e1ria. Conforme nosso contrato e termos de uso.<\/p>\n","protected":false},"excerpt":{"rendered":"<p>Aborda sobre os benef\u00edcios da pr\u00e1tica de Pilates, a hist\u00f3ria e seus conceitos, mostrar os equipamentos, problemas posturais e a coordena\u00e7\u00e3o motora, atrav\u00e9s de exerc\u00edcios b\u00e1sicos, intermedi\u00e1rios e avan\u00e7ados. Sobre a carga hor\u00e1ria: O curso possui 80 horas de carga hor\u00e1ria. Por\u00e9m, se for conclu\u00eddo antes de 5 dias, passa a ter 10 horas de carga hor\u00e1ria. Conforme nosso contrato [&hellip;]<\/p>\n","protected":false},"featured_media":0,"comment_status":"open","ping_status":"closed","template":"","meta":[],"product_brand":[],"product_cat":[221],"product_tag":[],"class_list":{"0":"post-17343","1":"product","2":"type-product","3":"status-publish","5":"product_cat-fisioterapia","6":"post","8":"first","9":"instock","10":"virtual","11":"sold-individually","12":"product-type-simple"},"_links":{"self":[{"href":"https:\/\/treina.online\/index.php?rest_route=\/wp\/v2\/product\/17343","targetHints":{"allow":["GET"]}}],"collection":[{"href":"https:\/\/treina.online\/index.php?rest_route=\/wp\/v2\/product"}],"about":[{"href":"https:\/\/treina.online\/index.php?rest_route=\/wp\/v2\/types\/product"}],"replies":[{"embeddable":true,"href":"https:\/\/treina.online\/index.php?rest_route=%2Fwp%2Fv2%2Fcomments&post=17343"}],"version-history":[{"count":0,"href":"https:\/\/treina.online\/index.php?rest_route=\/wp\/v2\/product\/17343\/revisions"}],"wp:attachment":[{"href":"https:\/\/treina.online\/index.php?rest_route=%2Fwp%2Fv2%2Fmedia&parent=17343"}],"wp:term":[{"taxonomy":"product_brand","embeddable":true,"href":"https:\/\/treina.online\/index.php?rest_route=%2Fwp%2Fv2%2Fproduct_brand&post=17343"},{"taxonomy":"product_cat","embeddable":true,"href":"https:\/\/treina.online\/index.php?rest_route=%2Fwp%2Fv2%2Fproduct_cat&post=17343"},{"taxonomy":"product_tag","embeddable":true,"href":"https:\/\/treina.online\/index.php?rest_route=%2Fwp%2Fv2%2Fproduct_tag&post=17343"}],"curies":[{"name":"wp","href":"https:\/\/api.w.org\/{rel}","templated":true}]}}