{"id":17290,"date":"2021-01-24T18:11:41","date_gmt":"2021-01-24T20:11:41","guid":{"rendered":"http:\/\/ecursos.treinaonline.com\/produto\/curso-de-nr10-seguranca-em-instalacoes-e-servicos-em-eletricidade\/"},"modified":"2021-01-24T18:11:41","modified_gmt":"2021-01-24T20:11:41","slug":"curso-de-nr10-seguranca-em-instalacoes-e-servicos-em-eletricidade","status":"publish","type":"product","link":"https:\/\/treina.online\/?product=curso-de-nr10-seguranca-em-instalacoes-e-servicos-em-eletricidade","title":{"rendered":"Curso de NR10: Seguran\u00e7a em Instala\u00e7\u00f5es e Servi\u00e7os em Eletricidade"},"content":{"rendered":"<p>Voc\u00ea vai aprender sobre unidades b\u00e1sicas da eletricidade, diagramas el\u00e9tricos, tipos de acidentes de origem el\u00e9trica, EPIs, EPCs, e muito mais.<\/p>\n<p>Sobre a carga hor\u00e1ria:<br \/>\nO curso possui 80 horas de carga hor\u00e1ria. Por\u00e9m, se for conclu\u00eddo antes de 5 dias, passa a ter 10 horas de carga hor\u00e1ria. Conforme nosso contrato e termos de uso.<\/p>\n","protected":false},"excerpt":{"rendered":"<p>Voc\u00ea vai aprender sobre unidades b\u00e1sicas da eletricidade, diagramas el\u00e9tricos, tipos de acidentes de origem el\u00e9trica, EPIs, EPCs, e muito mais. Sobre a carga hor\u00e1ria: O curso possui 80 horas de carga hor\u00e1ria. Por\u00e9m, se for conclu\u00eddo antes de 5 dias, passa a ter 10 horas de carga hor\u00e1ria. Conforme nosso contrato e termos de uso.<\/p>\n","protected":false},"featured_media":0,"comment_status":"open","ping_status":"closed","template":"","meta":[],"product_brand":[],"product_cat":[199],"product_tag":[],"class_list":{"0":"post-17290","1":"product","2":"type-product","3":"status-publish","5":"product_cat-administracao","6":"post","8":"first","9":"instock","10":"virtual","11":"sold-individually","12":"product-type-simple"},"_links":{"self":[{"href":"https:\/\/treina.online\/index.php?rest_route=\/wp\/v2\/product\/17290","targetHints":{"allow":["GET"]}}],"collection":[{"href":"https:\/\/treina.online\/index.php?rest_route=\/wp\/v2\/product"}],"about":[{"href":"https:\/\/treina.online\/index.php?rest_route=\/wp\/v2\/types\/product"}],"replies":[{"embeddable":true,"href":"https:\/\/treina.online\/index.php?rest_route=%2Fwp%2Fv2%2Fcomments&post=17290"}],"version-history":[{"count":0,"href":"https:\/\/treina.online\/index.php?rest_route=\/wp\/v2\/product\/17290\/revisions"}],"wp:attachment":[{"href":"https:\/\/treina.online\/index.php?rest_route=%2Fwp%2Fv2%2Fmedia&parent=17290"}],"wp:term":[{"taxonomy":"product_brand","embeddable":true,"href":"https:\/\/treina.online\/index.php?rest_route=%2Fwp%2Fv2%2Fproduct_brand&post=17290"},{"taxonomy":"product_cat","embeddable":true,"href":"https:\/\/treina.online\/index.php?rest_route=%2Fwp%2Fv2%2Fproduct_cat&post=17290"},{"taxonomy":"product_tag","embeddable":true,"href":"https:\/\/treina.online\/index.php?rest_route=%2Fwp%2Fv2%2Fproduct_tag&post=17290"}],"curies":[{"name":"wp","href":"https:\/\/api.w.org\/{rel}","templated":true}]}}