{"id":17289,"date":"2021-01-24T18:11:40","date_gmt":"2021-01-24T20:11:40","guid":{"rendered":"http:\/\/ecursos.treinaonline.com\/produto\/curso-de-novas-maneiras-de-ensinar-praticas-para-renovacao\/"},"modified":"2021-01-24T18:11:40","modified_gmt":"2021-01-24T20:11:40","slug":"curso-de-novas-maneiras-de-ensinar-praticas-para-renovacao","status":"publish","type":"product","link":"https:\/\/treina.online\/?product=curso-de-novas-maneiras-de-ensinar-praticas-para-renovacao","title":{"rendered":"Curso de Novas Maneiras de Ensinar: Pr\u00e1ticas para Renova\u00e7\u00e3o"},"content":{"rendered":"<p>Apresenta Aluno: O centro da aprendizagem, Mudan\u00e7as na escola, O que \u00e9 uma Escola Inclusiva?, Mudan\u00e7as no cen\u00e1rio cultural, Culturas infantis nos espa\u00e7os escolares, Mudan\u00e7as na Aprendizagem, O Processo de Aprendizagem, Pr\u00e1ticas em Sala de Aula, Import\u00e2ncia da ludicidade para o sujeito, Atividades l\u00fadicas em diversos contextos, Formas de aprendizagem diversas, Classifica\u00e7\u00e3o dos jogos e brincadeiras \u0096 parte I, Classifica\u00e7\u00e3o dos jogos e brincadeiras \u0096 parte II, Educador em transforma\u00e7\u00e3o, Reflex\u00e3o e mudan\u00e7a, Surdez, Reflex\u00e3o sobre a pr\u00e1tica, M\u00e9todos inovadores, Atividades psicomotoras, Atividades psicomotoras, Atividades acad\u00eamicas, Jogos e atividades para interven\u00e7\u00e3o, Atividades para interven\u00e7\u00e3o, Mais atividades de interven\u00e7\u00e3o, Jogo simb\u00f3lico, Jogos online e digitais, Aprendizagem na era digital, Media\u00e7\u00e3o da aprendizagem, Objetivo: desenvolver compet\u00eancias, Evolu\u00e7\u00e3o e novos saberes, A implanta\u00e7\u00e3o de novos curr\u00edculos e Curr\u00edculo e cidadania.<\/p>\n<p>Sobre a carga hor\u00e1ria:<br \/>\nO curso possui 80 horas de carga hor\u00e1ria. Por\u00e9m, se for conclu\u00eddo antes de 5 dias, passa a ter 10 horas de carga hor\u00e1ria. Conforme nosso contrato e termos de uso.<\/p>\n","protected":false},"excerpt":{"rendered":"<p>Apresenta Aluno: O centro da aprendizagem, Mudan\u00e7as na escola, O que \u00e9 uma Escola Inclusiva?, Mudan\u00e7as no cen\u00e1rio cultural, Culturas infantis nos espa\u00e7os escolares, Mudan\u00e7as na Aprendizagem, O Processo de Aprendizagem, Pr\u00e1ticas em Sala de Aula, Import\u00e2ncia da ludicidade para o sujeito, Atividades l\u00fadicas em diversos contextos, Formas de aprendizagem diversas, Classifica\u00e7\u00e3o dos jogos e brincadeiras \u0096 parte I, Classifica\u00e7\u00e3o [&hellip;]<\/p>\n","protected":false},"featured_media":0,"comment_status":"open","ping_status":"closed","template":"","meta":[],"product_brand":[],"product_cat":[213],"product_tag":[],"class_list":{"0":"post-17289","1":"product","2":"type-product","3":"status-publish","5":"product_cat-educacao-e-pedagogia","6":"post","8":"first","9":"instock","10":"virtual","11":"sold-individually","12":"product-type-simple"},"_links":{"self":[{"href":"https:\/\/treina.online\/index.php?rest_route=\/wp\/v2\/product\/17289","targetHints":{"allow":["GET"]}}],"collection":[{"href":"https:\/\/treina.online\/index.php?rest_route=\/wp\/v2\/product"}],"about":[{"href":"https:\/\/treina.online\/index.php?rest_route=\/wp\/v2\/types\/product"}],"replies":[{"embeddable":true,"href":"https:\/\/treina.online\/index.php?rest_route=%2Fwp%2Fv2%2Fcomments&post=17289"}],"version-history":[{"count":0,"href":"https:\/\/treina.online\/index.php?rest_route=\/wp\/v2\/product\/17289\/revisions"}],"wp:attachment":[{"href":"https:\/\/treina.online\/index.php?rest_route=%2Fwp%2Fv2%2Fmedia&parent=17289"}],"wp:term":[{"taxonomy":"product_brand","embeddable":true,"href":"https:\/\/treina.online\/index.php?rest_route=%2Fwp%2Fv2%2Fproduct_brand&post=17289"},{"taxonomy":"product_cat","embeddable":true,"href":"https:\/\/treina.online\/index.php?rest_route=%2Fwp%2Fv2%2Fproduct_cat&post=17289"},{"taxonomy":"product_tag","embeddable":true,"href":"https:\/\/treina.online\/index.php?rest_route=%2Fwp%2Fv2%2Fproduct_tag&post=17289"}],"curies":[{"name":"wp","href":"https:\/\/api.w.org\/{rel}","templated":true}]}}