{"id":17256,"date":"2021-01-24T18:11:06","date_gmt":"2021-01-24T20:11:06","guid":{"rendered":"http:\/\/ecursos.treinaonline.com\/produto\/curso-de-matematica-para-concursos-matrizes-e-metodo-de-cramer\/"},"modified":"2021-01-24T18:11:06","modified_gmt":"2021-01-24T20:11:06","slug":"curso-de-matematica-para-concursos-matrizes-e-metodo-de-cramer","status":"publish","type":"product","link":"https:\/\/treina.online\/?product=curso-de-matematica-para-concursos-matrizes-e-metodo-de-cramer","title":{"rendered":"Curso de Matem\u00e1tica para Concursos: Matrizes e M\u00e9todo de Cramer"},"content":{"rendered":"<p>Apresenta Matrizes e determinantes, Multiplica\u00e7\u00e3o de Matrizes e Matriz Inversa, Determinantes, M\u00e9todo de Cramer, M\u00e9todo de Cramer (Sistema 2&#215;2) e M\u00e9todo de Cramer (Sistema 3&#215;3).<\/p>\n<p>Sobre a carga hor\u00e1ria:<br \/>\nO curso possui 10 horas de carga hor\u00e1ria.<\/p>\n","protected":false},"excerpt":{"rendered":"<p>Apresenta Matrizes e determinantes, Multiplica\u00e7\u00e3o de Matrizes e Matriz Inversa, Determinantes, M\u00e9todo de Cramer, M\u00e9todo de Cramer (Sistema 2&#215;2) e M\u00e9todo de Cramer (Sistema 3&#215;3). Sobre a carga hor\u00e1ria: O curso possui 10 horas de carga hor\u00e1ria.<\/p>\n","protected":false},"featured_media":0,"comment_status":"open","ping_status":"closed","template":"","meta":[],"product_brand":[],"product_cat":[205],"product_tag":[],"class_list":{"0":"post-17256","1":"product","2":"type-product","3":"status-publish","5":"product_cat-concursos-publicos","6":"post","8":"first","9":"instock","10":"virtual","11":"sold-individually","12":"product-type-simple"},"_links":{"self":[{"href":"https:\/\/treina.online\/index.php?rest_route=\/wp\/v2\/product\/17256","targetHints":{"allow":["GET"]}}],"collection":[{"href":"https:\/\/treina.online\/index.php?rest_route=\/wp\/v2\/product"}],"about":[{"href":"https:\/\/treina.online\/index.php?rest_route=\/wp\/v2\/types\/product"}],"replies":[{"embeddable":true,"href":"https:\/\/treina.online\/index.php?rest_route=%2Fwp%2Fv2%2Fcomments&post=17256"}],"version-history":[{"count":0,"href":"https:\/\/treina.online\/index.php?rest_route=\/wp\/v2\/product\/17256\/revisions"}],"wp:attachment":[{"href":"https:\/\/treina.online\/index.php?rest_route=%2Fwp%2Fv2%2Fmedia&parent=17256"}],"wp:term":[{"taxonomy":"product_brand","embeddable":true,"href":"https:\/\/treina.online\/index.php?rest_route=%2Fwp%2Fv2%2Fproduct_brand&post=17256"},{"taxonomy":"product_cat","embeddable":true,"href":"https:\/\/treina.online\/index.php?rest_route=%2Fwp%2Fv2%2Fproduct_cat&post=17256"},{"taxonomy":"product_tag","embeddable":true,"href":"https:\/\/treina.online\/index.php?rest_route=%2Fwp%2Fv2%2Fproduct_tag&post=17256"}],"curies":[{"name":"wp","href":"https:\/\/api.w.org\/{rel}","templated":true}]}}