{"id":17254,"date":"2021-01-24T18:11:05","date_gmt":"2021-01-24T20:11:05","guid":{"rendered":"http:\/\/ecursos.treinaonline.com\/produto\/curso-de-matematica-financeira-com-hp-12c-na-pratica\/"},"modified":"2021-01-24T18:11:05","modified_gmt":"2021-01-24T20:11:05","slug":"curso-de-matematica-financeira-com-hp-12c-na-pratica","status":"publish","type":"product","link":"https:\/\/treina.online\/?product=curso-de-matematica-financeira-com-hp-12c-na-pratica","title":{"rendered":"Curso de Matem\u00e1tica Financeira com HP 12C na Pr\u00e1tica"},"content":{"rendered":"<p>Ensina a utilizar na pr\u00e1tica uma s\u00e9rie de conceitos matem\u00e1ticos aplicados \u00e0 an\u00e1lise de dados financeiros com o uso da calculadora financeira HP 12C. Dentre diversos t\u00f3picos como: c\u00e1lculo de juros simples, juros compostos, pagamento futuros, pagamentos presentes, capital e montante, somat\u00f3ria de parcelas e somat\u00f3ria geral com dados estat\u00edsticos.<\/p>\n<p>Sobre a carga hor\u00e1ria:<br \/>\nO curso possui 80 horas de carga hor\u00e1ria. Por\u00e9m, se for conclu\u00eddo antes de 5 dias, passa a ter 10 horas de carga hor\u00e1ria. Conforme nosso contrato e termos de uso.<\/p>\n","protected":false},"excerpt":{"rendered":"<p>Ensina a utilizar na pr\u00e1tica uma s\u00e9rie de conceitos matem\u00e1ticos aplicados \u00e0 an\u00e1lise de dados financeiros com o uso da calculadora financeira HP 12C. Dentre diversos t\u00f3picos como: c\u00e1lculo de juros simples, juros compostos, pagamento futuros, pagamentos presentes, capital e montante, somat\u00f3ria de parcelas e somat\u00f3ria geral com dados estat\u00edsticos. Sobre a carga hor\u00e1ria: O curso possui 80 horas de [&hellip;]<\/p>\n","protected":false},"featured_media":0,"comment_status":"open","ping_status":"closed","template":"","meta":[],"product_brand":[],"product_cat":[220],"product_tag":[],"class_list":{"0":"post-17254","1":"product","2":"type-product","3":"status-publish","5":"product_cat-financas","6":"post","8":"first","9":"instock","10":"virtual","11":"sold-individually","12":"product-type-simple"},"_links":{"self":[{"href":"https:\/\/treina.online\/index.php?rest_route=\/wp\/v2\/product\/17254","targetHints":{"allow":["GET"]}}],"collection":[{"href":"https:\/\/treina.online\/index.php?rest_route=\/wp\/v2\/product"}],"about":[{"href":"https:\/\/treina.online\/index.php?rest_route=\/wp\/v2\/types\/product"}],"replies":[{"embeddable":true,"href":"https:\/\/treina.online\/index.php?rest_route=%2Fwp%2Fv2%2Fcomments&post=17254"}],"version-history":[{"count":0,"href":"https:\/\/treina.online\/index.php?rest_route=\/wp\/v2\/product\/17254\/revisions"}],"wp:attachment":[{"href":"https:\/\/treina.online\/index.php?rest_route=%2Fwp%2Fv2%2Fmedia&parent=17254"}],"wp:term":[{"taxonomy":"product_brand","embeddable":true,"href":"https:\/\/treina.online\/index.php?rest_route=%2Fwp%2Fv2%2Fproduct_brand&post=17254"},{"taxonomy":"product_cat","embeddable":true,"href":"https:\/\/treina.online\/index.php?rest_route=%2Fwp%2Fv2%2Fproduct_cat&post=17254"},{"taxonomy":"product_tag","embeddable":true,"href":"https:\/\/treina.online\/index.php?rest_route=%2Fwp%2Fv2%2Fproduct_tag&post=17254"}],"curies":[{"name":"wp","href":"https:\/\/api.w.org\/{rel}","templated":true}]}}