{"id":17181,"date":"2021-01-24T18:09:34","date_gmt":"2021-01-24T20:09:34","guid":{"rendered":"http:\/\/ecursos.treinaonline.com\/produto\/curso-de-introducao-aos-direitos-humanos\/"},"modified":"2021-01-24T18:09:34","modified_gmt":"2021-01-24T20:09:34","slug":"curso-de-introducao-aos-direitos-humanos","status":"publish","type":"product","link":"https:\/\/treina.online\/?product=curso-de-introducao-aos-direitos-humanos","title":{"rendered":"Curso de Introdu\u00e7\u00e3o aos Direitos Humanos"},"content":{"rendered":"<p>Voc\u00ea aprende No\u00e7\u00f5es e Internacionaliza\u00e7\u00e3o dos Direitos Humanos, Os Direitos Fundamentais e a CF\/88, Incorpora\u00e7\u00e3o dos Tratados Internacionais de Direitos Humanos, Os direitos fundamentais, Caracter\u00edsticas dos direitos fundamentais, Gera\u00e7\u00f5es ou dimens\u00f5es, Cl\u00e1usulas p\u00e9treas, Direitos e garantias individuais, Direitos fundamentais e as emendas e Direito \u00e0 vida.<\/p>\n<p>Sobre a carga hor\u00e1ria:<br \/>\nO curso possui 10 horas de carga hor\u00e1ria.<\/p>\n","protected":false},"excerpt":{"rendered":"<p>Voc\u00ea aprende No\u00e7\u00f5es e Internacionaliza\u00e7\u00e3o dos Direitos Humanos, Os Direitos Fundamentais e a CF\/88, Incorpora\u00e7\u00e3o dos Tratados Internacionais de Direitos Humanos, Os direitos fundamentais, Caracter\u00edsticas dos direitos fundamentais, Gera\u00e7\u00f5es ou dimens\u00f5es, Cl\u00e1usulas p\u00e9treas, Direitos e garantias individuais, Direitos fundamentais e as emendas e Direito \u00e0 vida. Sobre a carga hor\u00e1ria: O curso possui 10 horas de carga hor\u00e1ria.<\/p>\n","protected":false},"featured_media":0,"comment_status":"open","ping_status":"closed","template":"","meta":[],"product_brand":[],"product_cat":[211],"product_tag":[],"class_list":{"0":"post-17181","1":"product","2":"type-product","3":"status-publish","5":"product_cat-direito","6":"post","8":"first","9":"instock","10":"virtual","11":"sold-individually","12":"product-type-simple"},"_links":{"self":[{"href":"https:\/\/treina.online\/index.php?rest_route=\/wp\/v2\/product\/17181","targetHints":{"allow":["GET"]}}],"collection":[{"href":"https:\/\/treina.online\/index.php?rest_route=\/wp\/v2\/product"}],"about":[{"href":"https:\/\/treina.online\/index.php?rest_route=\/wp\/v2\/types\/product"}],"replies":[{"embeddable":true,"href":"https:\/\/treina.online\/index.php?rest_route=%2Fwp%2Fv2%2Fcomments&post=17181"}],"version-history":[{"count":0,"href":"https:\/\/treina.online\/index.php?rest_route=\/wp\/v2\/product\/17181\/revisions"}],"wp:attachment":[{"href":"https:\/\/treina.online\/index.php?rest_route=%2Fwp%2Fv2%2Fmedia&parent=17181"}],"wp:term":[{"taxonomy":"product_brand","embeddable":true,"href":"https:\/\/treina.online\/index.php?rest_route=%2Fwp%2Fv2%2Fproduct_brand&post=17181"},{"taxonomy":"product_cat","embeddable":true,"href":"https:\/\/treina.online\/index.php?rest_route=%2Fwp%2Fv2%2Fproduct_cat&post=17181"},{"taxonomy":"product_tag","embeddable":true,"href":"https:\/\/treina.online\/index.php?rest_route=%2Fwp%2Fv2%2Fproduct_tag&post=17181"}],"curies":[{"name":"wp","href":"https:\/\/api.w.org\/{rel}","templated":true}]}}

Curso de Introdução aos Direitos Humanos

<p>Você aprende Noções e Internacionalização dos Direitos Humanos, Os Direitos Fundamentais e a CF/88, Incorporação dos Tratados Internacionais de Direitos Humanos, Os direitos fundamentais, Características dos direitos fundamentais, Gerações ou dimensões, Cláusulas pétreas, Direitos e garantias individuais, Direitos fundamentais e as emendas e Direito à vida.</p>
<p>Sobre a carga horária:<br />
O curso possui 10 horas de carga horária.</p>

<p>Você aprende Noções e Internacionalização dos Direitos Humanos, Os Direitos Fundamentais e a CF/88, Incorporação dos Tratados Internacionais de Direitos Humanos, Os direitos fundamentais, Características dos direitos fundamentais, Gerações ou dimensões, Cláusulas pétreas, Direitos e garantias individuais, Direitos fundamentais e as emendas e Direito à vida. Sobre a carga horária: O curso possui 10 horas de carga horária.</p>
