{"id":17176,"date":"2021-01-24T18:09:24","date_gmt":"2021-01-24T20:09:24","guid":{"rendered":"http:\/\/ecursos.treinaonline.com\/produto\/curso-de-introducao-ao-storytelling\/"},"modified":"2021-01-24T18:09:24","modified_gmt":"2021-01-24T20:09:24","slug":"curso-de-introducao-ao-storytelling","status":"publish","type":"product","link":"https:\/\/treina.online\/?product=curso-de-introducao-ao-storytelling","title":{"rendered":"Curso de Introdu\u00e7\u00e3o ao Storytelling"},"content":{"rendered":"<p>Ensina Apresenta\u00e7\u00e3o do curso , Defini\u00e7\u00e3o, Minha hist\u00f3ria, Era uma vez&#8230;, Porque contamos hist\u00f3rias?, Por que ouvimos hist\u00f3rias?, O que tem a ver comigo?, Na vida profissional, Na vida pessoal, O que significa isso? e Vol\u00e1til, Incerto, Complexo e Amb\u00edguo .<\/p>\n<p>Sobre a carga hor\u00e1ria:<br \/>\nO curso possui 10 horas de carga hor\u00e1ria.<\/p>\n","protected":false},"excerpt":{"rendered":"<p>Ensina Apresenta\u00e7\u00e3o do curso , Defini\u00e7\u00e3o, Minha hist\u00f3ria, Era uma vez&#8230;, Porque contamos hist\u00f3rias?, Por que ouvimos hist\u00f3rias?, O que tem a ver comigo?, Na vida profissional, Na vida pessoal, O que significa isso? e Vol\u00e1til, Incerto, Complexo e Amb\u00edguo . Sobre a carga hor\u00e1ria: O curso possui 10 horas de carga hor\u00e1ria.<\/p>\n","protected":false},"featured_media":0,"comment_status":"open","ping_status":"closed","template":"","meta":[],"product_brand":[],"product_cat":[213],"product_tag":[],"class_list":{"0":"post-17176","1":"product","2":"type-product","3":"status-publish","5":"product_cat-educacao-e-pedagogia","6":"post","8":"first","9":"instock","10":"virtual","11":"sold-individually","12":"product-type-simple"},"_links":{"self":[{"href":"https:\/\/treina.online\/index.php?rest_route=\/wp\/v2\/product\/17176","targetHints":{"allow":["GET"]}}],"collection":[{"href":"https:\/\/treina.online\/index.php?rest_route=\/wp\/v2\/product"}],"about":[{"href":"https:\/\/treina.online\/index.php?rest_route=\/wp\/v2\/types\/product"}],"replies":[{"embeddable":true,"href":"https:\/\/treina.online\/index.php?rest_route=%2Fwp%2Fv2%2Fcomments&post=17176"}],"version-history":[{"count":0,"href":"https:\/\/treina.online\/index.php?rest_route=\/wp\/v2\/product\/17176\/revisions"}],"wp:attachment":[{"href":"https:\/\/treina.online\/index.php?rest_route=%2Fwp%2Fv2%2Fmedia&parent=17176"}],"wp:term":[{"taxonomy":"product_brand","embeddable":true,"href":"https:\/\/treina.online\/index.php?rest_route=%2Fwp%2Fv2%2Fproduct_brand&post=17176"},{"taxonomy":"product_cat","embeddable":true,"href":"https:\/\/treina.online\/index.php?rest_route=%2Fwp%2Fv2%2Fproduct_cat&post=17176"},{"taxonomy":"product_tag","embeddable":true,"href":"https:\/\/treina.online\/index.php?rest_route=%2Fwp%2Fv2%2Fproduct_tag&post=17176"}],"curies":[{"name":"wp","href":"https:\/\/api.w.org\/{rel}","templated":true}]}}