{"id":17123,"date":"2021-01-24T18:08:17","date_gmt":"2021-01-24T20:08:17","guid":{"rendered":"http:\/\/ecursos.treinaonline.com\/produto\/curso-de-introducao-ao-empreendedorismo\/"},"modified":"2021-01-24T18:08:17","modified_gmt":"2021-01-24T20:08:17","slug":"curso-de-introducao-ao-empreendedorismo","status":"publish","type":"product","link":"https:\/\/treina.online\/?product=curso-de-introducao-ao-empreendedorismo","title":{"rendered":"Curso de Introdu\u00e7\u00e3o ao Empreendedorismo"},"content":{"rendered":"<p>Ensina No\u00e7\u00f5es de Empreendedorismo, Por que empreender?, Tipos de Empreendedorismo, Caracter\u00edsticas do empreendedor, Caracter\u00edsticas do empreendedor \u0096 Parte II, Caracter\u00edsticas do empreendedor \u0096 Parte III, Qual \u00e9 o seu neg\u00f3cio?, Quem \u00e9 o seu cliente? e O que \u00e9 valor para o cliente?.<\/p>\n<p>Sobre a carga hor\u00e1ria:<br \/>\nO curso possui 10 horas de carga hor\u00e1ria.<\/p>\n","protected":false},"excerpt":{"rendered":"<p>Ensina No\u00e7\u00f5es de Empreendedorismo, Por que empreender?, Tipos de Empreendedorismo, Caracter\u00edsticas do empreendedor, Caracter\u00edsticas do empreendedor \u0096 Parte II, Caracter\u00edsticas do empreendedor \u0096 Parte III, Qual \u00e9 o seu neg\u00f3cio?, Quem \u00e9 o seu cliente? e O que \u00e9 valor para o cliente?. Sobre a carga hor\u00e1ria: O curso possui 10 horas de carga hor\u00e1ria.<\/p>\n","protected":false},"featured_media":0,"comment_status":"open","ping_status":"closed","template":"","meta":[],"product_brand":[],"product_cat":[223],"product_tag":[],"class_list":{"0":"post-17123","1":"product","2":"type-product","3":"status-publish","5":"product_cat-gestao-e-lideranca","6":"post","8":"first","9":"instock","10":"virtual","11":"sold-individually","12":"product-type-simple"},"_links":{"self":[{"href":"https:\/\/treina.online\/index.php?rest_route=\/wp\/v2\/product\/17123","targetHints":{"allow":["GET"]}}],"collection":[{"href":"https:\/\/treina.online\/index.php?rest_route=\/wp\/v2\/product"}],"about":[{"href":"https:\/\/treina.online\/index.php?rest_route=\/wp\/v2\/types\/product"}],"replies":[{"embeddable":true,"href":"https:\/\/treina.online\/index.php?rest_route=%2Fwp%2Fv2%2Fcomments&post=17123"}],"version-history":[{"count":0,"href":"https:\/\/treina.online\/index.php?rest_route=\/wp\/v2\/product\/17123\/revisions"}],"wp:attachment":[{"href":"https:\/\/treina.online\/index.php?rest_route=%2Fwp%2Fv2%2Fmedia&parent=17123"}],"wp:term":[{"taxonomy":"product_brand","embeddable":true,"href":"https:\/\/treina.online\/index.php?rest_route=%2Fwp%2Fv2%2Fproduct_brand&post=17123"},{"taxonomy":"product_cat","embeddable":true,"href":"https:\/\/treina.online\/index.php?rest_route=%2Fwp%2Fv2%2Fproduct_cat&post=17123"},{"taxonomy":"product_tag","embeddable":true,"href":"https:\/\/treina.online\/index.php?rest_route=%2Fwp%2Fv2%2Fproduct_tag&post=17123"}],"curies":[{"name":"wp","href":"https:\/\/api.w.org\/{rel}","templated":true}]}}