{"id":17108,"date":"2021-01-24T18:07:56","date_gmt":"2021-01-24T20:07:56","guid":{"rendered":"http:\/\/ecursos.treinaonline.com\/produto\/curso-de-introducao-ao-desenvolvimento-de-aplicativos-ios\/"},"modified":"2021-01-24T18:07:56","modified_gmt":"2021-01-24T20:07:56","slug":"curso-de-introducao-ao-desenvolvimento-de-aplicativos-ios","status":"publish","type":"product","link":"https:\/\/treina.online\/?product=curso-de-introducao-ao-desenvolvimento-de-aplicativos-ios","title":{"rendered":"Curso de Introdu\u00e7\u00e3o ao Desenvolvimento de Aplicativos iOS"},"content":{"rendered":"<p>Aborda O que \u00e9 preciso para ser um desenvolvedor IOS, Conhecendo o Xcode e estrutura do projeto , Ciclo de vida de um aplicativo IOS e O poder do Storyboard.<\/p>\n<p>Sobre a carga hor\u00e1ria:<br \/>\nO curso possui 5 horas de carga hor\u00e1ria.<\/p>\n","protected":false},"excerpt":{"rendered":"<p>Aborda O que \u00e9 preciso para ser um desenvolvedor IOS, Conhecendo o Xcode e estrutura do projeto , Ciclo de vida de um aplicativo IOS e O poder do Storyboard. Sobre a carga hor\u00e1ria: O curso possui 5 horas de carga hor\u00e1ria.<\/p>\n","protected":false},"featured_media":0,"comment_status":"open","ping_status":"closed","template":"","meta":[],"product_brand":[],"product_cat":[233],"product_tag":[],"class_list":{"0":"post-17108","1":"product","2":"type-product","3":"status-publish","5":"product_cat-programacao-e-desenvolvimento","6":"post","8":"first","9":"instock","10":"virtual","11":"sold-individually","12":"product-type-simple"},"_links":{"self":[{"href":"https:\/\/treina.online\/index.php?rest_route=\/wp\/v2\/product\/17108","targetHints":{"allow":["GET"]}}],"collection":[{"href":"https:\/\/treina.online\/index.php?rest_route=\/wp\/v2\/product"}],"about":[{"href":"https:\/\/treina.online\/index.php?rest_route=\/wp\/v2\/types\/product"}],"replies":[{"embeddable":true,"href":"https:\/\/treina.online\/index.php?rest_route=%2Fwp%2Fv2%2Fcomments&post=17108"}],"version-history":[{"count":0,"href":"https:\/\/treina.online\/index.php?rest_route=\/wp\/v2\/product\/17108\/revisions"}],"wp:attachment":[{"href":"https:\/\/treina.online\/index.php?rest_route=%2Fwp%2Fv2%2Fmedia&parent=17108"}],"wp:term":[{"taxonomy":"product_brand","embeddable":true,"href":"https:\/\/treina.online\/index.php?rest_route=%2Fwp%2Fv2%2Fproduct_brand&post=17108"},{"taxonomy":"product_cat","embeddable":true,"href":"https:\/\/treina.online\/index.php?rest_route=%2Fwp%2Fv2%2Fproduct_cat&post=17108"},{"taxonomy":"product_tag","embeddable":true,"href":"https:\/\/treina.online\/index.php?rest_route=%2Fwp%2Fv2%2Fproduct_tag&post=17108"}],"curies":[{"name":"wp","href":"https:\/\/api.w.org\/{rel}","templated":true}]}}