{"id":17097,"date":"2021-01-24T18:07:38","date_gmt":"2021-01-24T20:07:38","guid":{"rendered":"http:\/\/ecursos.treinaonline.com\/produto\/curso-de-introducao-ao-cargo-de-telefonista-e-recepcionista\/"},"modified":"2021-01-24T18:07:38","modified_gmt":"2021-01-24T20:07:38","slug":"curso-de-introducao-ao-cargo-de-telefonista-e-recepcionista","status":"publish","type":"product","link":"https:\/\/treina.online\/?product=curso-de-introducao-ao-cargo-de-telefonista-e-recepcionista","title":{"rendered":"Curso de Introdu\u00e7\u00e3o ao Cargo de Telefonista e Recepcionista"},"content":{"rendered":"<p>Ensina Conceito e defini\u00e7\u00e3o de comunica\u00e7\u00e3o, Comunica\u00e7\u00e3o verbal e n\u00e3o verbal, Comunica\u00e7\u00e3o assertiva e barreiras, T\u00e9cnicas de Feedback, Atendimento com qualidade, Regras no atendimento telef\u00f4nico, Postura no atendimento, Termos inadequados e cuidados com a voz, Compet\u00eancias do profissional de atendimento e Padroniza\u00e7\u00e3o do atendimento.<\/p>\n<p>Sobre a carga hor\u00e1ria:<br \/>\nO curso possui 10 horas de carga hor\u00e1ria.<\/p>\n","protected":false},"excerpt":{"rendered":"<p>Ensina Conceito e defini\u00e7\u00e3o de comunica\u00e7\u00e3o, Comunica\u00e7\u00e3o verbal e n\u00e3o verbal, Comunica\u00e7\u00e3o assertiva e barreiras, T\u00e9cnicas de Feedback, Atendimento com qualidade, Regras no atendimento telef\u00f4nico, Postura no atendimento, Termos inadequados e cuidados com a voz, Compet\u00eancias do profissional de atendimento e Padroniza\u00e7\u00e3o do atendimento. Sobre a carga hor\u00e1ria: O curso possui 10 horas de carga hor\u00e1ria.<\/p>\n","protected":false},"featured_media":0,"comment_status":"open","ping_status":"closed","template":"","meta":[],"product_brand":[],"product_cat":[235],"product_tag":[],"class_list":{"0":"post-17097","1":"product","2":"type-product","3":"status-publish","5":"product_cat-publicidade-e-marketing","6":"post","8":"first","9":"instock","10":"virtual","11":"sold-individually","12":"product-type-simple"},"_links":{"self":[{"href":"https:\/\/treina.online\/index.php?rest_route=\/wp\/v2\/product\/17097","targetHints":{"allow":["GET"]}}],"collection":[{"href":"https:\/\/treina.online\/index.php?rest_route=\/wp\/v2\/product"}],"about":[{"href":"https:\/\/treina.online\/index.php?rest_route=\/wp\/v2\/types\/product"}],"replies":[{"embeddable":true,"href":"https:\/\/treina.online\/index.php?rest_route=%2Fwp%2Fv2%2Fcomments&post=17097"}],"version-history":[{"count":0,"href":"https:\/\/treina.online\/index.php?rest_route=\/wp\/v2\/product\/17097\/revisions"}],"wp:attachment":[{"href":"https:\/\/treina.online\/index.php?rest_route=%2Fwp%2Fv2%2Fmedia&parent=17097"}],"wp:term":[{"taxonomy":"product_brand","embeddable":true,"href":"https:\/\/treina.online\/index.php?rest_route=%2Fwp%2Fv2%2Fproduct_brand&post=17097"},{"taxonomy":"product_cat","embeddable":true,"href":"https:\/\/treina.online\/index.php?rest_route=%2Fwp%2Fv2%2Fproduct_cat&post=17097"},{"taxonomy":"product_tag","embeddable":true,"href":"https:\/\/treina.online\/index.php?rest_route=%2Fwp%2Fv2%2Fproduct_tag&post=17097"}],"curies":[{"name":"wp","href":"https:\/\/api.w.org\/{rel}","templated":true}]}}