{"id":17095,"date":"2021-01-24T18:07:36","date_gmt":"2021-01-24T20:07:36","guid":{"rendered":"http:\/\/ecursos.treinaonline.com\/produto\/curso-de-introducao-ao-cargo-de-balconista-de-farmacia\/"},"modified":"2021-01-24T18:07:36","modified_gmt":"2021-01-24T20:07:36","slug":"curso-de-introducao-ao-cargo-de-balconista-de-farmacia","status":"publish","type":"product","link":"https:\/\/treina.online\/?product=curso-de-introducao-ao-cargo-de-balconista-de-farmacia","title":{"rendered":"Curso de Introdu\u00e7\u00e3o ao Cargo de Balconista de Farm\u00e1cia"},"content":{"rendered":"<p>Explica Lugar, Equipes de uma farm\u00e1cia, Prepara\u00e7\u00e3o de um balconista de farm\u00e1cia, Primeiro contato com o cliente, Fornecer informa\u00e7\u00f5es sobre os produtos, Organiza\u00e7\u00e3o, controle, exposi\u00e7\u00e3o e venda, Defini\u00e7\u00e3o de termos, Como a farmacologia \u00e9 dividida, Divis\u00e3o quanto ao tipo de estudo, F\u00e1rmaco e medicamento, Forma farmac\u00eautica, Vias de administra\u00e7\u00e3o e Formul\u00e1rio.<\/p>\n<p>Sobre a carga hor\u00e1ria:<br \/>\nO curso possui 10 horas de carga hor\u00e1ria.<\/p>\n","protected":false},"excerpt":{"rendered":"<p>Explica Lugar, Equipes de uma farm\u00e1cia, Prepara\u00e7\u00e3o de um balconista de farm\u00e1cia, Primeiro contato com o cliente, Fornecer informa\u00e7\u00f5es sobre os produtos, Organiza\u00e7\u00e3o, controle, exposi\u00e7\u00e3o e venda, Defini\u00e7\u00e3o de termos, Como a farmacologia \u00e9 dividida, Divis\u00e3o quanto ao tipo de estudo, F\u00e1rmaco e medicamento, Forma farmac\u00eautica, Vias de administra\u00e7\u00e3o e Formul\u00e1rio. Sobre a carga hor\u00e1ria: O curso possui 10 horas [&hellip;]<\/p>\n","protected":false},"featured_media":0,"comment_status":"open","ping_status":"closed","template":"","meta":[],"product_brand":[],"product_cat":[219],"product_tag":[],"class_list":{"0":"post-17095","1":"product","2":"type-product","3":"status-publish","5":"product_cat-farmacia","6":"post","8":"first","9":"instock","10":"virtual","11":"sold-individually","12":"product-type-simple"},"_links":{"self":[{"href":"https:\/\/treina.online\/index.php?rest_route=\/wp\/v2\/product\/17095","targetHints":{"allow":["GET"]}}],"collection":[{"href":"https:\/\/treina.online\/index.php?rest_route=\/wp\/v2\/product"}],"about":[{"href":"https:\/\/treina.online\/index.php?rest_route=\/wp\/v2\/types\/product"}],"replies":[{"embeddable":true,"href":"https:\/\/treina.online\/index.php?rest_route=%2Fwp%2Fv2%2Fcomments&post=17095"}],"version-history":[{"count":0,"href":"https:\/\/treina.online\/index.php?rest_route=\/wp\/v2\/product\/17095\/revisions"}],"wp:attachment":[{"href":"https:\/\/treina.online\/index.php?rest_route=%2Fwp%2Fv2%2Fmedia&parent=17095"}],"wp:term":[{"taxonomy":"product_brand","embeddable":true,"href":"https:\/\/treina.online\/index.php?rest_route=%2Fwp%2Fv2%2Fproduct_brand&post=17095"},{"taxonomy":"product_cat","embeddable":true,"href":"https:\/\/treina.online\/index.php?rest_route=%2Fwp%2Fv2%2Fproduct_cat&post=17095"},{"taxonomy":"product_tag","embeddable":true,"href":"https:\/\/treina.online\/index.php?rest_route=%2Fwp%2Fv2%2Fproduct_tag&post=17095"}],"curies":[{"name":"wp","href":"https:\/\/api.w.org\/{rel}","templated":true}]}}