{"id":17089,"date":"2021-01-24T18:07:32","date_gmt":"2021-01-24T20:07:32","guid":{"rendered":"http:\/\/ecursos.treinaonline.com\/produto\/curso-de-introducao-ao-bem-estar-animal\/"},"modified":"2021-01-24T18:07:32","modified_gmt":"2021-01-24T20:07:32","slug":"curso-de-introducao-ao-bem-estar-animal","status":"publish","type":"product","link":"https:\/\/treina.online\/?product=curso-de-introducao-ao-bem-estar-animal","title":{"rendered":"Curso de Introdu\u00e7\u00e3o ao Bem-Estar Animal"},"content":{"rendered":"<p>Ensina Principais conceitos de Bem-estar animal, Hist\u00f3rico, As 5 Liberdades, Animais de Companhia, Animais de Produ\u00e7\u00e3o, Animais de Zool\u00f3gico, ONU, A lei de maus-tratos e Maus-tratos e sadismo.<\/p>\n<p>Sobre a carga hor\u00e1ria:<br \/>\nO curso possui 10 horas de carga hor\u00e1ria.<\/p>\n","protected":false},"excerpt":{"rendered":"<p>Ensina Principais conceitos de Bem-estar animal, Hist\u00f3rico, As 5 Liberdades, Animais de Companhia, Animais de Produ\u00e7\u00e3o, Animais de Zool\u00f3gico, ONU, A lei de maus-tratos e Maus-tratos e sadismo. Sobre a carga hor\u00e1ria: O curso possui 10 horas de carga hor\u00e1ria.<\/p>\n","protected":false},"featured_media":0,"comment_status":"open","ping_status":"closed","template":"","meta":[],"product_brand":[],"product_cat":[238],"product_tag":[],"class_list":{"0":"post-17089","1":"product","2":"type-product","3":"status-publish","5":"product_cat-veterinaria","6":"post","8":"first","9":"instock","10":"virtual","11":"sold-individually","12":"product-type-simple"},"_links":{"self":[{"href":"https:\/\/treina.online\/index.php?rest_route=\/wp\/v2\/product\/17089","targetHints":{"allow":["GET"]}}],"collection":[{"href":"https:\/\/treina.online\/index.php?rest_route=\/wp\/v2\/product"}],"about":[{"href":"https:\/\/treina.online\/index.php?rest_route=\/wp\/v2\/types\/product"}],"replies":[{"embeddable":true,"href":"https:\/\/treina.online\/index.php?rest_route=%2Fwp%2Fv2%2Fcomments&post=17089"}],"version-history":[{"count":0,"href":"https:\/\/treina.online\/index.php?rest_route=\/wp\/v2\/product\/17089\/revisions"}],"wp:attachment":[{"href":"https:\/\/treina.online\/index.php?rest_route=%2Fwp%2Fv2%2Fmedia&parent=17089"}],"wp:term":[{"taxonomy":"product_brand","embeddable":true,"href":"https:\/\/treina.online\/index.php?rest_route=%2Fwp%2Fv2%2Fproduct_brand&post=17089"},{"taxonomy":"product_cat","embeddable":true,"href":"https:\/\/treina.online\/index.php?rest_route=%2Fwp%2Fv2%2Fproduct_cat&post=17089"},{"taxonomy":"product_tag","embeddable":true,"href":"https:\/\/treina.online\/index.php?rest_route=%2Fwp%2Fv2%2Fproduct_tag&post=17089"}],"curies":[{"name":"wp","href":"https:\/\/api.w.org\/{rel}","templated":true}]}}