{"id":17051,"date":"2021-01-24T18:06:42","date_gmt":"2021-01-24T20:06:42","guid":{"rendered":"http:\/\/ecursos.treinaonline.com\/produto\/curso-de-introducao-a-gestao-de-qualidade\/"},"modified":"2021-01-24T18:06:42","modified_gmt":"2021-01-24T20:06:42","slug":"curso-de-introducao-a-gestao-de-qualidade","status":"publish","type":"product","link":"https:\/\/treina.online\/?product=curso-de-introducao-a-gestao-de-qualidade","title":{"rendered":"Curso de Introdu\u00e7\u00e3o \u00e0 Gest\u00e3o de Qualidade"},"content":{"rendered":"<p>Ensina Conceito da Qualidade e introdu\u00e7\u00e3o a gest\u00e3o da Qualidade , Principais pensadores da Qualidade, Satisfa\u00e7\u00e3o do cliente e Organograma, Funcionograma, Fluxograma e Histograma.<\/p>\n<p>Sobre a carga hor\u00e1ria:<br \/>\nO curso possui 5 horas de carga hor\u00e1ria.<\/p>\n","protected":false},"excerpt":{"rendered":"<p>Ensina Conceito da Qualidade e introdu\u00e7\u00e3o a gest\u00e3o da Qualidade , Principais pensadores da Qualidade, Satisfa\u00e7\u00e3o do cliente e Organograma, Funcionograma, Fluxograma e Histograma. Sobre a carga hor\u00e1ria: O curso possui 5 horas de carga hor\u00e1ria.<\/p>\n","protected":false},"featured_media":0,"comment_status":"open","ping_status":"closed","template":"","meta":[],"product_brand":[],"product_cat":[223],"product_tag":[],"class_list":{"0":"post-17051","1":"product","2":"type-product","3":"status-publish","5":"product_cat-gestao-e-lideranca","6":"post","8":"first","9":"instock","10":"virtual","11":"sold-individually","12":"product-type-simple"},"_links":{"self":[{"href":"https:\/\/treina.online\/index.php?rest_route=\/wp\/v2\/product\/17051","targetHints":{"allow":["GET"]}}],"collection":[{"href":"https:\/\/treina.online\/index.php?rest_route=\/wp\/v2\/product"}],"about":[{"href":"https:\/\/treina.online\/index.php?rest_route=\/wp\/v2\/types\/product"}],"replies":[{"embeddable":true,"href":"https:\/\/treina.online\/index.php?rest_route=%2Fwp%2Fv2%2Fcomments&post=17051"}],"version-history":[{"count":0,"href":"https:\/\/treina.online\/index.php?rest_route=\/wp\/v2\/product\/17051\/revisions"}],"wp:attachment":[{"href":"https:\/\/treina.online\/index.php?rest_route=%2Fwp%2Fv2%2Fmedia&parent=17051"}],"wp:term":[{"taxonomy":"product_brand","embeddable":true,"href":"https:\/\/treina.online\/index.php?rest_route=%2Fwp%2Fv2%2Fproduct_brand&post=17051"},{"taxonomy":"product_cat","embeddable":true,"href":"https:\/\/treina.online\/index.php?rest_route=%2Fwp%2Fv2%2Fproduct_cat&post=17051"},{"taxonomy":"product_tag","embeddable":true,"href":"https:\/\/treina.online\/index.php?rest_route=%2Fwp%2Fv2%2Fproduct_tag&post=17051"}],"curies":[{"name":"wp","href":"https:\/\/api.w.org\/{rel}","templated":true}]}}