{"id":17016,"date":"2021-01-24T18:05:57","date_gmt":"2021-01-24T20:05:57","guid":{"rendered":"http:\/\/ecursos.treinaonline.com\/produto\/curso-de-introducao-a-colorimetria-capilar\/"},"modified":"2021-01-24T18:05:57","modified_gmt":"2021-01-24T20:05:57","slug":"curso-de-introducao-a-colorimetria-capilar","status":"publish","type":"product","link":"https:\/\/treina.online\/?product=curso-de-introducao-a-colorimetria-capilar","title":{"rendered":"Curso de Introdu\u00e7\u00e3o \u00e0 Colorimetria Capilar"},"content":{"rendered":"<p>Voc\u00ea aprende O que \u00e9 colorimetria?, Bases de cor e tom neutro, Alturas de tom e fundos de clareamento, Cores base e nuance, Numera\u00e7\u00f5es e nomenclaturas, Bases oxidativas, Neutraliza\u00e7\u00e3o fundo de clareamento, Cobertura de cabelos brancos, Resultado da cor, Tintura tempor\u00e1ria, Tonalizantes e Colora\u00e7\u00e3o permanente.<\/p>\n<p>Sobre a carga hor\u00e1ria:<br \/>\nO curso possui 10 horas de carga hor\u00e1ria.<\/p>\n","protected":false},"excerpt":{"rendered":"<p>Voc\u00ea aprende O que \u00e9 colorimetria?, Bases de cor e tom neutro, Alturas de tom e fundos de clareamento, Cores base e nuance, Numera\u00e7\u00f5es e nomenclaturas, Bases oxidativas, Neutraliza\u00e7\u00e3o fundo de clareamento, Cobertura de cabelos brancos, Resultado da cor, Tintura tempor\u00e1ria, Tonalizantes e Colora\u00e7\u00e3o permanente. Sobre a carga hor\u00e1ria: O curso possui 10 horas de carga hor\u00e1ria.<\/p>\n","protected":false},"featured_media":0,"comment_status":"open","ping_status":"closed","template":"","meta":[],"product_brand":[],"product_cat":[217],"product_tag":[],"class_list":{"0":"post-17016","1":"product","2":"type-product","3":"status-publish","5":"product_cat-estetica-e-beleza","6":"post","8":"first","9":"instock","10":"virtual","11":"sold-individually","12":"product-type-simple"},"_links":{"self":[{"href":"https:\/\/treina.online\/index.php?rest_route=\/wp\/v2\/product\/17016","targetHints":{"allow":["GET"]}}],"collection":[{"href":"https:\/\/treina.online\/index.php?rest_route=\/wp\/v2\/product"}],"about":[{"href":"https:\/\/treina.online\/index.php?rest_route=\/wp\/v2\/types\/product"}],"replies":[{"embeddable":true,"href":"https:\/\/treina.online\/index.php?rest_route=%2Fwp%2Fv2%2Fcomments&post=17016"}],"version-history":[{"count":0,"href":"https:\/\/treina.online\/index.php?rest_route=\/wp\/v2\/product\/17016\/revisions"}],"wp:attachment":[{"href":"https:\/\/treina.online\/index.php?rest_route=%2Fwp%2Fv2%2Fmedia&parent=17016"}],"wp:term":[{"taxonomy":"product_brand","embeddable":true,"href":"https:\/\/treina.online\/index.php?rest_route=%2Fwp%2Fv2%2Fproduct_brand&post=17016"},{"taxonomy":"product_cat","embeddable":true,"href":"https:\/\/treina.online\/index.php?rest_route=%2Fwp%2Fv2%2Fproduct_cat&post=17016"},{"taxonomy":"product_tag","embeddable":true,"href":"https:\/\/treina.online\/index.php?rest_route=%2Fwp%2Fv2%2Fproduct_tag&post=17016"}],"curies":[{"name":"wp","href":"https:\/\/api.w.org\/{rel}","templated":true}]}}