{"id":16982,"date":"2021-01-24T18:05:21","date_gmt":"2021-01-24T20:05:21","guid":{"rendered":"http:\/\/ecursos.treinaonline.com\/produto\/curso-de-html-e-css-essencial\/"},"modified":"2021-01-24T18:05:21","modified_gmt":"2021-01-24T20:05:21","slug":"curso-de-html-e-css-essencial","status":"publish","type":"product","link":"https:\/\/treina.online\/?product=curso-de-html-e-css-essencial","title":{"rendered":"Curso de HTML e CSS Essencial"},"content":{"rendered":"<p>Ensina sobre a estrutura b\u00e1sica de um documento HTML e como criar formul\u00e1rios, tabelas, linhas e colunas em seu site. Al\u00e9m disso, voc\u00ea conhecer\u00e1 os diferentes tipos de seletores do CSS e suas propriedades de position, float e clear. Por \u00faltimo, voc\u00ea entender\u00e1 como formatar alguns campos em formul\u00e1rios.<\/p>\n<p>Sobre a carga hor\u00e1ria:<br \/>\nO curso possui 80 horas de carga hor\u00e1ria. Por\u00e9m, se for conclu\u00eddo antes de 5 dias, passa a ter 10 horas de carga hor\u00e1ria. Conforme nosso contrato e termos de uso.<\/p>\n","protected":false},"excerpt":{"rendered":"<p>Ensina sobre a estrutura b\u00e1sica de um documento HTML e como criar formul\u00e1rios, tabelas, linhas e colunas em seu site. Al\u00e9m disso, voc\u00ea conhecer\u00e1 os diferentes tipos de seletores do CSS e suas propriedades de position, float e clear. Por \u00faltimo, voc\u00ea entender\u00e1 como formatar alguns campos em formul\u00e1rios. Sobre a carga hor\u00e1ria: O curso possui 80 horas de carga [&hellip;]<\/p>\n","protected":false},"featured_media":0,"comment_status":"open","ping_status":"closed","template":"","meta":[],"product_brand":[],"product_cat":[233],"product_tag":[],"class_list":{"0":"post-16982","1":"product","2":"type-product","3":"status-publish","5":"product_cat-programacao-e-desenvolvimento","6":"post","8":"first","9":"instock","10":"virtual","11":"sold-individually","12":"product-type-simple"},"_links":{"self":[{"href":"https:\/\/treina.online\/index.php?rest_route=\/wp\/v2\/product\/16982","targetHints":{"allow":["GET"]}}],"collection":[{"href":"https:\/\/treina.online\/index.php?rest_route=\/wp\/v2\/product"}],"about":[{"href":"https:\/\/treina.online\/index.php?rest_route=\/wp\/v2\/types\/product"}],"replies":[{"embeddable":true,"href":"https:\/\/treina.online\/index.php?rest_route=%2Fwp%2Fv2%2Fcomments&post=16982"}],"version-history":[{"count":0,"href":"https:\/\/treina.online\/index.php?rest_route=\/wp\/v2\/product\/16982\/revisions"}],"wp:attachment":[{"href":"https:\/\/treina.online\/index.php?rest_route=%2Fwp%2Fv2%2Fmedia&parent=16982"}],"wp:term":[{"taxonomy":"product_brand","embeddable":true,"href":"https:\/\/treina.online\/index.php?rest_route=%2Fwp%2Fv2%2Fproduct_brand&post=16982"},{"taxonomy":"product_cat","embeddable":true,"href":"https:\/\/treina.online\/index.php?rest_route=%2Fwp%2Fv2%2Fproduct_cat&post=16982"},{"taxonomy":"product_tag","embeddable":true,"href":"https:\/\/treina.online\/index.php?rest_route=%2Fwp%2Fv2%2Fproduct_tag&post=16982"}],"curies":[{"name":"wp","href":"https:\/\/api.w.org\/{rel}","templated":true}]}}