{"id":16968,"date":"2021-01-24T18:05:05","date_gmt":"2021-01-24T20:05:05","guid":{"rendered":"http:\/\/ecursos.treinaonline.com\/produto\/curso-de-hamburgueria-gourmet\/"},"modified":"2021-01-24T18:05:05","modified_gmt":"2021-01-24T20:05:05","slug":"curso-de-hamburgueria-gourmet","status":"publish","type":"product","link":"https:\/\/treina.online\/?product=curso-de-hamburgueria-gourmet","title":{"rendered":"Curso de Hamburgueria Gourmet"},"content":{"rendered":"<p>Voc\u00ea aprende a selecionar as carnes e a fazer o blend, que \u00e9 a mistura das carnes para um hamb\u00farguer perfeito. Al\u00e9m disso, voc\u00ea vai aprender a fazer montagem de sandu\u00edches tradicionais e inova\u00e7\u00f5es do mercado. Voc\u00ea vai ver tamb\u00e9m como fazer molhos, batata frita, batata r\u00fastica com um sabor especial, onion rings, e uma deliciosa cebola caramelizada na cerveja, para acompanhar os seus lanches.<\/p>\n<p>Sobre a carga hor\u00e1ria:<br \/>\nO curso possui 80 horas de carga hor\u00e1ria. Por\u00e9m, se for conclu\u00eddo antes de 5 dias, passa a ter 10 horas de carga hor\u00e1ria. Conforme nosso contrato e termos de uso.<\/p>\n","protected":false},"excerpt":{"rendered":"<p>Voc\u00ea aprende a selecionar as carnes e a fazer o blend, que \u00e9 a mistura das carnes para um hamb\u00farguer perfeito. Al\u00e9m disso, voc\u00ea vai aprender a fazer montagem de sandu\u00edches tradicionais e inova\u00e7\u00f5es do mercado. Voc\u00ea vai ver tamb\u00e9m como fazer molhos, batata frita, batata r\u00fastica com um sabor especial, onion rings, e uma deliciosa cebola caramelizada na cerveja, [&hellip;]<\/p>\n","protected":false},"featured_media":0,"comment_status":"open","ping_status":"closed","template":"","meta":[],"product_brand":[],"product_cat":[208],"product_tag":[],"class_list":{"0":"post-16968","1":"product","2":"type-product","3":"status-publish","5":"product_cat-culinaria-e-gastronomia","6":"post","8":"first","9":"instock","10":"virtual","11":"sold-individually","12":"product-type-simple"},"_links":{"self":[{"href":"https:\/\/treina.online\/index.php?rest_route=\/wp\/v2\/product\/16968","targetHints":{"allow":["GET"]}}],"collection":[{"href":"https:\/\/treina.online\/index.php?rest_route=\/wp\/v2\/product"}],"about":[{"href":"https:\/\/treina.online\/index.php?rest_route=\/wp\/v2\/types\/product"}],"replies":[{"embeddable":true,"href":"https:\/\/treina.online\/index.php?rest_route=%2Fwp%2Fv2%2Fcomments&post=16968"}],"version-history":[{"count":0,"href":"https:\/\/treina.online\/index.php?rest_route=\/wp\/v2\/product\/16968\/revisions"}],"wp:attachment":[{"href":"https:\/\/treina.online\/index.php?rest_route=%2Fwp%2Fv2%2Fmedia&parent=16968"}],"wp:term":[{"taxonomy":"product_brand","embeddable":true,"href":"https:\/\/treina.online\/index.php?rest_route=%2Fwp%2Fv2%2Fproduct_brand&post=16968"},{"taxonomy":"product_cat","embeddable":true,"href":"https:\/\/treina.online\/index.php?rest_route=%2Fwp%2Fv2%2Fproduct_cat&post=16968"},{"taxonomy":"product_tag","embeddable":true,"href":"https:\/\/treina.online\/index.php?rest_route=%2Fwp%2Fv2%2Fproduct_tag&post=16968"}],"curies":[{"name":"wp","href":"https:\/\/api.w.org\/{rel}","templated":true}]}}