{"id":16933,"date":"2021-01-24T18:04:28","date_gmt":"2021-01-24T20:04:28","guid":{"rendered":"http:\/\/ecursos.treinaonline.com\/produto\/curso-de-gestao-ambiental-e-recursos-hidricos\/"},"modified":"2021-01-24T18:04:28","modified_gmt":"2021-01-24T20:04:28","slug":"curso-de-gestao-ambiental-e-recursos-hidricos","status":"publish","type":"product","link":"https:\/\/treina.online\/?product=curso-de-gestao-ambiental-e-recursos-hidricos","title":{"rendered":"Curso de Gest\u00e3o Ambiental e Recursos H\u00eddricos"},"content":{"rendered":"<p>Apresenta sobre a Gest\u00e3o Ambiental, as pol\u00edticas ambientais, os setores e estrat\u00e9gias e como \u00e9 feita a educa\u00e7\u00e3o ambiental e do que se trata as Pol\u00edticas do meio ambiente.<\/p>\n<p>Sobre a carga hor\u00e1ria:<br \/>\nO curso possui 80 horas de carga hor\u00e1ria. Por\u00e9m, se for conclu\u00eddo antes de 5 dias, passa a ter 10 horas de carga hor\u00e1ria. Conforme nosso contrato e termos de uso.<\/p>\n","protected":false},"excerpt":{"rendered":"<p>Apresenta sobre a Gest\u00e3o Ambiental, as pol\u00edticas ambientais, os setores e estrat\u00e9gias e como \u00e9 feita a educa\u00e7\u00e3o ambiental e do que se trata as Pol\u00edticas do meio ambiente. Sobre a carga hor\u00e1ria: O curso possui 80 horas de carga hor\u00e1ria. Por\u00e9m, se for conclu\u00eddo antes de 5 dias, passa a ter 10 horas de carga hor\u00e1ria. Conforme nosso contrato [&hellip;]<\/p>\n","protected":false},"featured_media":0,"comment_status":"open","ping_status":"closed","template":"","meta":[],"product_brand":[],"product_cat":[200],"product_tag":[],"class_list":{"0":"post-16933","1":"product","2":"type-product","3":"status-publish","5":"product_cat-ambiental","6":"post","8":"first","9":"instock","10":"virtual","11":"sold-individually","12":"product-type-simple"},"_links":{"self":[{"href":"https:\/\/treina.online\/index.php?rest_route=\/wp\/v2\/product\/16933","targetHints":{"allow":["GET"]}}],"collection":[{"href":"https:\/\/treina.online\/index.php?rest_route=\/wp\/v2\/product"}],"about":[{"href":"https:\/\/treina.online\/index.php?rest_route=\/wp\/v2\/types\/product"}],"replies":[{"embeddable":true,"href":"https:\/\/treina.online\/index.php?rest_route=%2Fwp%2Fv2%2Fcomments&post=16933"}],"version-history":[{"count":0,"href":"https:\/\/treina.online\/index.php?rest_route=\/wp\/v2\/product\/16933\/revisions"}],"wp:attachment":[{"href":"https:\/\/treina.online\/index.php?rest_route=%2Fwp%2Fv2%2Fmedia&parent=16933"}],"wp:term":[{"taxonomy":"product_brand","embeddable":true,"href":"https:\/\/treina.online\/index.php?rest_route=%2Fwp%2Fv2%2Fproduct_brand&post=16933"},{"taxonomy":"product_cat","embeddable":true,"href":"https:\/\/treina.online\/index.php?rest_route=%2Fwp%2Fv2%2Fproduct_cat&post=16933"},{"taxonomy":"product_tag","embeddable":true,"href":"https:\/\/treina.online\/index.php?rest_route=%2Fwp%2Fv2%2Fproduct_tag&post=16933"}],"curies":[{"name":"wp","href":"https:\/\/api.w.org\/{rel}","templated":true}]}}