{"id":16911,"date":"2021-01-24T18:04:06","date_gmt":"2021-01-24T20:04:06","guid":{"rendered":"http:\/\/ecursos.treinaonline.com\/produto\/curso-de-fotografia-digital\/"},"modified":"2021-01-24T18:04:06","modified_gmt":"2021-01-24T20:04:06","slug":"curso-de-fotografia-digital","status":"publish","type":"product","link":"https:\/\/treina.online\/?product=curso-de-fotografia-digital","title":{"rendered":"Curso de Fotografia Digital"},"content":{"rendered":"<p>Aborda voc\u00ea a dominar a c\u00e2mera fotogr\u00e1fica, a fazer ajustes de velocidade, abertura e ISO. Al\u00e9m disso, voc\u00ea vai aprender sobre a hist\u00f3ria da fotografia, evolu\u00e7\u00e3o das c\u00e2meras, os tipos de c\u00e2meras e principalmente a c\u00e2mera DSLR.<\/p>\n<p>Sobre a carga hor\u00e1ria:<br \/>\nO curso possui 80 horas de carga hor\u00e1ria. Por\u00e9m, se for conclu\u00eddo antes de 5 dias, passa a ter 10 horas de carga hor\u00e1ria. Conforme nosso contrato e termos de uso.<\/p>\n","protected":false},"excerpt":{"rendered":"<p>Aborda voc\u00ea a dominar a c\u00e2mera fotogr\u00e1fica, a fazer ajustes de velocidade, abertura e ISO. Al\u00e9m disso, voc\u00ea vai aprender sobre a hist\u00f3ria da fotografia, evolu\u00e7\u00e3o das c\u00e2meras, os tipos de c\u00e2meras e principalmente a c\u00e2mera DSLR. Sobre a carga hor\u00e1ria: O curso possui 80 horas de carga hor\u00e1ria. Por\u00e9m, se for conclu\u00eddo antes de 5 dias, passa a ter [&hellip;]<\/p>\n","protected":false},"featured_media":0,"comment_status":"open","ping_status":"closed","template":"","meta":[],"product_brand":[],"product_cat":[222],"product_tag":[],"class_list":{"0":"post-16911","1":"product","2":"type-product","3":"status-publish","5":"product_cat-fotografia-e-video","6":"post","8":"first","9":"instock","10":"virtual","11":"sold-individually","12":"product-type-simple"},"_links":{"self":[{"href":"https:\/\/treina.online\/index.php?rest_route=\/wp\/v2\/product\/16911","targetHints":{"allow":["GET"]}}],"collection":[{"href":"https:\/\/treina.online\/index.php?rest_route=\/wp\/v2\/product"}],"about":[{"href":"https:\/\/treina.online\/index.php?rest_route=\/wp\/v2\/types\/product"}],"replies":[{"embeddable":true,"href":"https:\/\/treina.online\/index.php?rest_route=%2Fwp%2Fv2%2Fcomments&post=16911"}],"version-history":[{"count":0,"href":"https:\/\/treina.online\/index.php?rest_route=\/wp\/v2\/product\/16911\/revisions"}],"wp:attachment":[{"href":"https:\/\/treina.online\/index.php?rest_route=%2Fwp%2Fv2%2Fmedia&parent=16911"}],"wp:term":[{"taxonomy":"product_brand","embeddable":true,"href":"https:\/\/treina.online\/index.php?rest_route=%2Fwp%2Fv2%2Fproduct_brand&post=16911"},{"taxonomy":"product_cat","embeddable":true,"href":"https:\/\/treina.online\/index.php?rest_route=%2Fwp%2Fv2%2Fproduct_cat&post=16911"},{"taxonomy":"product_tag","embeddable":true,"href":"https:\/\/treina.online\/index.php?rest_route=%2Fwp%2Fv2%2Fproduct_tag&post=16911"}],"curies":[{"name":"wp","href":"https:\/\/api.w.org\/{rel}","templated":true}]}}