{"id":16910,"date":"2021-01-24T18:04:06","date_gmt":"2021-01-24T20:04:06","guid":{"rendered":"http:\/\/ecursos.treinaonline.com\/produto\/curso-de-fotografia-de-gestantes-bebes-e-newborn\/"},"modified":"2021-01-24T18:04:06","modified_gmt":"2021-01-24T20:04:06","slug":"curso-de-fotografia-de-gestantes-bebes-e-newborn","status":"publish","type":"product","link":"https:\/\/treina.online\/?product=curso-de-fotografia-de-gestantes-bebes-e-newborn","title":{"rendered":"Curso de Fotografia de Gestantes, Beb\u00eas e Newborn"},"content":{"rendered":"<p>Voc\u00ea aprende todos os processos que envolvem os ensaios de fam\u00edlia, especificamente Gestante, Newborn e Beb\u00eas, seja em est\u00fadio como em \u00e1reas externas ou na casa do cliente. Ser\u00e1 abordado o planejamento, cuidados necess\u00e1rios, ilumina\u00e7\u00e3o, p\u00f3s-produ\u00e7\u00e3o, e claro, muita pr\u00e1tica, para que voc\u00ea aprenda basicamente todos os processos que devem ser realizados.<\/p>\n<p>Sobre a carga hor\u00e1ria:<br \/>\nO curso possui 80 horas de carga hor\u00e1ria. Por\u00e9m, se for conclu\u00eddo antes de 5 dias, passa a ter 10 horas de carga hor\u00e1ria. Conforme nosso contrato e termos de uso.<\/p>\n","protected":false},"excerpt":{"rendered":"<p>Voc\u00ea aprende todos os processos que envolvem os ensaios de fam\u00edlia, especificamente Gestante, Newborn e Beb\u00eas, seja em est\u00fadio como em \u00e1reas externas ou na casa do cliente. Ser\u00e1 abordado o planejamento, cuidados necess\u00e1rios, ilumina\u00e7\u00e3o, p\u00f3s-produ\u00e7\u00e3o, e claro, muita pr\u00e1tica, para que voc\u00ea aprenda basicamente todos os processos que devem ser realizados. Sobre a carga hor\u00e1ria: O curso possui 80 [&hellip;]<\/p>\n","protected":false},"featured_media":0,"comment_status":"open","ping_status":"closed","template":"","meta":[],"product_brand":[],"product_cat":[222],"product_tag":[],"class_list":{"0":"post-16910","1":"product","2":"type-product","3":"status-publish","5":"product_cat-fotografia-e-video","6":"post","8":"first","9":"instock","10":"virtual","11":"sold-individually","12":"product-type-simple"},"_links":{"self":[{"href":"https:\/\/treina.online\/index.php?rest_route=\/wp\/v2\/product\/16910","targetHints":{"allow":["GET"]}}],"collection":[{"href":"https:\/\/treina.online\/index.php?rest_route=\/wp\/v2\/product"}],"about":[{"href":"https:\/\/treina.online\/index.php?rest_route=\/wp\/v2\/types\/product"}],"replies":[{"embeddable":true,"href":"https:\/\/treina.online\/index.php?rest_route=%2Fwp%2Fv2%2Fcomments&post=16910"}],"version-history":[{"count":0,"href":"https:\/\/treina.online\/index.php?rest_route=\/wp\/v2\/product\/16910\/revisions"}],"wp:attachment":[{"href":"https:\/\/treina.online\/index.php?rest_route=%2Fwp%2Fv2%2Fmedia&parent=16910"}],"wp:term":[{"taxonomy":"product_brand","embeddable":true,"href":"https:\/\/treina.online\/index.php?rest_route=%2Fwp%2Fv2%2Fproduct_brand&post=16910"},{"taxonomy":"product_cat","embeddable":true,"href":"https:\/\/treina.online\/index.php?rest_route=%2Fwp%2Fv2%2Fproduct_cat&post=16910"},{"taxonomy":"product_tag","embeddable":true,"href":"https:\/\/treina.online\/index.php?rest_route=%2Fwp%2Fv2%2Fproduct_tag&post=16910"}],"curies":[{"name":"wp","href":"https:\/\/api.w.org\/{rel}","templated":true}]}}